-- Data for Name: compra_detalle; Type: TABLE DATA; Schema: isos; Owner: uisos
--

INSERT INTO isos.compra_detalle (id_compra, id_empresa, cod_producto, id_unidadmedida, producto_descripcion, unidad_medida, cantidad, valor_unitario, importe_flete, porcentaje_descuento, factor_conversion, igv, tasa_cambio, item, precio_unitario, importe_bruto, valor_venta, igv_monto, descuento_bruto, peso_total, id_tipoafectacionigv) VALUES (3, 1, 'S000000006', 52, 'SERVICIO DE FLETE', 'GLOB', 1, 423.72881000000001, 0, 0, 1, 0.17999999999999999, 1, 1, 500, 423.72881000000001, 423.72881, 76.27119, 0, 0, 1);
INSERT INTO isos.compra_detalle (id_compra, id_empresa, cod_producto, id_unidadmedida, producto_descripcion, unidad_medida, cantidad, valor_unitario, importe_flete, porcentaje_descuento, factor_conversion, igv, tasa_cambio, item, precio_unitario, importe_bruto, valor_venta, igv_monto, descuento_bruto, peso_total, id_tipoafectacionigv) VALUES (2, 1, 'PD00000017', 31, 'PLANCHA GALVANIZADA 1/32"X1200X2400 (0.8MM)', 'PZA', 17, 12.71186, 0, 0, 1, 0.17999999999999999, 3.4, 1, 15, 216.10168999999999, 216.10169, 38.8983, 0, 0, 1);
INSERT INTO isos.compra_detalle (id_compra, id_empresa, cod_producto, id_unidadmedida, producto_descripcion, unidad_medida, cantidad, valor_unitario, importe_flete, porcentaje_descuento, factor_conversion, igv, tasa_cambio, item, precio_unitario, importe_bruto, valor_venta, igv_monto, descuento_bruto, peso_total, id_tipoafectacionigv) VALUES (4, 1, 'PD00000017', 31, 'PLANCHA GALVANIZADA 1/32"X1200X2400 (0.8MM)', 'PZA', 4, 105.93219999999999, 0, 0, 1, 0.17999999999999999, 1, 1, 125, 423.72881000000001, 423.72881, 76.27119, 0, 0, 1);
INSERT INTO isos.compra_detalle (id_compra, id_empresa, cod_producto, id_unidadmedida, producto_descripcion, unidad_medida, cantidad, valor_unitario, importe_flete, porcentaje_descuento, factor_conversion, igv, tasa_cambio, item, precio_unitario, importe_bruto, valor_venta, igv_monto, descuento_bruto, peso_total, id_tipoafectacionigv) VALUES (4, 1, 'PD00000017', 31, 'PLANCHA GALVANIZADA 1/32"X1200X2400 (0.8MM)', 'PZA', 6, 60.734459999999999, 0, 0, 1, 0.17999999999999999, 1, 3, 71.666669999999996, 364.40678000000003, 364.40678, 65.59322, 0, 0, 1);
INSERT INTO isos.compra_detalle (id_compra, id_empresa, cod_producto, id_unidadmedida, producto_descripcion, unidad_medida, cantidad, valor_unitario, importe_flete, porcentaje_descuento, factor_conversion, igv, tasa_cambio, item, precio_unitario, importe_bruto, valor_venta, igv_monto, descuento_bruto, peso_total, id_tipoafectacionigv) VALUES (4, 1, 'PD00000029', 31, 'PLANCHA INOXIDABLE C-304 0.60MMX1220X2440 2B (1/40)', 'PZA', 2, 25.423729999999999, 0, 0, 1, 0.17999999999999999, 1, 2, 30, 50.847459999999998, 50.84746, 9.15254, 0, 0, 1);
INSERT INTO isos.compra_detalle (id_compra, id_empresa, cod_producto, id_unidadmedida, producto_descripcion, unidad_medida, cantidad, valor_unitario, importe_flete, porcentaje_descuento, factor_conversion, igv, tasa_cambio, item, precio_unitario, importe_bruto, valor_venta, igv_monto, descuento_bruto, peso_total, id_tipoafectacionigv) VALUES (6, 1, 'PD00000475', 11, '3GDFGDFGDFG', 'CAJ', 10, 84.745760000000004, 0, 0, 2, 0.17999999999999999, 1, 1, 100, 847.45762999999999, 847.45763, 152.54237, 0, 0, 1);


--
-- TOC entry 3626 (class 0 OID 21445)
-- Dependencies: 225
-- Data for Name: concepto_detraccion; Type: TABLE DATA; Schema: isos; Owner: uisos
--

INSERT INTO isos.concepto_detraccion (id_concepto_detraccion, id_empresa, nombre, proporcion, fecha_creacion, usuario_creacion, fecha_modificacion, usuario_modificacion, estado, monto_minimo, codigo_sunat, codigo_ose, en_compra, en_venta) VALUES (1, 1, 'Fabricación de bienes por encargo', 0.12, '2019-12-28 14:25:03', 'WZAMORA', '2020-01-07 14:38:41.162', 'WZAMORA', 'A', 700, '025', '23', 1, 1);
INSERT INTO isos.concepto_detraccion (id_concepto_detraccion, id_empresa, nombre, proporcion, fecha_creacion, usuario_creacion, fecha_modificacion, usuario_modificacion, estado, monto_minimo, codigo_sunat, codigo_ose, en_compra, en_venta) VALUES (2, 1, 'Servicio de transporte de carga', 0.04, '2019-12-28 14:25:03', 'WZAMORA', '2020-04-21 09:30:07.688', 'WZAMORA', 'A', 400, '027', '25', 1, 1);


--
-- TOC entry 3621 (class 0 OID 21424)
-- Dependencies: 220
-- Data for Name: compra_detraccion; Type: TABLE DATA; Schema: isos; Owner: uisos
--



--
-- TOC entry 3622 (class 0 OID 21430)
-- Dependencies: 221
-- Data for Name: compra_flete; Type: TABLE DATA; Schema: isos; Owner: uisos
--

INSERT INTO isos.compra_flete (id_compra_flete, id_compra, id_flete, fecha_creacion, usuario_creacion) VALUES (1, 4, 3, '2020-03-14 13:45:06.588', 'WZAMORA');
INSERT INTO isos.compra_flete (id_compra_flete, id_compra, id_flete, fecha_creacion, usuario_creacion) VALUES (2, 2, 3, '2020-03-14 13:45:06.588', 'WZAMORA');


--
-- TOC entry 3623 (class 0 OID 21433)
-- Dependencies: 222
-- Data for Name: compra_flete_item; Type: TABLE DATA; Schema: isos; Owner: uisos
--

INSERT INTO isos.compra_flete_item (id_compra_flete, id_empresa, cod_producto, id_unidadmedida, item, cantidad, peso_total, importe_flete) VALUES (1, 1, 'PD00000017', 31, 1, 4, 74.439999999999998, 70.08756);
INSERT INTO isos.compra_flete_item (id_compra_flete, id_empresa, cod_producto, id_unidadmedida, item, cantidad, peso_total, importe_flete) VALUES (1, 1, 'PD00000029', 31, 2, 2, 28.579999999999998, 26.90895);
INSERT INTO isos.compra_flete_item (id_compra_flete, id_empresa, cod_producto, id_unidadmedida, item, cantidad, peso_total, importe_flete) VALUES (1, 1, 'PD00000017', 31, 3, 6, 111.66, 105.13134);
INSERT INTO isos.compra_flete_item (id_compra_flete, id_empresa, cod_producto, id_unidadmedida, item, cantidad, peso_total, importe_flete) VALUES (2, 1, 'PD00000017', 31, 1, 17, 316.37, 297.87214);


--
-- TOC entry 3624 (class 0 OID 21439)
-- Dependencies: 223
-- Data for Name: compra_guia; Type: TABLE DATA; Schema: isos; Owner: uisos
--



--
-- TOC entry 3625 (class 0 OID 21442)
-- Dependencies: 224
-- Data for Name: compra_nota_credito; Type: TABLE DATA; Schema: isos; Owner: uisos
--



--
-- TOC entry 3628 (class 0 OID 21457)
-- Dependencies: 227
-- Data for Name: contacto; Type: TABLE DATA; Schema: isos; Owner: uisos
--



--
-- TOC entry 3629 (class 0 OID 21461)
-- Dependencies: 228
-- Data for Name: credito; Type: TABLE DATA; Schema: isos; Owner: uisos
--

INSERT INTO isos.credito (id_credito, id_empresa, id_venta, id_tipomoneda, monto_origen, monto_inicial, monto_deuda, taza_interes, cuotas, ciclo, cantidad_ciclo, fecha, estado, fecha_creacion, usuario_creacion, fecha_modificacion, usuario_modificacion, observacion, id_cliente, tasa_cambio, cod_estado) VALUES (1, 1, 1, 1, 12000, 600, 11400, 0, 1, 'MES', 1, '2020-02-07 16:07:00', 'A', '2020-02-20 17:11:51.446', 'WZAMORA', NULL, NULL, NULL, 394, 1, 'PP');


--
-- TOC entry 3630 (class 0 OID 21464)
-- Dependencies: 229
-- Data for Name: credito_detalle; Type: TABLE DATA; Schema: isos; Owner: uisos
--

INSERT INTO isos.credito_detalle (id_credito, numero_cuota, fecha_pago, monto, tasa_interes, cod_estado, usuario_creacion, fecha_creacion, usuario_modificacion, fecha_modificacion, fecha_cancelacion) VALUES (1, 1, '2020-02-07', 11400, 0, 'PP', 'WZAMORA', '2020-02-20 17:11:51.446', NULL, NULL, NULL);


--
-- TOC entry 3631 (class 0 OID 21467)
-- Dependencies: 230
-- Data for Name: declaracion; Type: TABLE DATA; Schema: isos; Owner: uisos
--



--
-- TOC entry 3633 (class 0 OID 21476)
-- Dependencies: 232
-- Data for Name: deuda; Type: TABLE DATA; Schema: isos; Owner: uisos
--



--
-- TOC entry 3634 (class 0 OID 21479)
-- Dependencies: 233
-- Data for Name: deuda_detalle; Type: TABLE DATA; Schema: isos; Owner: uisos
--



--
-- TOC entry 3635 (class 0 OID 21485)
-- Dependencies: 234
-- Data for Name: direccion; Type: TABLE DATA; Schema: isos; Owner: uisos
--

INSERT INTO isos.direccion (id_direccion, direccion, referencia, es_principal, tabla_referencia, id_referencia, estado, codigo_ubigeo, fecha_creacion, usuario_creacion, fecha_modificacion, usuario_modificacion) VALUES (1, 'DFSFSDF ', 'SDFSDFSDFSDF', '0', 'CLIENTE', 395, 'A', '150102', '2019-12-06 16:16:59.745', 'WZAMORA', NULL, NULL);


--
-- TOC entry 3654 (class 0 OID 21591)
-- Dependencies: 253
-- Data for Name: item; Type: TABLE DATA; Schema: isos; Owner: uisos
--

INSERT INTO isos.item (id_item, descripcion) VALUES (4, 'FECHA');
INSERT INTO isos.item (id_item, descripcion) VALUES (5, 'TOTAL_LETRAS');
INSERT INTO isos.item (id_item, descripcion) VALUES (6, 'SERIE_CORRELATIVO');
INSERT INTO isos.item (id_item, descripcion) VALUES (7, 'SUB_TOTAL');
INSERT INTO isos.item (id_item, descripcion) VALUES (8, 'TOTAL');
INSERT INTO isos.item (id_item, descripcion) VALUES (9, 'PRODUCTO_CODIGO');
INSERT INTO isos.item (id_item, descripcion) VALUES (10, 'PRODUCTO_CANTIDAD');
INSERT INTO isos.item (id_item, descripcion) VALUES (11, 'PRODUCTO_DESCRIPCION');
INSERT INTO isos.item (id_item, descripcion) VALUES (12, 'PRODUCTO_PESO_UNITARIO');
INSERT INTO isos.item (id_item, descripcion) VALUES (13, 'PRODUCTO_PESO_TOTAL');
INSERT INTO isos.item (id_item, descripcion) VALUES (14, 'PRODUCTO_PRECIO_UNITARIO');
INSERT INTO isos.item (id_item, descripcion) VALUES (15, 'PRODUCTO_PRECIO_TOTAL');
INSERT INTO isos.item (id_item, descripcion) VALUES (16, 'PRODUCTO_UNIDAD_MEDIDA');
INSERT INTO isos.item (id_item, descripcion) VALUES (3, 'CLIENTE_DIRECCION');
INSERT INTO isos.item (id_item, descripcion) VALUES (2, 'CLIENTE_NUMERO_IDENTIDAD');
INSERT INTO isos.item (id_item, descripcion) VALUES (1, 'CLIENTE_NOMBRE');


--
-- TOC entry 3638 (class 0 OID 21499)
-- Dependencies: 237
-- Data for Name: documento_detalle; Type: TABLE DATA; Schema: isos; Owner: uisos
--

INSERT INTO isos.documento_detalle (id_documento, id_item, x, y, ancho, tamano_fuente, imprimir) VALUES (13, 1, 0, 0, 0, 0, 0);
INSERT INTO isos.documento_detalle (id_documento, id_item, x, y, ancho, tamano_fuente, imprimir) VALUES (13, 2, 0, 0, 0, 0, 0);
INSERT INTO isos.documento_detalle (id_documento, id_item, x, y, ancho, tamano_fuente, imprimir) VALUES (13, 3, 0, 0, 0, 0, 0);
INSERT INTO isos.documento_detalle (id_documento, id_item, x, y, ancho, tamano_fuente, imprimir) VALUES (13, 4, 0, 0, 0, 0, 0);
INSERT INTO isos.documento_detalle (id_documento, id_item, x, y, ancho, tamano_fuente, imprimir) VALUES (13, 5, 0, 0, 0, 0, 0);
INSERT INTO isos.documento_detalle (id_documento, id_item, x, y, ancho, tamano_fuente, imprimir) VALUES (13, 6, 0, 0, 0, 0, 0);
INSERT INTO isos.documento_detalle (id_documento, id_item, x, y, ancho, tamano_fuente, imprimir) VALUES (13, 7, 0, 0, 0, 0, 0);
INSERT INTO isos.documento_detalle (id_documento, id_item, x, y, ancho, tamano_fuente, imprimir) VALUES (13, 8, 0, 0, 0, 0, 0);
INSERT INTO isos.documento_detalle (id_documento, id_item, x, y, ancho, tamano_fuente, imprimir) VALUES (13, 9, 0, 0, 0, 0, 0);
INSERT INTO isos.documento_detalle (id_documento, id_item, x, y, ancho, tamano_fuente, imprimir) VALUES (13, 10, 0, 0, 0, 0, 0);
INSERT INTO isos.documento_detalle (id_documento, id_item, x, y, ancho, tamano_fuente, imprimir) VALUES (13, 11, 0, 0, 0, 0, 0);
INSERT INTO isos.documento_detalle (id_documento, id_item, x, y, ancho, tamano_fuente, imprimir) VALUES (13, 12, 0, 0, 0, 0, 0);
INSERT INTO isos.documento_detalle (id_documento, id_item, x, y, ancho, tamano_fuente, imprimir) VALUES (13, 13, 0, 0, 0, 0, 0);
INSERT INTO isos.documento_detalle (id_documento, id_item, x, y, ancho, tamano_fuente, imprimir) VALUES (13, 14, 0, 0, 0, 0, 0);
INSERT INTO isos.documento_detalle (id_documento, id_item, x, y, ancho, tamano_fuente, imprimir) VALUES (13, 15, 0, 0, 0, 0, 0);
INSERT INTO isos.documento_detalle (id_documento, id_item, x, y, ancho, tamano_fuente, imprimir) VALUES (13, 16, 0, 0, 0, 0, 0);


--
-- TOC entry 3639 (class 0 OID 21502)
-- Dependencies: 238
-- Data for Name: egreso; Type: TABLE DATA; Schema: isos; Owner: uisos
--



--
-- TOC entry 3642 (class 0 OID 21528)
-- Dependencies: 241
-- Data for Name: entidad_financiera; Type: TABLE DATA; Schema: isos; Owner: uisos
--

INSERT INTO isos.entidad_financiera (id_entidadfinanciera, nombre, tipo, codigo_sunat, estado, usuario_creacion, fecha_creacion, usuario_modificacion, fecha_modificacion, url) VALUES (18, 'BANCO FALABELLA S.A.', 'Banco', '54', 'A', 'WZAMORA', '2020-04-07 10:05:58.562', 'WZAMORA', '2020-04-20 19:12:37.485', 'https://www.bancofalabella.pe/');
INSERT INTO isos.entidad_financiera (id_entidadfinanciera, nombre, tipo, codigo_sunat, estado, usuario_creacion, fecha_creacion, usuario_modificacion, fecha_modificacion, url) VALUES (6, 'CITIBANK DEL PERU S.A.', 'Banco', '07', 'I', 'WZAMORA', '2020-04-07 10:05:58.562', 'JORTIZ', '2017-11-06 10:39:13.836', NULL);
INSERT INTO isos.entidad_financiera (id_entidadfinanciera, nombre, tipo, codigo_sunat, estado, usuario_creacion, fecha_creacion, usuario_modificacion, fecha_modificacion, url) VALUES (5, 'BBVA CONTINENTAL', 'Banco', '11', 'A', 'WZAMORA', '2020-04-07 10:05:58.562', 'JORTIZ', '2017-11-20 11:26:24.719', 'https://www.bbvacontinental.pe/');
INSERT INTO isos.entidad_financiera (id_entidadfinanciera, nombre, tipo, codigo_sunat, estado, usuario_creacion, fecha_creacion, usuario_modificacion, fecha_modificacion, url) VALUES (2, 'BANCO DE CREDITO DEL PERU (BCP)', 'Banco', '02', 'A', 'WZAMORA', '2020-04-07 10:05:58.562', 'JORTIZ', '2017-11-17 12:04:31.999', 'https://www.viabcp.com/');
INSERT INTO isos.entidad_financiera (id_entidadfinanciera, nombre, tipo, codigo_sunat, estado, usuario_creacion, fecha_creacion, usuario_modificacion, fecha_modificacion, url) VALUES (3, 'BANCO INTERAMERICANO DE FINANZAS (BANBIF)', 'Banco', '38', 'A', 'WZAMORA', '2020-04-07 10:05:58.562', 'JORTIZ', '2017-11-20 11:25:50.356', 'https://www.banbif.com.pe/');
INSERT INTO isos.entidad_financiera (id_entidadfinanciera, nombre, tipo, codigo_sunat, estado, usuario_creacion, fecha_creacion, usuario_modificacion, fecha_modificacion, url) VALUES (17, 'BANCO CREDISCOTIA', 'Banco', '43', 'A', 'WZAMORA', '2020-04-07 10:05:58.562', 'JORTIZ', '2018-03-12 11:54:15.991', 'http://www.crediscotia.com.pe/');
INSERT INTO isos.entidad_financiera (id_entidadfinanciera, nombre, tipo, codigo_sunat, estado, usuario_creacion, fecha_creacion, usuario_modificacion, fecha_modificacion, url) VALUES (16, 'BANCO CENTRAL DE RESERVA DEL PERU', 'Banco', '01', 'A', 'WZAMORA', '2020-04-07 10:05:58.562', 'JORTIZ', '2018-03-12 11:54:44.832', 'http://www.bcrp.gob.pe/');
INSERT INTO isos.entidad_financiera (id_entidadfinanciera, nombre, tipo, codigo_sunat, estado, usuario_creacion, fecha_creacion, usuario_modificacion, fecha_modificacion, url) VALUES (14, 'CMAC PIURA', 'Caja Municipal', '99', 'A', 'WZAMORA', '2020-04-07 10:05:58.562', 'JORTIZ', '2018-03-12 11:55:31.546', 'http://www.cajapiura.pe/');
INSERT INTO isos.entidad_financiera (id_entidadfinanciera, nombre, tipo, codigo_sunat, estado, usuario_creacion, fecha_creacion, usuario_modificacion, fecha_modificacion, url) VALUES (13, 'CMAC TRUJILLO', 'Caja Municipal', '99', 'A', 'WZAMORA', '2020-04-07 10:05:58.562', 'JORTIZ', '2018-03-12 11:55:43.784', 'http://www.cajatrujillo.com.pe/');
INSERT INTO isos.entidad_financiera (id_entidadfinanciera, nombre, tipo, codigo_sunat, estado, usuario_creacion, fecha_creacion, usuario_modificacion, fecha_modificacion, url) VALUES (12, 'BANCO DE LA NACION', 'Banco', '18', 'A', 'WZAMORA', '2020-04-07 10:05:58.562', 'JORTIZ', '2018-03-12 11:56:03.398', 'https://zonasegura1.bn.com.pe/BNWeb/Inicio');
INSERT INTO isos.entidad_financiera (id_entidadfinanciera, nombre, tipo, codigo_sunat, estado, usuario_creacion, fecha_creacion, usuario_modificacion, fecha_modificacion, url) VALUES (11, 'BANCO SANTANDER PERU', 'Banco', '56', 'A', 'WZAMORA', '2020-04-07 10:05:58.562', 'JORTIZ', '2018-03-12 11:56:20.576', 'https://www.santander.com.pe/');
INSERT INTO isos.entidad_financiera (id_entidadfinanciera, nombre, tipo, codigo_sunat, estado, usuario_creacion, fecha_creacion, usuario_modificacion, fecha_modificacion, url) VALUES (10, 'BANCO GNB PERU', 'Banco', '53', 'A', 'WZAMORA', '2020-04-07 10:05:58.562', 'JORTIZ', '2018-03-12 11:56:52.59', 'http://www.bancognb.com.pe/');
INSERT INTO isos.entidad_financiera (id_entidadfinanciera, nombre, tipo, codigo_sunat, estado, usuario_creacion, fecha_creacion, usuario_modificacion, fecha_modificacion, url) VALUES (9, 'SCOTIABANK PERU', 'Banco', '09', 'A', 'WZAMORA', '2020-04-07 10:05:58.562', 'JORTIZ', '2018-03-12 11:57:15.153', 'https://www.scotiabank.com.pe/');
INSERT INTO isos.entidad_financiera (id_entidadfinanciera, nombre, tipo, codigo_sunat, estado, usuario_creacion, fecha_creacion, usuario_modificacion, fecha_modificacion, url) VALUES (8, 'MIBANCO', 'Banco', '49', 'A', 'WZAMORA', '2020-04-07 10:05:58.562', 'JORTIZ', '2018-03-12 11:57:26.521', 'https://www.mibanco.com.pe/');
INSERT INTO isos.entidad_financiera (id_entidadfinanciera, nombre, tipo, codigo_sunat, estado, usuario_creacion, fecha_creacion, usuario_modificacion, fecha_modificacion, url) VALUES (7, 'INTERBANK', 'Banco', '03', 'A', 'WZAMORA', '2020-04-07 10:05:58.562', 'JORTIZ', '2018-03-12 11:57:56.507', 'https://interbank.pe/');
INSERT INTO isos.entidad_financiera (id_entidadfinanciera, nombre, tipo, codigo_sunat, estado, usuario_creacion, fecha_creacion, usuario_modificacion, fecha_modificacion, url) VALUES (4, 'BANCO FINANCIERO', 'Banco', '35', 'A', 'WZAMORA', '2020-04-07 10:05:58.562', 'JORTIZ', '2018-03-12 11:59:21.005', 'https://www.financiero.pe/');
INSERT INTO isos.entidad_financiera (id_entidadfinanciera, nombre, tipo, codigo_sunat, estado, usuario_creacion, fecha_creacion, usuario_modificacion, fecha_modificacion, url) VALUES (1, 'BANCO DE COMERCIO', 'Banco', '23', 'I', 'WZAMORA', '2020-04-07 10:05:58.562', 'JORTIZ', '2018-03-12 12:01:12.486', 'http://www.bancomercio.com/');
INSERT INTO isos.entidad_financiera (id_entidadfinanciera, nombre, tipo, codigo_sunat, estado, usuario_creacion, fecha_creacion, usuario_modificacion, fecha_modificacion, url) VALUES (20, 'BANCO AZTECA DEL PERÚ', 'Banco', '58', 'A', 'WZAMORA', '2020-04-07 10:05:58.562', 'WZAMORA', '2018-06-07 16:55:17.409', 'https://www.bancoazteca.com.pe');
INSERT INTO isos.entidad_financiera (id_entidadfinanciera, nombre, tipo, codigo_sunat, estado, usuario_creacion, fecha_creacion, usuario_modificacion, fecha_modificacion, url) VALUES (19, 'BANCO RIPLEY', 'Banco', '55', 'I', 'WZAMORA', '2020-04-07 10:05:58.562', 'WZAMORA', '2019-06-12 13:03:59.813', 'http://www.bancoripley.com.pe');
INSERT INTO isos.entidad_financiera (id_entidadfinanciera, nombre, tipo, codigo_sunat, estado, usuario_creacion, fecha_creacion, usuario_modificacion, fecha_modificacion, url) VALUES (15, 'CMAC SULLANA', 'Caja Municipal', '99', 'I', 'WZAMORA', '2020-04-07 10:05:58.562', 'WZAMORA', '2019-06-12 13:04:10.14', 'http://www.cajasullana.pe/');


--
-- TOC entry 3722 (class 0 OID 21922)
-- Dependencies: 321
-- Data for Name: tipo_cuenta; Type: TABLE DATA; Schema: isos; Owner: uisos
--

INSERT INTO isos.tipo_cuenta (id_tipocuenta, nombre, fecha_creacion, usuario_creacion, fecha_modificacion, usuario_modificacion, estado) VALUES (4, 'CUENTA DETRACCION', '2018-01-26 11:40:08.167', 'WZAMORA', '2019-02-27 18:25:42.436', 'WZAMORA', 'A');
INSERT INTO isos.tipo_cuenta (id_tipocuenta, nombre, fecha_creacion, usuario_creacion, fecha_modificacion, usuario_modificacion, estado) VALUES (1, 'CUENTA DE HABERES', '2018-01-26 11:40:08.167', 'WZAMORA', '2018-01-26 11:39:57.374', 'DCRUZ', 'A');
INSERT INTO isos.tipo_cuenta (id_tipocuenta, nombre, fecha_creacion, usuario_creacion, fecha_modificacion, usuario_modificacion, estado) VALUES (2, 'CUENTA DE AHORROS', '2018-01-26 11:40:08.167', 'WZAMORA', '2018-06-07 16:56:07.48', 'WZAMORA', 'A');
INSERT INTO isos.tipo_cuenta (id_tipocuenta, nombre, fecha_creacion, usuario_creacion, fecha_modificacion, usuario_modificacion, estado) VALUES (3, 'CUENTA CORRIENTE', '2018-01-26 11:40:08.167', 'WZAMORA', '2018-03-22 17:24:17.2', 'JORTIZ', 'A');


--
-- TOC entry 3641 (class 0 OID 21519)
-- Dependencies: 240
-- Data for Name: empresa_cuenta; Type: TABLE DATA; Schema: isos; Owner: uisos
--

INSERT INTO isos.empresa_cuenta (id_empresacuenta, id_empresa, id_entidadfinanciera, id_tipocuenta, id_tipomoneda, numero_cuenta, numero_cci, estado, fecha_creacion, usuario_creacion, fecha_modificacion, usuario_modificacion, nombre, nombre_corto, es_defecto, en_compra, en_venta, tipo, es_detraccion, registra_banco, descripcion) VALUES (17, 1, 2, 3, 1, '465456456', '5464564564', 'A', '2020-04-06 10:54:12.496', 'WZAMORA', '2020-04-06 14:09:05.725', 'WZAMORA', 'ERTERTERT', 'ERTERT', 0, 0, 1, 'BANCO', 0, 0, NULL);
INSERT INTO isos.empresa_cuenta (id_empresacuenta, id_empresa, id_entidadfinanciera, id_tipocuenta, id_tipomoneda, numero_cuenta, numero_cci, estado, fecha_creacion, usuario_creacion, fecha_modificacion, usuario_modificacion, nombre, nombre_corto, es_defecto, en_compra, en_venta, tipo, es_detraccion, registra_banco, descripcion) VALUES (2, 1, 12, 4, 1, '6964649645', '', 'A', '2018-01-26 11:48:11.405', 'DCRUZ', '2020-06-21 13:09:00.017', 'WZAMORA', 'BANCO DE LA NACION.CUENTA DETRACCION.SOLES', 'CUENTA DETRACCION', 0, 0, 1, 'BANCO', 1, 0, NULL);
INSERT INTO isos.empresa_cuenta (id_empresacuenta, id_empresa, id_entidadfinanciera, id_tipocuenta, id_tipomoneda, numero_cuenta, numero_cci, estado, fecha_creacion, usuario_creacion, fecha_modificacion, usuario_modificacion, nombre, nombre_corto, es_defecto, en_compra, en_venta, tipo, es_detraccion, registra_banco, descripcion) VALUES (1, 1, 2, 3, 1, '3052224603044', '002305222460304413', 'A', '2018-01-26 11:38:46.717', 'DCRUZ', '2020-06-21 13:09:05.325', 'WZAMORA', 'BANCO DE CREDITO DEL PERU (BCP).CUENTA CORRIENTE.SOLES', 'DEPOSITO BCP SOLES', 0, 1, 1, 'BANCO', 0, 1, NULL);
INSERT INTO isos.empresa_cuenta (id_empresacuenta, id_empresa, id_entidadfinanciera, id_tipocuenta, id_tipomoneda, numero_cuenta, numero_cci, estado, fecha_creacion, usuario_creacion, fecha_modificacion, usuario_modificacion, nombre, nombre_corto, es_defecto, en_compra, en_venta, tipo, es_detraccion, registra_banco, descripcion) VALUES (13, 1, 2, 1, 2, '', '', 'A', '2019-01-11 09:46:21.659', 'WZAMORA', '2020-06-21 13:09:48.29', 'WZAMORA', 'BANCO DE CREDITO DEL PERU (BCP).CUENTA DE HABERES.DÓLARES AMERICANOS', 'NC  DOLARES', 0, 0, 1, 'BANCO', 0, 0, NULL);
INSERT INTO isos.empresa_cuenta (id_empresacuenta, id_empresa, id_entidadfinanciera, id_tipocuenta, id_tipomoneda, numero_cuenta, numero_cci, estado, fecha_creacion, usuario_creacion, fecha_modificacion, usuario_modificacion, nombre, nombre_corto, es_defecto, en_compra, en_venta, tipo, es_detraccion, registra_banco, descripcion) VALUES (10, 1, NULL, NULL, 2, '', '', 'A', '2018-12-20 09:20:53.461', 'WZAMORA', '2020-06-21 13:09:53.593', 'WZAMORA', 'EFECTIVO.DÓLARES AMERICANOS', 'EFECTIVO DOLARES', 0, 1, 1, 'EFECTIVO', 0, 0, NULL);
INSERT INTO isos.empresa_cuenta (id_empresacuenta, id_empresa, id_entidadfinanciera, id_tipocuenta, id_tipomoneda, numero_cuenta, numero_cci, estado, fecha_creacion, usuario_creacion, fecha_modificacion, usuario_modificacion, nombre, nombre_corto, es_defecto, en_compra, en_venta, tipo, es_detraccion, registra_banco, descripcion) VALUES (12, 1, NULL, NULL, 1, '', '', 'A', '2019-01-08 13:02:07.295', 'WZAMORA', '2020-06-21 13:10:05.877', 'WZAMORA', 'NOTA_CREDITO.SOLES', 'NOTA CRÉDITO SOLES', 0, 0, 1, 'NOTA_CREDITO', 0, 0, NULL);
INSERT INTO isos.empresa_cuenta (id_empresacuenta, id_empresa, id_entidadfinanciera, id_tipocuenta, id_tipomoneda, numero_cuenta, numero_cci, estado, fecha_creacion, usuario_creacion, fecha_modificacion, usuario_modificacion, nombre, nombre_corto, es_defecto, en_compra, en_venta, tipo, es_detraccion, registra_banco, descripcion) VALUES (15, 1, NULL, NULL, 1, '', '', 'A', '2019-02-08 12:30:33.251', 'WZAMORA', '2020-06-21 13:10:11.566', 'WZAMORA', 'RETENCION.SOLES', 'RETENCION SOLES', 0, 0, 0, 'RETENCION', 0, 0, NULL);
INSERT INTO isos.empresa_cuenta (id_empresacuenta, id_empresa, id_entidadfinanciera, id_tipocuenta, id_tipomoneda, numero_cuenta, numero_cci, estado, fecha_creacion, usuario_creacion, fecha_modificacion, usuario_modificacion, nombre, nombre_corto, es_defecto, en_compra, en_venta, tipo, es_detraccion, registra_banco, descripcion) VALUES (9, 1, NULL, NULL, 1, '', '', 'A', '2018-12-19 18:23:03.511', 'WZAMORA', '2020-06-26 20:11:47.649', 'WZAMORA', 'EFECTIVO.SOLES', 'EFECTIVO SOLES', 1, 1, 1, 'EFECTIVO', 0, 0, 'r tyrtyrty rtyr');


--
-- TOC entry 3713 (class 0 OID 21883)
-- Dependencies: 312
-- Data for Name: sistema; Type: TABLE DATA; Schema: isos; Owner: uisos
--

INSERT INTO isos.sistema (sistema, descripcion, visibleweb, orden, estado, usuario_creacion, fecha_creacion, usuario_modificacion, fecha_modificacion) VALUES ('FINANZAS', 'FINANZAS', 1, 4, 'A', 'WZAMORA', '2018-12-13 12:06:24.258', NULL, NULL);
INSERT INTO isos.sistema (sistema, descripcion, visibleweb, orden, estado, usuario_creacion, fecha_creacion, usuario_modificacion, fecha_modificacion) VALUES ('CONFIGURACION', 'Configuración General', 1, 0, 'A', NULL, NULL, 'WZAMORA', '2019-05-13 09:32:53.616');
INSERT INTO isos.sistema (sistema, descripcion, visibleweb, orden, estado, usuario_creacion, fecha_creacion, usuario_modificacion, fecha_modificacion) VALUES ('COMERCIAL', 'Sistema Comercial', 1, 1, 'A', NULL, NULL, 'WZAMORA', '2019-05-13 09:35:28.552');
INSERT INTO isos.sistema (sistema, descripcion, visibleweb, orden, estado, usuario_creacion, fecha_creacion, usuario_modificacion, fecha_modificacion) VALUES ('CONTABLE', 'Sistema Contable', 1, 3, 'I', 'WZAMORA', '2018-11-10 10:07:08.432', 'WZAMORA', '2019-05-13 10:24:42.892');
INSERT INTO isos.sistema (sistema, descripcion, visibleweb, orden, estado, usuario_creacion, fecha_creacion, usuario_modificacion, fecha_modificacion) VALUES ('REPORTES', 'Conjunto de Reportes', 1, 2, 'A', 'JORTIZ', '2018-03-28 16:53:57.895', 'WZAMORA', '2019-05-13 10:27:27.288');


--
-- TOC entry 3669 (class 0 OID 21652)
-- Dependencies: 268
-- Data for Name: modulo; Type: TABLE DATA; Schema: isos; Owner: uisos
--

INSERT INTO isos.modulo (modulo, sistema, descripcion, usuario_creacion, fecha_creacion, usuario_modificacion, fecha_modificacion) VALUES ('DEUDA', 'COMERCIAL', 'DEUDAPROVEEDOR', 'WZAMORA', '2018-05-24 18:09:50.196', NULL, NULL);
INSERT INTO isos.modulo (modulo, sistema, descripcion, usuario_creacion, fecha_creacion, usuario_modificacion, fecha_modificacion) VALUES ('NOTADEBITO', 'COMERCIAL', 'NOTADEBITO', 'WZAMORA', '2019-04-29 15:17:53.974', NULL, NULL);
INSERT INTO isos.modulo (modulo, sistema, descripcion, usuario_creacion, fecha_creacion, usuario_modificacion, fecha_modificacion) VALUES ('NOTADEBITO_R', 'COMERCIAL', 'NOTADEBITO_E', 'WZAMORA', '2019-04-29 15:18:17.687', NULL, NULL);
INSERT INTO isos.modulo (modulo, sistema, descripcion, usuario_creacion, fecha_creacion, usuario_modificacion, fecha_modificacion) VALUES ('LINEACREDITO', 'COMERCIAL', 'CONFIGURAR LINEA CREDITO', 'WZAMORA', '2018-05-24 18:09:50.196', NULL, NULL);
INSERT INTO isos.modulo (modulo, sistema, descripcion, usuario_creacion, fecha_creacion, usuario_modificacion, fecha_modificacion) VALUES ('MANTCOMERCIAL', 'COMERCIAL', '', 'WZAMORA', '2018-05-24 18:09:50.196', NULL, NULL);
INSERT INTO isos.modulo (modulo, sistema, descripcion, usuario_creacion, fecha_creacion, usuario_modificacion, fecha_modificacion) VALUES ('ORDENCOMPRA', 'COMERCIAL', 'ORDEN DE COMPRA', 'WZAMORA', '2018-05-24 18:09:50.196', NULL, NULL);
INSERT INTO isos.modulo (modulo, sistema, descripcion, usuario_creacion, fecha_creacion, usuario_modificacion, fecha_modificacion) VALUES ('GUIA', 'COMERCIAL', 'GUIA', 'WZAMORA', '2018-05-24 18:09:50.196', NULL, NULL);
INSERT INTO isos.modulo (modulo, sistema, descripcion, usuario_creacion, fecha_creacion, usuario_modificacion, fecha_modificacion) VALUES ('PRODUCTO', 'COMERCIAL', 'Mantenimiento de Producto', 'WZAMORA', '2018-05-24 18:09:50.196', NULL, NULL);
INSERT INTO isos.modulo (modulo, sistema, descripcion, usuario_creacion, fecha_creacion, usuario_modificacion, fecha_modificacion) VALUES ('INVENTARIO', 'COMERCIAL', 'INVENTARIO', 'WZAMORA', '2018-05-24 18:09:50.196', NULL, NULL);
INSERT INTO isos.modulo (modulo, sistema, descripcion, usuario_creacion, fecha_creacion, usuario_modificacion, fecha_modificacion) VALUES ('PROVEEDOR', 'COMERCIAL', 'Mantenimiento de Proveedor', 'WZAMORA', '2018-05-24 18:09:50.196', NULL, NULL);
INSERT INTO isos.modulo (modulo, sistema, descripcion, usuario_creacion, fecha_creacion, usuario_modificacion, fecha_modificacion) VALUES ('REG_COMPRA', 'COMERCIAL', 'DOCUMENTO DE COMPRA', 'WZAMORA', '2018-05-24 18:09:50.196', NULL, NULL);
INSERT INTO isos.modulo (modulo, sistema, descripcion, usuario_creacion, fecha_creacion, usuario_modificacion, fecha_modificacion) VALUES ('SOLICITUDCOMPRA', 'COMERCIAL', 'Solicitud de Cotización de Artículos en Proveedor', 'WZAMORA', '2018-05-24 18:09:50.196', NULL, NULL);
INSERT INTO isos.modulo (modulo, sistema, descripcion, usuario_creacion, fecha_creacion, usuario_modificacion, fecha_modificacion) VALUES ('SUBCLASE', 'COMERCIAL', 'SUBCLASE', 'WZAMORA', '2018-05-24 18:09:50.196', NULL, NULL);
INSERT INTO isos.modulo (modulo, sistema, descripcion, usuario_creacion, fecha_creacion, usuario_modificacion, fecha_modificacion) VALUES ('CLIENTE', 'COMERCIAL', 'CLIENTE', 'WZAMORA', '2018-05-24 18:09:50.196', NULL, NULL);
INSERT INTO isos.modulo (modulo, sistema, descripcion, usuario_creacion, fecha_creacion, usuario_modificacion, fecha_modificacion) VALUES ('COMPRA', 'COMERCIAL', 'COMPRA', 'WZAMORA', '2018-05-24 18:09:50.196', NULL, NULL);
INSERT INTO isos.modulo (modulo, sistema, descripcion, usuario_creacion, fecha_creacion, usuario_modificacion, fecha_modificacion) VALUES ('TRANSFERENCIA', 'COMERCIAL', 'TRANSFERENCIA', 'WZAMORA', '2018-05-24 18:09:50.196', NULL, NULL);
INSERT INTO isos.modulo (modulo, sistema, descripcion, usuario_creacion, fecha_creacion, usuario_modificacion, fecha_modificacion) VALUES ('PROFORMA', 'COMERCIAL', 'PROFORMA', 'WZAMORA', '2018-05-24 18:09:50.196', NULL, NULL);
INSERT INTO isos.modulo (modulo, sistema, descripcion, usuario_creacion, fecha_creacion, usuario_modificacion, fecha_modificacion) VALUES ('FINANZAS', 'COMERCIAL', 'Finanzas', 'WZAMORA', '2018-05-24 18:09:50.196', NULL, NULL);
INSERT INTO isos.modulo (modulo, sistema, descripcion, usuario_creacion, fecha_creacion, usuario_modificacion, fecha_modificacion) VALUES ('EGRESO', 'COMERCIAL', 'EGRESO', 'WZAMORA', '2018-05-24 18:09:50.196', NULL, NULL);
INSERT INTO isos.modulo (modulo, sistema, descripcion, usuario_creacion, fecha_creacion, usuario_modificacion, fecha_modificacion) VALUES ('REPORTES', 'REPORTES', 'REPORTES', 'WZAMORA', '2018-05-24 18:09:50.196', NULL, NULL);
INSERT INTO isos.modulo (modulo, sistema, descripcion, usuario_creacion, fecha_creacion, usuario_modificacion, fecha_modificacion) VALUES ('RPTGRAFICOS', 'REPORTES', 'Reportes Gráficos', 'WZAMORA', '2018-05-24 18:09:50.196', NULL, NULL);
INSERT INTO isos.modulo (modulo, sistema, descripcion, usuario_creacion, fecha_creacion, usuario_modificacion, fecha_modificacion) VALUES ('RPTINFORMES', 'REPORTES', 'Reporte Informes', 'WZAMORA', '2018-05-24 18:09:50.196', NULL, NULL);
INSERT INTO isos.modulo (modulo, sistema, descripcion, usuario_creacion, fecha_creacion, usuario_modificacion, fecha_modificacion) VALUES ('GASTOS', 'COMERCIAL', 'GASTOS', 'WZAMORA', '2018-05-24 18:09:50.196', NULL, NULL);
INSERT INTO isos.modulo (modulo, sistema, descripcion, usuario_creacion, fecha_creacion, usuario_modificacion, fecha_modificacion) VALUES ('FLETE', 'COMERCIAL', 'FLETE', 'WZAMORA', '2018-05-24 18:09:50.196', NULL, NULL);
INSERT INTO isos.modulo (modulo, sistema, descripcion, usuario_creacion, fecha_creacion, usuario_modificacion, fecha_modificacion) VALUES ('NOTADEBITO_E', 'COMERCIAL', 'NOTADEBITO', 'WZAMORA', '2019-04-29 15:18:04.548', NULL, NULL);
INSERT INTO isos.modulo (modulo, sistema, descripcion, usuario_creacion, fecha_creacion, usuario_modificacion, fecha_modificacion) VALUES ('CREDITO', 'COMERCIAL', 'Créditos a Clientes', 'WZAMORA', '2018-05-26 08:44:55.185', NULL, NULL);
INSERT INTO isos.modulo (modulo, sistema, descripcion, usuario_creacion, fecha_creacion, usuario_modificacion, fecha_modificacion) VALUES ('VENTA', 'COMERCIAL', 'REGISTRO DE VENTAS', 'WZAMORA', '2018-05-24 18:09:50.196', 'WZAMORA', '2018-06-07 16:43:21.517');
INSERT INTO isos.modulo (modulo, sistema, descripcion, usuario_creacion, fecha_creacion, usuario_modificacion, fecha_modificacion) VALUES ('NC_RECEPCION', 'COMERCIAL', 'Nota Credito Recepcion', 'WZAMORA', '2018-08-23 12:30:50.868', NULL, NULL);
INSERT INTO isos.modulo (modulo, sistema, descripcion, usuario_creacion, fecha_creacion, usuario_modificacion, fecha_modificacion) VALUES ('NC_EMISION', 'COMERCIAL', 'Nota de crédito emisión', 'WZAMORA', '2018-08-23 12:31:34.946', NULL, NULL);
INSERT INTO isos.modulo (modulo, sistema, descripcion, usuario_creacion, fecha_creacion, usuario_modificacion, fecha_modificacion) VALUES ('NOTACREDITO', 'COMERCIAL', 'Nota Credito', 'WZAMORA', '2018-06-30 13:04:54.626', NULL, NULL);
INSERT INTO isos.modulo (modulo, sistema, descripcion, usuario_creacion, fecha_creacion, usuario_modificacion, fecha_modificacion) VALUES ('KARDEXSIMPLE', 'COMERCIAL', 'KARDEXSIMPLE', 'WZAMORA', '2018-11-06 11:16:39.965', NULL, NULL);
INSERT INTO isos.modulo (modulo, sistema, descripcion, usuario_creacion, fecha_creacion, usuario_modificacion, fecha_modificacion) VALUES ('KARDEXVALORADO', 'COMERCIAL', 'KARDEX VALORADO', 'WZAMORA', '2018-11-06 14:45:08.472', NULL, NULL);
INSERT INTO isos.modulo (modulo, sistema, descripcion, usuario_creacion, fecha_creacion, usuario_modificacion, fecha_modificacion) VALUES ('CONFIGCONTA', 'CONTABLE', 'Configuración Contable', 'WZAMORA', '2018-11-10 10:47:29.721', NULL, NULL);
INSERT INTO isos.modulo (modulo, sistema, descripcion, usuario_creacion, fecha_creacion, usuario_modificacion, fecha_modificacion) VALUES ('CAJA', 'FINANZAS', 'CAJA', 'WZAMORA', '2018-12-14 11:34:51.723', NULL, NULL);
INSERT INTO isos.modulo (modulo, sistema, descripcion, usuario_creacion, fecha_creacion, usuario_modificacion, fecha_modificacion) VALUES ('EMPRESACUENTA', 'FINANZAS', 'EMPRESACUENTA', 'WZAMORA', '2018-12-17 10:28:16.937', NULL, NULL);
INSERT INTO isos.modulo (modulo, sistema, descripcion, usuario_creacion, fecha_creacion, usuario_modificacion, fecha_modificacion) VALUES ('CAJACHICA', 'FINANZAS', 'CAJACHICA', 'WZAMORA', '2018-12-18 12:01:26.859', NULL, NULL);
INSERT INTO isos.modulo (modulo, sistema, descripcion, usuario_creacion, fecha_creacion, usuario_modificacion, fecha_modificacion) VALUES ('DIARIO', 'FINANZAS', 'DIARIO', 'WZAMORA', '2018-12-19 13:01:46.603', NULL, NULL);
INSERT INTO isos.modulo (modulo, sistema, descripcion, usuario_creacion, fecha_creacion, usuario_modificacion, fecha_modificacion) VALUES ('DIARIODETALLE', 'FINANZAS', 'DIARIODETALLE', 'WZAMORA', '2018-12-21 10:59:09.389', NULL, NULL);
INSERT INTO isos.modulo (modulo, sistema, descripcion, usuario_creacion, fecha_creacion, usuario_modificacion, fecha_modificacion) VALUES ('EMPRESA', 'CONFIGURACION', 'EMPRESA', 'WZAMORA', '2018-05-24 18:09:50.196', NULL, NULL);
INSERT INTO isos.modulo (modulo, sistema, descripcion, usuario_creacion, fecha_creacion, usuario_modificacion, fecha_modificacion) VALUES ('ESTADO', 'CONFIGURACION', 'ESTADO', 'WZAMORA', '2018-05-24 18:09:50.196', NULL, NULL);
INSERT INTO isos.modulo (modulo, sistema, descripcion, usuario_creacion, fecha_creacion, usuario_modificacion, fecha_modificacion) VALUES ('LINEA', 'CONFIGURACION', 'LÍNEA', 'WZAMORA', '2018-05-24 18:09:50.196', NULL, NULL);
INSERT INTO isos.modulo (modulo, sistema, descripcion, usuario_creacion, fecha_creacion, usuario_modificacion, fecha_modificacion) VALUES ('LOCALIDAD', 'CONFIGURACION', 'LOCALIDAD', 'WZAMORA', '2018-05-24 18:09:50.196', NULL, NULL);
INSERT INTO isos.modulo (modulo, sistema, descripcion, usuario_creacion, fecha_creacion, usuario_modificacion, fecha_modificacion) VALUES ('MANTENIMIENTO', 'CONFIGURACION', '', 'WZAMORA', '2018-05-24 18:09:50.196', NULL, NULL);
INSERT INTO isos.modulo (modulo, sistema, descripcion, usuario_creacion, fecha_creacion, usuario_modificacion, fecha_modificacion) VALUES ('MARCA', 'CONFIGURACION', 'Mantenimiento de marcas', 'WZAMORA', '2018-05-24 18:09:50.196', NULL, NULL);
INSERT INTO isos.modulo (modulo, sistema, descripcion, usuario_creacion, fecha_creacion, usuario_modificacion, fecha_modificacion) VALUES ('MENU', 'CONFIGURACION', 'Mantenimiento de menúes', 'WZAMORA', '2018-05-24 18:09:50.196', NULL, NULL);
INSERT INTO isos.modulo (modulo, sistema, descripcion, usuario_creacion, fecha_creacion, usuario_modificacion, fecha_modificacion) VALUES ('MODULO', 'CONFIGURACION', 'Mantenimiento de módulos', 'WZAMORA', '2018-05-24 18:09:50.196', NULL, NULL);
INSERT INTO isos.modulo (modulo, sistema, descripcion, usuario_creacion, fecha_creacion, usuario_modificacion, fecha_modificacion) VALUES ('PERFIL', 'CONFIGURACION', 'Mantenimiento de perfiles', 'WZAMORA', '2018-05-24 18:09:50.196', NULL, NULL);
INSERT INTO isos.modulo (modulo, sistema, descripcion, usuario_creacion, fecha_creacion, usuario_modificacion, fecha_modificacion) VALUES ('PUNTOVENTA', 'CONFIGURACION', 'PUNTOVENTA', 'WZAMORA', '2018-05-24 18:09:50.196', NULL, NULL);
INSERT INTO isos.modulo (modulo, sistema, descripcion, usuario_creacion, fecha_creacion, usuario_modificacion, fecha_modificacion) VALUES ('RAIZ_ISOS', 'CONFIGURACION', 'Mantenimiento general', 'WZAMORA', '2018-05-24 18:09:50.196', NULL, NULL);
INSERT INTO isos.modulo (modulo, sistema, descripcion, usuario_creacion, fecha_creacion, usuario_modificacion, fecha_modificacion) VALUES ('SISTEMA', 'CONFIGURACION', 'Mantenimiento de sistemas', 'WZAMORA', '2018-05-24 18:09:50.196', NULL, NULL);
INSERT INTO isos.modulo (modulo, sistema, descripcion, usuario_creacion, fecha_creacion, usuario_modificacion, fecha_modificacion) VALUES ('TCAMBIO', 'CONFIGURACION', 'TIPO DE CAMBIO', 'WZAMORA', '2018-05-24 18:09:50.196', NULL, NULL);
INSERT INTO isos.modulo (modulo, sistema, descripcion, usuario_creacion, fecha_creacion, usuario_modificacion, fecha_modificacion) VALUES ('TCUENTA', 'CONFIGURACION', 'TIPO DE CUENTA', 'WZAMORA', '2018-05-24 18:09:50.196', NULL, NULL);
INSERT INTO isos.modulo (modulo, sistema, descripcion, usuario_creacion, fecha_creacion, usuario_modificacion, fecha_modificacion) VALUES ('TIPODOCUMENTO', 'CONFIGURACION', 'TIPO DE DOCUMENTO', 'WZAMORA', '2018-05-24 18:09:50.196', NULL, NULL);
INSERT INTO isos.modulo (modulo, sistema, descripcion, usuario_creacion, fecha_creacion, usuario_modificacion, fecha_modificacion) VALUES ('TMONEDA', 'CONFIGURACION', 'TIPO DE MONEDA', 'WZAMORA', '2018-05-24 18:09:50.196', NULL, NULL);
INSERT INTO isos.modulo (modulo, sistema, descripcion, usuario_creacion, fecha_creacion, usuario_modificacion, fecha_modificacion) VALUES ('TPAGO', 'CONFIGURACION', 'TIPO DE PAGO', 'WZAMORA', '2018-05-24 18:09:50.196', NULL, NULL);
INSERT INTO isos.modulo (modulo, sistema, descripcion, usuario_creacion, fecha_creacion, usuario_modificacion, fecha_modificacion) VALUES ('UNIDADMEDIDA', 'CONFIGURACION', 'UNIDAD DE MEDIDA', 'WZAMORA', '2018-05-24 18:09:50.196', NULL, NULL);
INSERT INTO isos.modulo (modulo, sistema, descripcion, usuario_creacion, fecha_creacion, usuario_modificacion, fecha_modificacion) VALUES ('ACTIVIDADECONOM', 'CONFIGURACION', 'ACTIVIDAD ECONÓMICA', 'WZAMORA', '2018-05-24 18:09:50.196', NULL, NULL);
INSERT INTO isos.modulo (modulo, sistema, descripcion, usuario_creacion, fecha_creacion, usuario_modificacion, fecha_modificacion) VALUES ('FORMAPAGO', 'CONFIGURACION', 'FORMA DE PAGO', 'WZAMORA', '2018-05-24 18:09:50.196', NULL, NULL);
INSERT INTO isos.modulo (modulo, sistema, descripcion, usuario_creacion, fecha_creacion, usuario_modificacion, fecha_modificacion) VALUES ('MIPERFIL', 'CONFIGURACION', 'Perfil de usuario', 'WZAMORA', '2018-05-24 18:09:50.196', NULL, NULL);
INSERT INTO isos.modulo (modulo, sistema, descripcion, usuario_creacion, fecha_creacion, usuario_modificacion, fecha_modificacion) VALUES ('TRABAJADOR', 'CONFIGURACION', 'MANTENIMIENTO DEL TRABAJADOR', 'WZAMORA', '2018-05-24 18:09:50.196', NULL, NULL);
INSERT INTO isos.modulo (modulo, sistema, descripcion, usuario_creacion, fecha_creacion, usuario_modificacion, fecha_modificacion) VALUES ('ENTIDADFINANCIE', 'CONFIGURACION', 'ENTIDAD FINANCIERA', 'WZAMORA', '2018-05-24 18:09:50.196', NULL, NULL);
INSERT INTO isos.modulo (modulo, sistema, descripcion, usuario_creacion, fecha_creacion, usuario_modificacion, fecha_modificacion) VALUES ('CONFIGIMPRESION', 'CONFIGURACION', 'CONFIGURACION DE IMPRESION', 'WZAMORA', '2018-05-24 18:09:50.196', NULL, NULL);
INSERT INTO isos.modulo (modulo, sistema, descripcion, usuario_creacion, fecha_creacion, usuario_modificacion, fecha_modificacion) VALUES ('TIPOTRIBUTO', 'CONFIGURACION', 'TIPOTRIBUTO', 'WZAMORA', '2018-12-03 17:44:35.156', NULL, NULL);
INSERT INTO isos.modulo (modulo, sistema, descripcion, usuario_creacion, fecha_creacion, usuario_modificacion, fecha_modificacion) VALUES ('TIPOIDENTIDAD', 'CONFIGURACION', 'Tipo Identidad', 'WZAMORA', '2019-01-07 11:22:24.482', NULL, NULL);
INSERT INTO isos.modulo (modulo, sistema, descripcion, usuario_creacion, fecha_creacion, usuario_modificacion, fecha_modificacion) VALUES ('CONDICIONPAGO', 'CONFIGURACION', 'Condición de Pago', 'WZAMORA', '2019-05-14 12:22:42.51', NULL, NULL);
INSERT INTO isos.modulo (modulo, sistema, descripcion, usuario_creacion, fecha_creacion, usuario_modificacion, fecha_modificacion) VALUES ('CONDICIONVENTA', 'CONFIGURACION', 'Condición de Pago Venta', 'WZAMORA', '2019-05-14 12:40:14.82', NULL, NULL);
INSERT INTO isos.modulo (modulo, sistema, descripcion, usuario_creacion, fecha_creacion, usuario_modificacion, fecha_modificacion) VALUES ('ALERTAS', 'CONFIGURACION', 'Sistema de alertas', 'WZAMORA', '2019-05-16 12:11:08.589', NULL, NULL);
INSERT INTO isos.modulo (modulo, sistema, descripcion, usuario_creacion, fecha_creacion, usuario_modificacion, fecha_modificacion) VALUES ('PEDIDOVENTA', 'COMERCIAL', 'PEDIDOVENTA', 'WZAMORA', '2019-05-27 10:50:23.77', NULL, NULL);
INSERT INTO isos.modulo (modulo, sistema, descripcion, usuario_creacion, fecha_creacion, usuario_modificacion, fecha_modificacion) VALUES ('ALMACEN', 'COMERCIAL', 'ALMACEN', 'WZAMORA', '2018-05-24 18:09:50.196', NULL, '2017-11-03 10:35:21.695');
INSERT INTO isos.modulo (modulo, sistema, descripcion, usuario_creacion, fecha_creacion, usuario_modificacion, fecha_modificacion) VALUES ('CLASE', 'CONFIGURACION', 'CLASE', 'WZAMORA', '2018-05-24 18:09:50.196', NULL, '2017-11-24 10:22:21.565');
INSERT INTO isos.modulo (modulo, sistema, descripcion, usuario_creacion, fecha_creacion, usuario_modificacion, fecha_modificacion) VALUES ('CONFIGURA', 'CONFIGURACION', 'CONFIGURACIÓN GENERAL', 'WZAMORA', '2018-05-24 18:09:50.196', NULL, '2017-12-05 09:18:35.04');
INSERT INTO isos.modulo (modulo, sistema, descripcion, usuario_creacion, fecha_creacion, usuario_modificacion, fecha_modificacion) VALUES ('USUARIO', 'CONFIGURACION', 'MANTENIMIENTO DE USUARIOS', 'WZAMORA', '2018-05-24 18:09:50.196', NULL, '2017-12-05 12:53:52.24');
INSERT INTO isos.modulo (modulo, sistema, descripcion, usuario_creacion, fecha_creacion, usuario_modificacion, fecha_modificacion) VALUES ('NOTACREDITO_R', 'COMERCIAL', 'NOTA DE CRÉDITO RECEPCIÓN', 'WZAMORA', '2019-02-21 16:44:01.798', NULL, NULL);
INSERT INTO isos.modulo (modulo, sistema, descripcion, usuario_creacion, fecha_creacion, usuario_modificacion, fecha_modificacion) VALUES ('NOTACREDITO_E', 'COMERCIAL', 'NOTA DE CRÉDITO EMISIÓN', 'WZAMORA', '2019-02-21 16:44:24.645', NULL, NULL);
INSERT INTO isos.modulo (modulo, sistema, descripcion, usuario_creacion, fecha_creacion, usuario_modificacion, fecha_modificacion) VALUES ('CONSULTAPRECIOS', 'COMERCIAL', 'Consulta de precios de productos', 'WZAMORA', '2019-02-18 11:55:32.763', NULL, NULL);
INSERT INTO isos.modulo (modulo, sistema, descripcion, usuario_creacion, fecha_creacion, usuario_modificacion, fecha_modificacion) VALUES ('NOTIFICACIONES', 'CONFIGURACION', 'Modulo de notificaciones', 'WZAMORA', '2019-06-17 10:28:17.898', 'WZAMORA', '2019-06-17 11:10:58.654');
INSERT INTO isos.modulo (modulo, sistema, descripcion, usuario_creacion, fecha_creacion, usuario_modificacion, fecha_modificacion) VALUES ('RECEPCION', 'COMERCIAL', 'Recepción de mercaderia', 'WZAMORA', '2019-07-30 15:43:22.005', NULL, NULL);
INSERT INTO isos.modulo (modulo, sistema, descripcion, usuario_creacion, fecha_creacion, usuario_modificacion, fecha_modificacion) VALUES ('UNSPSC', 'CONFIGURACION', 'Código producto sunat', 'WZAMORA', '2019-10-16 11:25:36.866', NULL, NULL);
INSERT INTO isos.modulo (modulo, sistema, descripcion, usuario_creacion, fecha_creacion, usuario_modificacion, fecha_modificacion) VALUES ('GUIAEMISION', 'COMERCIAL', 'Salidas con Guia', 'WZAMORA', '2018-08-09 16:08:43.038', NULL, NULL);
INSERT INTO isos.modulo (modulo, sistema, descripcion, usuario_creacion, fecha_creacion, usuario_modificacion, fecha_modificacion) VALUES ('GUIARECEPCION', 'COMERCIAL', 'Entradas con Guia', 'WZAMORA', '2018-08-09 16:09:15.129', NULL, NULL);
INSERT INTO isos.modulo (modulo, sistema, descripcion, usuario_creacion, fecha_creacion, usuario_modificacion, fecha_modificacion) VALUES ('DETRACCION', 'COMERCIAL', 'Detracción', 'WZAMORA', '2019-12-30 09:18:36.234', NULL, NULL);
INSERT INTO isos.modulo (modulo, sistema, descripcion, usuario_creacion, fecha_creacion, usuario_modificacion, fecha_modificacion) VALUES ('DETRACCION_C', 'COMERCIAL', 'Detracción compras', 'WZAMORA', '2019-12-30 09:21:11.319', NULL, NULL);
INSERT INTO isos.modulo (modulo, sistema, descripcion, usuario_creacion, fecha_creacion, usuario_modificacion, fecha_modificacion) VALUES ('DETRACCION_V', 'COMERCIAL', 'Detracción ventas', 'WZAMORA', '2019-12-30 09:21:32.06', NULL, NULL);
INSERT INTO isos.modulo (modulo, sistema, descripcion, usuario_creacion, fecha_creacion, usuario_modificacion, fecha_modificacion) VALUES ('CONCEPTODETRACCION', 'CONFIGURACION', 'CONCEPTODETRACCION', 'WZAMORA', '2020-01-07 12:22:38.425', NULL, NULL);
INSERT INTO isos.modulo (modulo, sistema, descripcion, usuario_creacion, fecha_creacion, usuario_modificacion, fecha_modificacion) VALUES ('TIPOOPERACION', 'CONFIGURACION', 'Tipo de operación', 'WZAMORA', '2020-01-07 17:17:09.751', NULL, NULL);
INSERT INTO isos.modulo (modulo, sistema, descripcion, usuario_creacion, fecha_creacion, usuario_modificacion, fecha_modificacion) VALUES ('PROYECTO', 'COMERCIAL', 'PROYECTO', 'WZAMORA', '2020-01-10 12:41:11.48', NULL, NULL);
INSERT INTO isos.modulo (modulo, sistema, descripcion, usuario_creacion, fecha_creacion, usuario_modificacion, fecha_modificacion) VALUES ('ORDENTRABAJO', 'COMERCIAL', 'Orden de trabajo Servicio', 'WZAMORA', '2020-01-10 12:41:45.808', NULL, NULL);
INSERT INTO isos.modulo (modulo, sistema, descripcion, usuario_creacion, fecha_creacion, usuario_modificacion, fecha_modificacion) VALUES ('DASHBOARD', 'COMERCIAL', 'DASHBOARD', 'WZAMORA', '2020-02-06 15:38:07.887', NULL, NULL);
INSERT INTO isos.modulo (modulo, sistema, descripcion, usuario_creacion, fecha_creacion, usuario_modificacion, fecha_modificacion) VALUES ('MOTIVOANULACION', 'CONFIGURACION', 'MOTIVOS DE ANULACIÓN', 'WZAMORA', '2020-04-18 10:53:04.697', NULL, NULL);
INSERT INTO isos.modulo (modulo, sistema, descripcion, usuario_creacion, fecha_creacion, usuario_modificacion, fecha_modificacion) VALUES ('HISTORIALVENTAS', 'COMERCIAL', 'HISTORIALVENTAS', 'WZAMORA', '2020-04-27 12:51:25.028', NULL, NULL);
INSERT INTO isos.modulo (modulo, sistema, descripcion, usuario_creacion, fecha_creacion, usuario_modificacion, fecha_modificacion) VALUES ('RECIBOHONORARIOS', 'COMERCIAL', 'RECIBO HONORARIOS', 'WZAMORA', '2020-04-30 16:03:49.967', NULL, NULL);
INSERT INTO isos.modulo (modulo, sistema, descripcion, usuario_creacion, fecha_creacion, usuario_modificacion, fecha_modificacion) VALUES ('ALMACEN_REGULARIZACION', 'COMERCIAL', 'ALMACEN_REGULARIZACION', 'WZAMORA', '2020-06-12 17:21:03.562', NULL, NULL);
INSERT INTO isos.modulo (modulo, sistema, descripcion, usuario_creacion, fecha_creacion, usuario_modificacion, fecha_modificacion) VALUES ('ALMACEN_COMPRA', 'COMERCIAL', 'ALMACEN_COMPRA', 'WZAMORA', '2020-06-12 17:21:16.727', NULL, NULL);
INSERT INTO isos.modulo (modulo, sistema, descripcion, usuario_creacion, fecha_creacion, usuario_modificacion, fecha_modificacion) VALUES ('ALMACEN_VENTA', 'COMERCIAL', 'ALMACEN_VENTA', 'WZAMORA', '2020-06-12 17:21:31.657', NULL, NULL);


--
-- TOC entry 3644 (class 0 OID 21544)
-- Dependencies: 243
-- Data for Name: evento; Type: TABLE DATA; Schema: isos; Owner: uisos
--

INSERT INTO isos.evento (modulo, evento, descripcion, usuario_creacion, fecha_creacion, usuario_modificacion, fecha_modificacion) VALUES ('NOTACREDITO_R', 'NUEVO', 'NUEVO', 'KCARRION', '2019-03-06 09:03:02.202', NULL, NULL);
INSERT INTO isos.evento (modulo, evento, descripcion, usuario_creacion, fecha_creacion, usuario_modificacion, fecha_modificacion) VALUES ('NOTACREDITO_R', 'REPORTE', 'REPORTE', 'KCARRION', '2019-03-06 09:04:01.543', NULL, NULL);
INSERT INTO isos.evento (modulo, evento, descripcion, usuario_creacion, fecha_creacion, usuario_modificacion, fecha_modificacion) VALUES ('COMPRA', 'DEUDA', '', 'KCARRION', '2019-03-07 15:08:16.19', NULL, NULL);
INSERT INTO isos.evento (modulo, evento, descripcion, usuario_creacion, fecha_creacion, usuario_modificacion, fecha_modificacion) VALUES ('CREDITO', 'ANULARPAGO', 'Anular pago realizado', 'WZAMORA', '2018-07-07 09:31:55.674', NULL, NULL);
INSERT INTO isos.evento (modulo, evento, descripcion, usuario_creacion, fecha_creacion, usuario_modificacion, fecha_modificacion) VALUES ('GUIA', 'ANULAR', 'Anular guía de salida', 'WZAMORA', '2018-08-13 14:24:44.732', NULL, NULL);
INSERT INTO isos.evento (modulo, evento, descripcion, usuario_creacion, fecha_creacion, usuario_modificacion, fecha_modificacion) VALUES ('GUIA', 'DESCUENTO', 'DESCUENTO', 'WZAMORA', '2018-08-20 18:14:05.881', NULL, NULL);
INSERT INTO isos.evento (modulo, evento, descripcion, usuario_creacion, fecha_creacion, usuario_modificacion, fecha_modificacion) VALUES ('GUIA', 'DISMINUYEPRECIO', 'DISMINUYEPRECIO', 'WZAMORA', '2018-08-22 10:43:55.374', NULL, NULL);
INSERT INTO isos.evento (modulo, evento, descripcion, usuario_creacion, fecha_creacion, usuario_modificacion, fecha_modificacion) VALUES ('ORDENCOMPRA', 'ENVIARCORREO', 'ENVIAR CORREO PROVEEDOR', 'KCARRION', '2019-03-08 18:10:39.408', NULL, NULL);
INSERT INTO isos.evento (modulo, evento, descripcion, usuario_creacion, fecha_creacion, usuario_modificacion, fecha_modificacion) VALUES ('NOTACREDITO', 'LISTAR', '', 'WZAMORA', '2018-08-28 12:04:35.131', NULL, NULL);
INSERT INTO isos.evento (modulo, evento, descripcion, usuario_creacion, fecha_creacion, usuario_modificacion, fecha_modificacion) VALUES ('NOTACREDITO', 'EDITAR', 'EDITAR', 'WZAMORA', '2018-08-31 18:10:53.043', NULL, NULL);
INSERT INTO isos.evento (modulo, evento, descripcion, usuario_creacion, fecha_creacion, usuario_modificacion, fecha_modificacion) VALUES ('SOLICITUDCOMPRA', 'ENVIARCORREO', 'ENVIARCORREO', 'WZAMORA', '2018-09-19 09:33:03.627', NULL, NULL);
INSERT INTO isos.evento (modulo, evento, descripcion, usuario_creacion, fecha_creacion, usuario_modificacion, fecha_modificacion) VALUES ('VENTA', 'ENVIARCORREO', 'ENVIARCORREO', 'WZAMORA', '2018-10-26 11:57:40.103', NULL, NULL);
INSERT INTO isos.evento (modulo, evento, descripcion, usuario_creacion, fecha_creacion, usuario_modificacion, fecha_modificacion) VALUES ('KARDEXVALORADO', 'LISTAR', '', 'WZAMORA', '2018-11-06 14:45:26.453', NULL, NULL);
INSERT INTO isos.evento (modulo, evento, descripcion, usuario_creacion, fecha_creacion, usuario_modificacion, fecha_modificacion) VALUES ('CONFIGCONTA', 'VER', '', 'WZAMORA', '2018-11-12 10:10:37.535', NULL, NULL);
INSERT INTO isos.evento (modulo, evento, descripcion, usuario_creacion, fecha_creacion, usuario_modificacion, fecha_modificacion) VALUES ('DEUDA', 'LISTAR', '', 'WZAMORA', '2019-03-18 12:17:18.056', NULL, NULL);
INSERT INTO isos.evento (modulo, evento, descripcion, usuario_creacion, fecha_creacion, usuario_modificacion, fecha_modificacion) VALUES ('PROFORMA', 'INCLUIDOIGV', 'Mostrar check incluido igv', 'WZAMORA', '2019-03-22 17:03:05.589', NULL, NULL);
INSERT INTO isos.evento (modulo, evento, descripcion, usuario_creacion, fecha_creacion, usuario_modificacion, fecha_modificacion) VALUES ('TIPOTRIBUTO', 'NUEVO', '', 'WZAMORA', '2018-12-03 17:44:59.199', NULL, NULL);
INSERT INTO isos.evento (modulo, evento, descripcion, usuario_creacion, fecha_creacion, usuario_modificacion, fecha_modificacion) VALUES ('EMPRESACUENTA', 'LISTAR', 'LISTAR', 'WZAMORA', '2018-12-17 10:28:34.088', NULL, NULL);
INSERT INTO isos.evento (modulo, evento, descripcion, usuario_creacion, fecha_creacion, usuario_modificacion, fecha_modificacion) VALUES ('DIARIO', 'LISTAR', '', 'WZAMORA', '2018-12-19 13:02:04.919', NULL, NULL);
INSERT INTO isos.evento (modulo, evento, descripcion, usuario_creacion, fecha_creacion, usuario_modificacion, fecha_modificacion) VALUES ('VENTA', 'INCLUIDOIGV', 'Mostrar check incluido igv', 'WZAMORA', '2019-03-23 11:42:06.203', NULL, NULL);
INSERT INTO isos.evento (modulo, evento, descripcion, usuario_creacion, fecha_creacion, usuario_modificacion, fecha_modificacion) VALUES ('TIPOIDENTIDAD', 'LISTAR', '', 'WZAMORA', '2019-01-07 11:25:27.628', NULL, NULL);
INSERT INTO isos.evento (modulo, evento, descripcion, usuario_creacion, fecha_creacion, usuario_modificacion, fecha_modificacion) VALUES ('VENTA', 'CREDITO', 'Registrar pago al crédito', 'WZAMORA', '2019-01-18 12:07:45.243', NULL, NULL);
INSERT INTO isos.evento (modulo, evento, descripcion, usuario_creacion, fecha_creacion, usuario_modificacion, fecha_modificacion) VALUES ('CONSULTAPRECIOS', 'LISTAR', '', 'KCARRION', '2019-02-18 11:56:02.927', NULL, NULL);
INSERT INTO isos.evento (modulo, evento, descripcion, usuario_creacion, fecha_creacion, usuario_modificacion, fecha_modificacion) VALUES ('NOTACREDITO_E', 'NUEVO', 'NUEVO', 'KCARRION', '2019-02-21 17:23:05.213', NULL, NULL);
INSERT INTO isos.evento (modulo, evento, descripcion, usuario_creacion, fecha_creacion, usuario_modificacion, fecha_modificacion) VALUES ('NOTACREDITO_E', 'REPORTE', 'REPORTE', 'KCARRION', '2019-02-25 17:23:24.708', NULL, NULL);
INSERT INTO isos.evento (modulo, evento, descripcion, usuario_creacion, fecha_creacion, usuario_modificacion, fecha_modificacion) VALUES ('NOTACREDITO_E', 'ENVIARCORREO', 'ENVIAR CORREO', 'KCARRION', '2019-02-26 12:52:04.97', NULL, NULL);
INSERT INTO isos.evento (modulo, evento, descripcion, usuario_creacion, fecha_creacion, usuario_modificacion, fecha_modificacion) VALUES ('NOTACREDITO_E', 'LISTAR', 'LISTAR', 'KCARRION', '2019-02-27 09:20:46.464', NULL, NULL);
INSERT INTO isos.evento (modulo, evento, descripcion, usuario_creacion, fecha_creacion, usuario_modificacion, fecha_modificacion) VALUES ('COMPRA', 'REPORTE', '', 'KCARRION', '2019-04-09 17:26:38.624', NULL, NULL);
INSERT INTO isos.evento (modulo, evento, descripcion, usuario_creacion, fecha_creacion, usuario_modificacion, fecha_modificacion) VALUES ('NOTADEBITO_R', 'NUEVO', 'NUEVO', 'KCARRION', '2019-04-29 18:09:34.665', NULL, NULL);
INSERT INTO isos.evento (modulo, evento, descripcion, usuario_creacion, fecha_creacion, usuario_modificacion, fecha_modificacion) VALUES ('NOTADEBITO_E', 'NUEVO', 'NUEVO', 'KCARRION', '2019-04-29 18:10:14.602', NULL, NULL);
INSERT INTO isos.evento (modulo, evento, descripcion, usuario_creacion, fecha_creacion, usuario_modificacion, fecha_modificacion) VALUES ('ACTIVIDADECONOM', 'EDITAR', 'EDITAR', 'WZAMORA', '2018-05-24 18:05:13.464', NULL, NULL);
INSERT INTO isos.evento (modulo, evento, descripcion, usuario_creacion, fecha_creacion, usuario_modificacion, fecha_modificacion) VALUES ('ACTIVIDADECONOM', 'ELIMINAR', 'DESHABILITAR/HABILITAR', 'WZAMORA', '2018-05-24 18:05:13.464', NULL, NULL);
INSERT INTO isos.evento (modulo, evento, descripcion, usuario_creacion, fecha_creacion, usuario_modificacion, fecha_modificacion) VALUES ('ACTIVIDADECONOM', 'LISTAR', 'LISTAR', 'WZAMORA', '2018-05-24 18:05:13.464', NULL, NULL);
INSERT INTO isos.evento (modulo, evento, descripcion, usuario_creacion, fecha_creacion, usuario_modificacion, fecha_modificacion) VALUES ('CREDITO', 'LISTAR', 'LISTAR', 'WZAMORA', '2018-05-26 09:30:42.404', NULL, NULL);
INSERT INTO isos.evento (modulo, evento, descripcion, usuario_creacion, fecha_creacion, usuario_modificacion, fecha_modificacion) VALUES ('NOTACREDITO_R', 'LISTAR', 'LISTAR', 'KCARRION', '2019-03-06 09:03:14.116', NULL, NULL);
INSERT INTO isos.evento (modulo, evento, descripcion, usuario_creacion, fecha_creacion, usuario_modificacion, fecha_modificacion) VALUES ('GUIA', 'PRECIOCOMPRA', '', 'WZAMORA', '2018-08-20 18:16:06.286', NULL, NULL);
INSERT INTO isos.evento (modulo, evento, descripcion, usuario_creacion, fecha_creacion, usuario_modificacion, fecha_modificacion) VALUES ('DEUDA', 'EDITAR', '', 'WZAMORA', '2019-03-18 12:17:22.512', NULL, NULL);
INSERT INTO isos.evento (modulo, evento, descripcion, usuario_creacion, fecha_creacion, usuario_modificacion, fecha_modificacion) VALUES ('NOTACREDITO', 'NUEVO', '', 'WZAMORA', '2018-08-28 12:04:38.924', NULL, NULL);
INSERT INTO isos.evento (modulo, evento, descripcion, usuario_creacion, fecha_creacion, usuario_modificacion, fecha_modificacion) VALUES ('KARDEXSIMPLE', 'LISTAR', 'LISTAR', 'WZAMORA', '2018-11-06 11:17:16.536', NULL, NULL);
INSERT INTO isos.evento (modulo, evento, descripcion, usuario_creacion, fecha_creacion, usuario_modificacion, fecha_modificacion) VALUES ('KARDEXVALORADO', 'EDITAR', '', 'WZAMORA', '2018-11-06 15:25:07.112', NULL, NULL);
INSERT INTO isos.evento (modulo, evento, descripcion, usuario_creacion, fecha_creacion, usuario_modificacion, fecha_modificacion) VALUES ('CONFIGCONTA', 'EDITAR', '', 'WZAMORA', '2018-11-12 10:10:43.94', NULL, NULL);
INSERT INTO isos.evento (modulo, evento, descripcion, usuario_creacion, fecha_creacion, usuario_modificacion, fecha_modificacion) VALUES ('NOTADEBITO_R', 'REPORTE', 'REPORTE', 'KCARRION', '2019-04-29 18:09:43.578', NULL, NULL);
INSERT INTO isos.evento (modulo, evento, descripcion, usuario_creacion, fecha_creacion, usuario_modificacion, fecha_modificacion) VALUES ('TIPOTRIBUTO', 'LISTAR', '', 'WZAMORA', '2018-12-03 17:44:48.227', NULL, NULL);
INSERT INTO isos.evento (modulo, evento, descripcion, usuario_creacion, fecha_creacion, usuario_modificacion, fecha_modificacion) VALUES ('EMPRESACUENTA', 'NUEVO', '', 'WZAMORA', '2018-12-17 10:28:39.684', NULL, NULL);
INSERT INTO isos.evento (modulo, evento, descripcion, usuario_creacion, fecha_creacion, usuario_modificacion, fecha_modificacion) VALUES ('DIARIO', 'EDITAR', '', 'WZAMORA', '2018-12-19 13:02:10.598', NULL, NULL);
INSERT INTO isos.evento (modulo, evento, descripcion, usuario_creacion, fecha_creacion, usuario_modificacion, fecha_modificacion) VALUES ('DIARIODETALLE', 'LISTAR', '', 'WZAMORA', '2018-12-21 10:59:23.247', NULL, NULL);
INSERT INTO isos.evento (modulo, evento, descripcion, usuario_creacion, fecha_creacion, usuario_modificacion, fecha_modificacion) VALUES ('TIPOIDENTIDAD', 'EDITAR', '', 'WZAMORA', '2019-01-07 11:25:33.331', NULL, NULL);
INSERT INTO isos.evento (modulo, evento, descripcion, usuario_creacion, fecha_creacion, usuario_modificacion, fecha_modificacion) VALUES ('NOTADEBITO_E', 'REPORTE', 'REPORTE', 'KCARRION', '2019-04-29 18:10:23.173', NULL, NULL);
INSERT INTO isos.evento (modulo, evento, descripcion, usuario_creacion, fecha_creacion, usuario_modificacion, fecha_modificacion) VALUES ('ACTIVIDADECONOM', 'NUEVO', 'NUEVO', 'WZAMORA', '2018-05-24 18:05:13.464', NULL, NULL);
INSERT INTO isos.evento (modulo, evento, descripcion, usuario_creacion, fecha_creacion, usuario_modificacion, fecha_modificacion) VALUES ('CONFIGURA', 'EDITAR', 'EDITAR', 'WZAMORA', '2018-05-24 18:05:13.464', NULL, NULL);
INSERT INTO isos.evento (modulo, evento, descripcion, usuario_creacion, fecha_creacion, usuario_modificacion, fecha_modificacion) VALUES ('EMPRESA', 'EDITAR', 'Editar empresa/localidad', 'WZAMORA', '2018-05-24 18:05:13.464', NULL, NULL);
INSERT INTO isos.evento (modulo, evento, descripcion, usuario_creacion, fecha_creacion, usuario_modificacion, fecha_modificacion) VALUES ('EMPRESA', 'ELIMINAR', 'Eliminar empresa', 'WZAMORA', '2018-05-24 18:05:13.464', NULL, NULL);
INSERT INTO isos.evento (modulo, evento, descripcion, usuario_creacion, fecha_creacion, usuario_modificacion, fecha_modificacion) VALUES ('EMPRESA', 'LISTAR', 'Listar empresa/localidad', 'WZAMORA', '2018-05-24 18:05:13.464', NULL, NULL);
INSERT INTO isos.evento (modulo, evento, descripcion, usuario_creacion, fecha_creacion, usuario_modificacion, fecha_modificacion) VALUES ('EMPRESA', 'NUEVO', 'Registrar empresa/localidad', 'WZAMORA', '2018-05-24 18:05:13.464', NULL, NULL);
INSERT INTO isos.evento (modulo, evento, descripcion, usuario_creacion, fecha_creacion, usuario_modificacion, fecha_modificacion) VALUES ('ESTADO', 'LISTAR', '', 'WZAMORA', '2018-05-24 18:05:13.464', NULL, NULL);
INSERT INTO isos.evento (modulo, evento, descripcion, usuario_creacion, fecha_creacion, usuario_modificacion, fecha_modificacion) VALUES ('ESTADO', 'NUEVO', '', 'WZAMORA', '2018-05-24 18:05:13.464', NULL, NULL);
INSERT INTO isos.evento (modulo, evento, descripcion, usuario_creacion, fecha_creacion, usuario_modificacion, fecha_modificacion) VALUES ('LINEA', 'EDITAR', 'EDITAR LINEA', 'WZAMORA', '2018-05-24 18:05:13.464', NULL, NULL);
INSERT INTO isos.evento (modulo, evento, descripcion, usuario_creacion, fecha_creacion, usuario_modificacion, fecha_modificacion) VALUES ('LINEA', 'ELIMINAR', 'ELIMINAR LINEA', 'WZAMORA', '2018-05-24 18:05:13.464', NULL, NULL);
INSERT INTO isos.evento (modulo, evento, descripcion, usuario_creacion, fecha_creacion, usuario_modificacion, fecha_modificacion) VALUES ('LINEA', 'LISTAR', 'LISTAR LINEAS', 'WZAMORA', '2018-05-24 18:05:13.464', NULL, NULL);
INSERT INTO isos.evento (modulo, evento, descripcion, usuario_creacion, fecha_creacion, usuario_modificacion, fecha_modificacion) VALUES ('LINEA', 'NUEVO', 'NUEVA LINEA', 'WZAMORA', '2018-05-24 18:05:13.464', NULL, NULL);
INSERT INTO isos.evento (modulo, evento, descripcion, usuario_creacion, fecha_creacion, usuario_modificacion, fecha_modificacion) VALUES ('MENU', 'EDITAR', '', 'WZAMORA', '2018-05-24 18:05:13.464', NULL, NULL);
INSERT INTO isos.evento (modulo, evento, descripcion, usuario_creacion, fecha_creacion, usuario_modificacion, fecha_modificacion) VALUES ('MENU', 'LISTAR', '', 'WZAMORA', '2018-05-24 18:05:13.464', NULL, NULL);
INSERT INTO isos.evento (modulo, evento, descripcion, usuario_creacion, fecha_creacion, usuario_modificacion, fecha_modificacion) VALUES ('MENU', 'NUEVO', '', 'WZAMORA', '2018-05-24 18:05:13.464', NULL, NULL);
INSERT INTO isos.evento (modulo, evento, descripcion, usuario_creacion, fecha_creacion, usuario_modificacion, fecha_modificacion) VALUES ('MODULO', 'EDITAR', '', 'WZAMORA', '2018-05-24 18:05:13.464', NULL, NULL);
INSERT INTO isos.evento (modulo, evento, descripcion, usuario_creacion, fecha_creacion, usuario_modificacion, fecha_modificacion) VALUES ('MODULO', 'ELIMINAR', 'Cambiar estado', 'WZAMORA', '2018-05-24 18:05:13.464', NULL, NULL);
INSERT INTO isos.evento (modulo, evento, descripcion, usuario_creacion, fecha_creacion, usuario_modificacion, fecha_modificacion) VALUES ('MODULO', 'LISTAR', '', 'WZAMORA', '2018-05-24 18:05:13.464', NULL, NULL);
INSERT INTO isos.evento (modulo, evento, descripcion, usuario_creacion, fecha_creacion, usuario_modificacion, fecha_modificacion) VALUES ('MODULO', 'NUEVO', '', 'WZAMORA', '2018-05-24 18:05:13.464', NULL, NULL);
INSERT INTO isos.evento (modulo, evento, descripcion, usuario_creacion, fecha_creacion, usuario_modificacion, fecha_modificacion) VALUES ('PERFIL', 'EDITAR', 'Editar perfil', 'WZAMORA', '2018-05-24 18:05:13.464', NULL, NULL);
INSERT INTO isos.evento (modulo, evento, descripcion, usuario_creacion, fecha_creacion, usuario_modificacion, fecha_modificacion) VALUES ('PERFIL', 'LISTAR', 'Listar perfiles', 'WZAMORA', '2018-05-24 18:05:13.464', NULL, NULL);
INSERT INTO isos.evento (modulo, evento, descripcion, usuario_creacion, fecha_creacion, usuario_modificacion, fecha_modificacion) VALUES ('PERFIL', 'NUEVO', 'Nuevo perfil', 'WZAMORA', '2018-05-24 18:05:13.464', NULL, NULL);
INSERT INTO isos.evento (modulo, evento, descripcion, usuario_creacion, fecha_creacion, usuario_modificacion, fecha_modificacion) VALUES ('PRODUCTO', 'DESACTIVAR', '', 'WZAMORA', '2018-05-24 18:05:13.464', NULL, NULL);
INSERT INTO isos.evento (modulo, evento, descripcion, usuario_creacion, fecha_creacion, usuario_modificacion, fecha_modificacion) VALUES ('PRODUCTO', 'EDITAR', '', 'WZAMORA', '2018-05-24 18:05:13.464', NULL, NULL);
INSERT INTO isos.evento (modulo, evento, descripcion, usuario_creacion, fecha_creacion, usuario_modificacion, fecha_modificacion) VALUES ('PRODUCTO', 'LISTAR', '', 'WZAMORA', '2018-05-24 18:05:13.464', NULL, NULL);
INSERT INTO isos.evento (modulo, evento, descripcion, usuario_creacion, fecha_creacion, usuario_modificacion, fecha_modificacion) VALUES ('PRODUCTO', 'NUEVO', '', 'WZAMORA', '2018-05-24 18:05:13.464', NULL, NULL);
INSERT INTO isos.evento (modulo, evento, descripcion, usuario_creacion, fecha_creacion, usuario_modificacion, fecha_modificacion) VALUES ('SOLICITUDCOMPRA', 'PROCESARCC', 'PROCESAR CUADRO COMPARATIVO', 'WZAMORA', '2018-05-24 18:05:13.464', NULL, NULL);
INSERT INTO isos.evento (modulo, evento, descripcion, usuario_creacion, fecha_creacion, usuario_modificacion, fecha_modificacion) VALUES ('PROVEEDOR', 'EDITAR', '', 'WZAMORA', '2018-05-24 18:05:13.464', NULL, NULL);
INSERT INTO isos.evento (modulo, evento, descripcion, usuario_creacion, fecha_creacion, usuario_modificacion, fecha_modificacion) VALUES ('PROVEEDOR', 'LISTAR', '', 'WZAMORA', '2018-05-24 18:05:13.464', NULL, NULL);
INSERT INTO isos.evento (modulo, evento, descripcion, usuario_creacion, fecha_creacion, usuario_modificacion, fecha_modificacion) VALUES ('PROVEEDOR', 'NUEVO', '', 'WZAMORA', '2018-05-24 18:05:13.464', NULL, NULL);
INSERT INTO isos.evento (modulo, evento, descripcion, usuario_creacion, fecha_creacion, usuario_modificacion, fecha_modificacion) VALUES ('SISTEMA', 'EDITAR', 'Editar sistemas', 'WZAMORA', '2018-05-24 18:05:13.464', NULL, NULL);
INSERT INTO isos.evento (modulo, evento, descripcion, usuario_creacion, fecha_creacion, usuario_modificacion, fecha_modificacion) VALUES ('SISTEMA', 'LISTAR', 'Listar sistemas', 'WZAMORA', '2018-05-24 18:05:13.464', NULL, NULL);
INSERT INTO isos.evento (modulo, evento, descripcion, usuario_creacion, fecha_creacion, usuario_modificacion, fecha_modificacion) VALUES ('SISTEMA', 'NUEVO', 'Registrar sistemas', 'WZAMORA', '2018-05-24 18:05:13.464', NULL, NULL);
INSERT INTO isos.evento (modulo, evento, descripcion, usuario_creacion, fecha_creacion, usuario_modificacion, fecha_modificacion) VALUES ('SOLICITUDCOMPRA', 'EDITAR', '', 'WZAMORA', '2018-05-24 18:05:13.464', NULL, NULL);
INSERT INTO isos.evento (modulo, evento, descripcion, usuario_creacion, fecha_creacion, usuario_modificacion, fecha_modificacion) VALUES ('SOLICITUDCOMPRA', 'LISTAR', 'Listar solicitudes', 'WZAMORA', '2018-05-24 18:05:13.464', NULL, NULL);
INSERT INTO isos.evento (modulo, evento, descripcion, usuario_creacion, fecha_creacion, usuario_modificacion, fecha_modificacion) VALUES ('SOLICITUDCOMPRA', 'NUEVO', 'Nueva Solicitud', 'WZAMORA', '2018-05-24 18:05:13.464', NULL, NULL);
INSERT INTO isos.evento (modulo, evento, descripcion, usuario_creacion, fecha_creacion, usuario_modificacion, fecha_modificacion) VALUES ('SOLICITUDCOMPRA', 'REPORTE', 'REPORTE', 'WZAMORA', '2018-05-24 18:05:13.464', NULL, NULL);
INSERT INTO isos.evento (modulo, evento, descripcion, usuario_creacion, fecha_creacion, usuario_modificacion, fecha_modificacion) VALUES ('SOLICITUDCOMPRA', 'VER', 'VER', 'WZAMORA', '2018-05-24 18:05:13.464', NULL, NULL);
INSERT INTO isos.evento (modulo, evento, descripcion, usuario_creacion, fecha_creacion, usuario_modificacion, fecha_modificacion) VALUES ('TCAMBIO', 'EDITAR', '', 'WZAMORA', '2018-05-24 18:05:13.464', NULL, NULL);
INSERT INTO isos.evento (modulo, evento, descripcion, usuario_creacion, fecha_creacion, usuario_modificacion, fecha_modificacion) VALUES ('TCAMBIO', 'ELIMINAR', '', 'WZAMORA', '2018-05-24 18:05:13.464', NULL, NULL);
INSERT INTO isos.evento (modulo, evento, descripcion, usuario_creacion, fecha_creacion, usuario_modificacion, fecha_modificacion) VALUES ('TCAMBIO', 'LISTAR', '', 'WZAMORA', '2018-05-24 18:05:13.464', NULL, NULL);
INSERT INTO isos.evento (modulo, evento, descripcion, usuario_creacion, fecha_creacion, usuario_modificacion, fecha_modificacion) VALUES ('TCAMBIO', 'NUEVO', '', 'WZAMORA', '2018-05-24 18:05:13.464', NULL, NULL);
INSERT INTO isos.evento (modulo, evento, descripcion, usuario_creacion, fecha_creacion, usuario_modificacion, fecha_modificacion) VALUES ('TCUENTA', 'EDITAR', '', 'WZAMORA', '2018-05-24 18:05:13.464', NULL, NULL);
INSERT INTO isos.evento (modulo, evento, descripcion, usuario_creacion, fecha_creacion, usuario_modificacion, fecha_modificacion) VALUES ('TCUENTA', 'ELIMINAR', '', 'WZAMORA', '2018-05-24 18:05:13.464', NULL, NULL);
INSERT INTO isos.evento (modulo, evento, descripcion, usuario_creacion, fecha_creacion, usuario_modificacion, fecha_modificacion) VALUES ('TCUENTA', 'LISTAR', '', 'WZAMORA', '2018-05-24 18:05:13.464', NULL, NULL);
INSERT INTO isos.evento (modulo, evento, descripcion, usuario_creacion, fecha_creacion, usuario_modificacion, fecha_modificacion) VALUES ('TCUENTA', 'NUEVO', '', 'WZAMORA', '2018-05-24 18:05:13.464', NULL, NULL);
INSERT INTO isos.evento (modulo, evento, descripcion, usuario_creacion, fecha_creacion, usuario_modificacion, fecha_modificacion) VALUES ('TIPODOCUMENTO', 'CONFIGURAR', 'Configurar tipo de documento', 'WZAMORA', '2018-05-24 18:05:13.464', NULL, NULL);
INSERT INTO isos.evento (modulo, evento, descripcion, usuario_creacion, fecha_creacion, usuario_modificacion, fecha_modificacion) VALUES ('TIPODOCUMENTO', 'EDITAR', 'Editar nuevo documento', 'WZAMORA', '2018-05-24 18:05:13.464', NULL, NULL);
INSERT INTO isos.evento (modulo, evento, descripcion, usuario_creacion, fecha_creacion, usuario_modificacion, fecha_modificacion) VALUES ('TIPODOCUMENTO', 'ELIMINAR', 'Eliminar documento', 'WZAMORA', '2018-05-24 18:05:13.464', NULL, NULL);
INSERT INTO isos.evento (modulo, evento, descripcion, usuario_creacion, fecha_creacion, usuario_modificacion, fecha_modificacion) VALUES ('TIPODOCUMENTO', 'LISTAR', 'Listar tipos de documentoi', 'WZAMORA', '2018-05-24 18:05:13.464', NULL, NULL);
INSERT INTO isos.evento (modulo, evento, descripcion, usuario_creacion, fecha_creacion, usuario_modificacion, fecha_modificacion) VALUES ('TIPODOCUMENTO', 'NUEVO', 'Registro de nuevo documento', 'WZAMORA', '2018-05-24 18:05:13.464', NULL, NULL);
INSERT INTO isos.evento (modulo, evento, descripcion, usuario_creacion, fecha_creacion, usuario_modificacion, fecha_modificacion) VALUES ('TMONEDA', 'EDITAR', '', 'WZAMORA', '2018-05-24 18:05:13.464', NULL, NULL);
INSERT INTO isos.evento (modulo, evento, descripcion, usuario_creacion, fecha_creacion, usuario_modificacion, fecha_modificacion) VALUES ('TMONEDA', 'ELIMINAR', 'Cambiar estado (A / I)', 'WZAMORA', '2018-05-24 18:05:13.464', NULL, NULL);
INSERT INTO isos.evento (modulo, evento, descripcion, usuario_creacion, fecha_creacion, usuario_modificacion, fecha_modificacion) VALUES ('TMONEDA', 'LISTAR', '', 'WZAMORA', '2018-05-24 18:05:13.464', NULL, NULL);
INSERT INTO isos.evento (modulo, evento, descripcion, usuario_creacion, fecha_creacion, usuario_modificacion, fecha_modificacion) VALUES ('TMONEDA', 'NUEVO', '', 'WZAMORA', '2018-05-24 18:05:13.464', NULL, NULL);
INSERT INTO isos.evento (modulo, evento, descripcion, usuario_creacion, fecha_creacion, usuario_modificacion, fecha_modificacion) VALUES ('TPAGO', 'EDITAR', 'MODIFICAR TIPO DE PAGO', 'WZAMORA', '2018-05-24 18:05:13.464', NULL, NULL);
INSERT INTO isos.evento (modulo, evento, descripcion, usuario_creacion, fecha_creacion, usuario_modificacion, fecha_modificacion) VALUES ('TPAGO', 'ELIMINAR', 'CAMBIAR ESTADO DE TIPO DE PAGO', 'WZAMORA', '2018-05-24 18:05:13.464', NULL, NULL);
INSERT INTO isos.evento (modulo, evento, descripcion, usuario_creacion, fecha_creacion, usuario_modificacion, fecha_modificacion) VALUES ('TPAGO', 'LISTAR', 'LISTAR TIPO DE PAGO', 'WZAMORA', '2018-05-24 18:05:13.464', NULL, NULL);
INSERT INTO isos.evento (modulo, evento, descripcion, usuario_creacion, fecha_creacion, usuario_modificacion, fecha_modificacion) VALUES ('TPAGO', 'NUEVO', 'REGISTRAR TIPO DE PAGO', 'WZAMORA', '2018-05-24 18:05:13.464', NULL, NULL);
INSERT INTO isos.evento (modulo, evento, descripcion, usuario_creacion, fecha_creacion, usuario_modificacion, fecha_modificacion) VALUES ('UNIDADMEDIDA', 'EDITAR', 'EDITAR UNIDAD DE MEDIDA', 'WZAMORA', '2018-05-24 18:05:13.464', NULL, NULL);
INSERT INTO isos.evento (modulo, evento, descripcion, usuario_creacion, fecha_creacion, usuario_modificacion, fecha_modificacion) VALUES ('UNIDADMEDIDA', 'ELIMINAR', 'CAMBIAR ESTADO', 'WZAMORA', '2018-05-24 18:05:13.464', NULL, NULL);
INSERT INTO isos.evento (modulo, evento, descripcion, usuario_creacion, fecha_creacion, usuario_modificacion, fecha_modificacion) VALUES ('UNIDADMEDIDA', 'LISTAR', 'LISTAR UNIDADES DE MEDIDA', 'WZAMORA', '2018-05-24 18:05:13.464', NULL, NULL);
INSERT INTO isos.evento (modulo, evento, descripcion, usuario_creacion, fecha_creacion, usuario_modificacion, fecha_modificacion) VALUES ('UNIDADMEDIDA', 'NUEVO', 'NUEVA UNIDAD DE MEDIDA', 'WZAMORA', '2018-05-24 18:05:13.464', NULL, NULL);
INSERT INTO isos.evento (modulo, evento, descripcion, usuario_creacion, fecha_creacion, usuario_modificacion, fecha_modificacion) VALUES ('CLASE', 'LISTAR', 'LISTAR CLASES', 'WZAMORA', '2018-05-24 18:05:13.464', NULL, NULL);
INSERT INTO isos.evento (modulo, evento, descripcion, usuario_creacion, fecha_creacion, usuario_modificacion, fecha_modificacion) VALUES ('ALMACEN', 'REPORTE', 'REPORTE', 'WZAMORA', '2018-05-24 18:05:13.464', NULL, NULL);
INSERT INTO isos.evento (modulo, evento, descripcion, usuario_creacion, fecha_creacion, usuario_modificacion, fecha_modificacion) VALUES ('MARCA', 'LISTAR', 'LISTADO DE MARCAS', 'WZAMORA', '2018-05-24 18:05:13.464', NULL, NULL);
INSERT INTO isos.evento (modulo, evento, descripcion, usuario_creacion, fecha_creacion, usuario_modificacion, fecha_modificacion) VALUES ('MARCA', 'NUEVO', 'REGISTRO MARCA', 'WZAMORA', '2018-05-24 18:05:13.464', NULL, NULL);
INSERT INTO isos.evento (modulo, evento, descripcion, usuario_creacion, fecha_creacion, usuario_modificacion, fecha_modificacion) VALUES ('MARCA', 'EDITAR', 'EDITAR MARCA', 'WZAMORA', '2018-05-24 18:05:13.464', NULL, NULL);
INSERT INTO isos.evento (modulo, evento, descripcion, usuario_creacion, fecha_creacion, usuario_modificacion, fecha_modificacion) VALUES ('MARCA', 'ELIMINAR', 'ELIMINAR MARCA', 'WZAMORA', '2018-05-24 18:05:13.464', NULL, NULL);
INSERT INTO isos.evento (modulo, evento, descripcion, usuario_creacion, fecha_creacion, usuario_modificacion, fecha_modificacion) VALUES ('COMPRA', 'NUEVO', '', 'WZAMORA', '2018-05-24 18:05:13.464', NULL, NULL);
INSERT INTO isos.evento (modulo, evento, descripcion, usuario_creacion, fecha_creacion, usuario_modificacion, fecha_modificacion) VALUES ('COMPRA', 'LISTAR', '', 'WZAMORA', '2018-05-24 18:05:13.464', NULL, NULL);
INSERT INTO isos.evento (modulo, evento, descripcion, usuario_creacion, fecha_creacion, usuario_modificacion, fecha_modificacion) VALUES ('TRANSFERENCIA', 'REPORTE', 'REPORTE', 'WZAMORA', '2018-05-24 18:05:13.464', NULL, NULL);
INSERT INTO isos.evento (modulo, evento, descripcion, usuario_creacion, fecha_creacion, usuario_modificacion, fecha_modificacion) VALUES ('CLIENTE', 'NUEVO', 'NUEVOS CLIENTES', 'WZAMORA', '2018-05-24 18:05:13.464', NULL, NULL);
INSERT INTO isos.evento (modulo, evento, descripcion, usuario_creacion, fecha_creacion, usuario_modificacion, fecha_modificacion) VALUES ('FORMAPAGO', 'LISTAR', 'LISTAR FORMA DE PAGO', 'WZAMORA', '2018-05-24 18:05:13.464', NULL, NULL);
INSERT INTO isos.evento (modulo, evento, descripcion, usuario_creacion, fecha_creacion, usuario_modificacion, fecha_modificacion) VALUES ('FORMAPAGO', 'NUEVO', 'REGISTRAR FORMA DE PAGO', 'WZAMORA', '2018-05-24 18:05:13.464', NULL, NULL);
INSERT INTO isos.evento (modulo, evento, descripcion, usuario_creacion, fecha_creacion, usuario_modificacion, fecha_modificacion) VALUES ('FORMAPAGO', 'EDITAR', '	MODIFICAR FORMA DE PAGO', 'WZAMORA', '2018-05-24 18:05:13.464', NULL, NULL);
INSERT INTO isos.evento (modulo, evento, descripcion, usuario_creacion, fecha_creacion, usuario_modificacion, fecha_modificacion) VALUES ('FORMAPAGO', 'ELIMINAR', 'CAMBIAR ESTADO DE FORMA DE PAG', 'WZAMORA', '2018-05-24 18:05:13.464', NULL, NULL);
INSERT INTO isos.evento (modulo, evento, descripcion, usuario_creacion, fecha_creacion, usuario_modificacion, fecha_modificacion) VALUES ('VENTA', 'LISTAR', '', 'WZAMORA', '2018-05-24 18:05:13.464', NULL, NULL);
INSERT INTO isos.evento (modulo, evento, descripcion, usuario_creacion, fecha_creacion, usuario_modificacion, fecha_modificacion) VALUES ('VENTA', 'EDITAR', '', 'WZAMORA', '2018-05-24 18:05:13.464', NULL, NULL);
INSERT INTO isos.evento (modulo, evento, descripcion, usuario_creacion, fecha_creacion, usuario_modificacion, fecha_modificacion) VALUES ('COMPRA', 'EDITAR', '', 'WZAMORA', '2018-05-24 18:05:13.464', NULL, NULL);
INSERT INTO isos.evento (modulo, evento, descripcion, usuario_creacion, fecha_creacion, usuario_modificacion, fecha_modificacion) VALUES ('ENTIDADFINANCIE', 'LISTAR', 'LISTAR', 'WZAMORA', '2018-05-24 18:05:13.464', NULL, NULL);
INSERT INTO isos.evento (modulo, evento, descripcion, usuario_creacion, fecha_creacion, usuario_modificacion, fecha_modificacion) VALUES ('ENTIDADFINANCIE', 'NUEVO', 'NUEVO', 'WZAMORA', '2018-05-24 18:05:13.464', NULL, NULL);
INSERT INTO isos.evento (modulo, evento, descripcion, usuario_creacion, fecha_creacion, usuario_modificacion, fecha_modificacion) VALUES ('ENTIDADFINANCIE', 'EDITAR', 'EDITAR', 'WZAMORA', '2018-05-24 18:05:13.464', NULL, NULL);
INSERT INTO isos.evento (modulo, evento, descripcion, usuario_creacion, fecha_creacion, usuario_modificacion, fecha_modificacion) VALUES ('ENTIDADFINANCIE', 'ELIMINAR', 'ELIMINAR', 'WZAMORA', '2018-05-24 18:05:13.464', NULL, NULL);
INSERT INTO isos.evento (modulo, evento, descripcion, usuario_creacion, fecha_creacion, usuario_modificacion, fecha_modificacion) VALUES ('TRABAJADOR', 'NUEVO', 'Registro de nuevo trabajador', 'WZAMORA', '2018-05-24 18:05:13.464', NULL, NULL);
INSERT INTO isos.evento (modulo, evento, descripcion, usuario_creacion, fecha_creacion, usuario_modificacion, fecha_modificacion) VALUES ('TRABAJADOR', 'LISTAR', 'Listar trabajador', 'WZAMORA', '2018-05-24 18:05:13.464', NULL, NULL);
INSERT INTO isos.evento (modulo, evento, descripcion, usuario_creacion, fecha_creacion, usuario_modificacion, fecha_modificacion) VALUES ('PROFORMA', 'ENVIARCORREO', 'ENVIAR CORREO A CLIENTE', 'WZAMORA', '2018-05-24 18:05:13.464', NULL, NULL);
INSERT INTO isos.evento (modulo, evento, descripcion, usuario_creacion, fecha_creacion, usuario_modificacion, fecha_modificacion) VALUES ('CLIENTE', 'EDITARCREDITO', 'EDITAR CREDITO', 'WZAMORA', '2018-05-24 18:05:13.464', NULL, NULL);
INSERT INTO isos.evento (modulo, evento, descripcion, usuario_creacion, fecha_creacion, usuario_modificacion, fecha_modificacion) VALUES ('TRABAJADOR', 'ELIMINAR', 'Eliminar trabajador', 'WZAMORA', '2018-05-24 18:05:13.464', NULL, NULL);
INSERT INTO isos.evento (modulo, evento, descripcion, usuario_creacion, fecha_creacion, usuario_modificacion, fecha_modificacion) VALUES ('TRABAJADOR', 'EDITAR', 'Editar trabajador', 'WZAMORA', '2018-05-24 18:05:13.464', NULL, NULL);
INSERT INTO isos.evento (modulo, evento, descripcion, usuario_creacion, fecha_creacion, usuario_modificacion, fecha_modificacion) VALUES ('CLIENTE', 'ELIMINAR', 'CAMBIAR ESTADO CLIENTES', 'WZAMORA', '2018-05-24 18:05:13.464', NULL, NULL);
INSERT INTO isos.evento (modulo, evento, descripcion, usuario_creacion, fecha_creacion, usuario_modificacion, fecha_modificacion) VALUES ('VENTA', 'DESCUENTO', 'APLICAR DESCUENTO', 'WZAMORA', '2018-05-24 18:05:13.464', NULL, NULL);
INSERT INTO isos.evento (modulo, evento, descripcion, usuario_creacion, fecha_creacion, usuario_modificacion, fecha_modificacion) VALUES ('CLIENTE', 'NUEVOJ', 'NUEVOJ CLIENTES', 'WZAMORA', '2018-05-24 18:05:13.464', NULL, NULL);
INSERT INTO isos.evento (modulo, evento, descripcion, usuario_creacion, fecha_creacion, usuario_modificacion, fecha_modificacion) VALUES ('CLIENTE', 'LISTAR', 'LISTADO DE CLIENTES', 'WZAMORA', '2018-05-24 18:05:13.464', NULL, NULL);
INSERT INTO isos.evento (modulo, evento, descripcion, usuario_creacion, fecha_creacion, usuario_modificacion, fecha_modificacion) VALUES ('CLIENTE', 'EDITAR', 'EDITAR CLIENTES', 'WZAMORA', '2018-05-24 18:05:13.464', NULL, NULL);
INSERT INTO isos.evento (modulo, evento, descripcion, usuario_creacion, fecha_creacion, usuario_modificacion, fecha_modificacion) VALUES ('ALMACEN', 'NUEVO', 'NUEVA ENTRADA/SALIDA ALMACEN', 'WZAMORA', '2018-05-24 18:05:13.464', NULL, NULL);
INSERT INTO isos.evento (modulo, evento, descripcion, usuario_creacion, fecha_creacion, usuario_modificacion, fecha_modificacion) VALUES ('TRANSFERENCIA', 'NUEVO', 'NUEVA ENTRADA/SALIDA ALMACEN', 'WZAMORA', '2018-05-24 18:05:13.464', NULL, NULL);
INSERT INTO isos.evento (modulo, evento, descripcion, usuario_creacion, fecha_creacion, usuario_modificacion, fecha_modificacion) VALUES ('TRANSFERENCIA', 'LISTAR', 'LISTAR TRANSFERENCIA', 'WZAMORA', '2018-05-24 18:05:13.464', NULL, NULL);
INSERT INTO isos.evento (modulo, evento, descripcion, usuario_creacion, fecha_creacion, usuario_modificacion, fecha_modificacion) VALUES ('VENTA', 'REPORTE', '', 'WZAMORA', '2018-05-24 18:05:13.464', NULL, NULL);
INSERT INTO isos.evento (modulo, evento, descripcion, usuario_creacion, fecha_creacion, usuario_modificacion, fecha_modificacion) VALUES ('CONFIGIMPRESION', 'NUEVO', 'NUEVA CONFIGURACION IMPRESION', 'WZAMORA', '2018-05-24 18:05:13.464', NULL, NULL);
INSERT INTO isos.evento (modulo, evento, descripcion, usuario_creacion, fecha_creacion, usuario_modificacion, fecha_modificacion) VALUES ('CONFIGIMPRESION', 'LISTAR', 'LISTAR CONFIGURACION', 'WZAMORA', '2018-05-24 18:05:13.464', NULL, NULL);
INSERT INTO isos.evento (modulo, evento, descripcion, usuario_creacion, fecha_creacion, usuario_modificacion, fecha_modificacion) VALUES ('TRANSFERENCIA', 'EDITAR', 'EDITAR ENTRADA/SALIDA ALMACEN', 'WZAMORA', '2018-05-24 18:05:13.464', NULL, NULL);
INSERT INTO isos.evento (modulo, evento, descripcion, usuario_creacion, fecha_creacion, usuario_modificacion, fecha_modificacion) VALUES ('PROVEEDOR', 'ELIMINAR', '', 'WZAMORA', '2018-05-24 18:05:13.464', NULL, NULL);
INSERT INTO isos.evento (modulo, evento, descripcion, usuario_creacion, fecha_creacion, usuario_modificacion, fecha_modificacion) VALUES ('SISTEMA', 'ELIMINAR', 'ELIMINAR SISTEMAS', 'WZAMORA', '2018-05-24 18:05:13.464', NULL, NULL);
INSERT INTO isos.evento (modulo, evento, descripcion, usuario_creacion, fecha_creacion, usuario_modificacion, fecha_modificacion) VALUES ('CLASE', 'NUEVO', 'REGISTRAR CLASE', 'WZAMORA', '2018-05-24 18:05:13.464', NULL, NULL);
INSERT INTO isos.evento (modulo, evento, descripcion, usuario_creacion, fecha_creacion, usuario_modificacion, fecha_modificacion) VALUES ('CLASE', 'EDITAR', 'EDITAR CLASE', 'WZAMORA', '2018-05-24 18:05:13.464', NULL, NULL);
INSERT INTO isos.evento (modulo, evento, descripcion, usuario_creacion, fecha_creacion, usuario_modificacion, fecha_modificacion) VALUES ('CLASE', 'ELIMINAR', 'ELIMINAR CLASE', 'WZAMORA', '2018-05-24 18:05:13.464', NULL, NULL);
INSERT INTO isos.evento (modulo, evento, descripcion, usuario_creacion, fecha_creacion, usuario_modificacion, fecha_modificacion) VALUES ('USUARIO', 'LISTAR', 'LISTAR USUARIOS', 'WZAMORA', '2018-05-24 18:05:13.464', NULL, NULL);
INSERT INTO isos.evento (modulo, evento, descripcion, usuario_creacion, fecha_creacion, usuario_modificacion, fecha_modificacion) VALUES ('USUARIO', 'VER', 'VER USUARIOS', 'WZAMORA', '2018-05-24 18:05:13.464', NULL, NULL);
INSERT INTO isos.evento (modulo, evento, descripcion, usuario_creacion, fecha_creacion, usuario_modificacion, fecha_modificacion) VALUES ('USUARIO', 'NUEVO', 'NUEVO USUARIO', 'WZAMORA', '2018-05-24 18:05:13.464', NULL, NULL);
INSERT INTO isos.evento (modulo, evento, descripcion, usuario_creacion, fecha_creacion, usuario_modificacion, fecha_modificacion) VALUES ('USUARIO', 'INACTIVAR', 'INACTIVAR USUARIO', 'WZAMORA', '2018-05-24 18:05:13.464', NULL, NULL);
INSERT INTO isos.evento (modulo, evento, descripcion, usuario_creacion, fecha_creacion, usuario_modificacion, fecha_modificacion) VALUES ('USUARIO', 'CLAVE', 'VER CLAVE', 'WZAMORA', '2018-05-24 18:05:13.464', NULL, NULL);
INSERT INTO isos.evento (modulo, evento, descripcion, usuario_creacion, fecha_creacion, usuario_modificacion, fecha_modificacion) VALUES ('PROFORMA', 'DESCUENTO', 'APLICAR DESCUENTO', 'WZAMORA', '2018-05-24 18:05:13.464', NULL, NULL);
INSERT INTO isos.evento (modulo, evento, descripcion, usuario_creacion, fecha_creacion, usuario_modificacion, fecha_modificacion) VALUES ('PROFORMA', 'AUMENTAPRECIO', 'AUMENTAR PRECIO VENTA', 'WZAMORA', '2018-05-24 18:05:13.464', NULL, NULL);
INSERT INTO isos.evento (modulo, evento, descripcion, usuario_creacion, fecha_creacion, usuario_modificacion, fecha_modificacion) VALUES ('PROFORMA', 'DISMINUYEPRECIO', 'DISMINUIR PRECIO DE VENTA', 'WZAMORA', '2018-05-24 18:05:13.464', NULL, NULL);
INSERT INTO isos.evento (modulo, evento, descripcion, usuario_creacion, fecha_creacion, usuario_modificacion, fecha_modificacion) VALUES ('NOTACREDITO_R', 'ENVIARCORREO', 'ENVIAR CORREO', 'KCARRION', '2019-03-06 09:03:49.341', NULL, NULL);
INSERT INTO isos.evento (modulo, evento, descripcion, usuario_creacion, fecha_creacion, usuario_modificacion, fecha_modificacion) VALUES ('PROFORMA', 'LISTAR', 'LISTAR', 'WZAMORA', '2018-05-24 18:05:13.464', NULL, NULL);
INSERT INTO isos.evento (modulo, evento, descripcion, usuario_creacion, fecha_creacion, usuario_modificacion, fecha_modificacion) VALUES ('PROFORMA', 'NUEVO', 'NUEVO', 'WZAMORA', '2018-05-24 18:05:13.464', NULL, NULL);
INSERT INTO isos.evento (modulo, evento, descripcion, usuario_creacion, fecha_creacion, usuario_modificacion, fecha_modificacion) VALUES ('PROFORMA', 'EDITAR', 'EDITAR', 'WZAMORA', '2018-05-24 18:05:13.464', NULL, NULL);
INSERT INTO isos.evento (modulo, evento, descripcion, usuario_creacion, fecha_creacion, usuario_modificacion, fecha_modificacion) VALUES ('PROFORMA', 'REPORTE', 'REPORTE', 'WZAMORA', '2018-05-24 18:05:13.464', NULL, NULL);
INSERT INTO isos.evento (modulo, evento, descripcion, usuario_creacion, fecha_creacion, usuario_modificacion, fecha_modificacion) VALUES ('VENTA', 'AUMENTAPRECIO', 'AUMENTAR PRECIO VENTA', 'WZAMORA', '2018-05-24 18:05:13.464', NULL, NULL);
INSERT INTO isos.evento (modulo, evento, descripcion, usuario_creacion, fecha_creacion, usuario_modificacion, fecha_modificacion) VALUES ('VENTA', 'DISMINUYEPRECIO', 'DISMINUIR PRECIO DE VENTA', 'WZAMORA', '2018-05-24 18:05:13.464', NULL, NULL);
INSERT INTO isos.evento (modulo, evento, descripcion, usuario_creacion, fecha_creacion, usuario_modificacion, fecha_modificacion) VALUES ('COMPRA', 'ANULAR', 'ANULAR', 'WZAMORA', '2018-05-24 18:05:13.464', NULL, NULL);
INSERT INTO isos.evento (modulo, evento, descripcion, usuario_creacion, fecha_creacion, usuario_modificacion, fecha_modificacion) VALUES ('VENTA', 'ANULAR', 'ANULAR', 'WZAMORA', '2018-05-24 18:05:13.464', NULL, NULL);
INSERT INTO isos.evento (modulo, evento, descripcion, usuario_creacion, fecha_creacion, usuario_modificacion, fecha_modificacion) VALUES ('PROFORMA', 'PRECIOCOMPRA', 'VER PRECIO DE COMPRA', 'WZAMORA', '2018-05-24 18:05:13.464', NULL, NULL);
INSERT INTO isos.evento (modulo, evento, descripcion, usuario_creacion, fecha_creacion, usuario_modificacion, fecha_modificacion) VALUES ('ORDENCOMPRA', 'EDITAR', 'EDITAR ORDEN COMPRA', 'WZAMORA', '2018-05-24 18:05:13.464', NULL, NULL);
INSERT INTO isos.evento (modulo, evento, descripcion, usuario_creacion, fecha_creacion, usuario_modificacion, fecha_modificacion) VALUES ('ORDENCOMPRA', 'REPORTE', 'REPORTE ORDEN COMPRA', 'WZAMORA', '2018-05-24 18:05:13.464', NULL, NULL);
INSERT INTO isos.evento (modulo, evento, descripcion, usuario_creacion, fecha_creacion, usuario_modificacion, fecha_modificacion) VALUES ('VENTA', 'NUEVO', 'NUEVA VENTA', 'WZAMORA', '2018-05-24 18:05:13.464', NULL, NULL);
INSERT INTO isos.evento (modulo, evento, descripcion, usuario_creacion, fecha_creacion, usuario_modificacion, fecha_modificacion) VALUES ('GUIA', 'LISTAR', 'LISTAR GUIA', 'WZAMORA', '2018-05-24 18:05:13.464', NULL, NULL);
INSERT INTO isos.evento (modulo, evento, descripcion, usuario_creacion, fecha_creacion, usuario_modificacion, fecha_modificacion) VALUES ('GUIA', 'NUEVO', 'NUEVO ENTRADA/SALIDA GUIA', 'WZAMORA', '2018-05-24 18:05:13.464', NULL, NULL);
INSERT INTO isos.evento (modulo, evento, descripcion, usuario_creacion, fecha_creacion, usuario_modificacion, fecha_modificacion) VALUES ('GUIA', 'EDITAR', 'EDITAR ENTRADA/SALIDA GUIA', 'WZAMORA', '2018-05-24 18:05:13.464', NULL, NULL);
INSERT INTO isos.evento (modulo, evento, descripcion, usuario_creacion, fecha_creacion, usuario_modificacion, fecha_modificacion) VALUES ('GUIA', 'REPORTE', 'REPORTE', 'WZAMORA', '2018-05-24 18:05:13.464', NULL, NULL);
INSERT INTO isos.evento (modulo, evento, descripcion, usuario_creacion, fecha_creacion, usuario_modificacion, fecha_modificacion) VALUES ('PROVEEDOR', 'EDITARCREDITO', 'EDITAR CREDITO', 'WZAMORA', '2018-05-24 18:05:13.464', NULL, NULL);
INSERT INTO isos.evento (modulo, evento, descripcion, usuario_creacion, fecha_creacion, usuario_modificacion, fecha_modificacion) VALUES ('INVENTARIO', 'LISTAR', 'LISTAR INVENTARIO', 'WZAMORA', '2018-05-24 18:05:13.464', NULL, NULL);
INSERT INTO isos.evento (modulo, evento, descripcion, usuario_creacion, fecha_creacion, usuario_modificacion, fecha_modificacion) VALUES ('ORDENCOMPRA', 'ANULAR', 'ANULAR ORDEN COMPRA', 'WZAMORA', '2018-05-24 18:05:13.464', NULL, NULL);
INSERT INTO isos.evento (modulo, evento, descripcion, usuario_creacion, fecha_creacion, usuario_modificacion, fecha_modificacion) VALUES ('ORDENCOMPRA', 'NUEVO', 'NUEVO ORDEN COMPRA', 'WZAMORA', '2018-05-24 18:05:13.464', NULL, NULL);
INSERT INTO isos.evento (modulo, evento, descripcion, usuario_creacion, fecha_creacion, usuario_modificacion, fecha_modificacion) VALUES ('ORDENCOMPRA', 'LISTAR', 'LISTAR ORDEN COMPRA', 'WZAMORA', '2018-05-24 18:05:13.464', NULL, NULL);
INSERT INTO isos.evento (modulo, evento, descripcion, usuario_creacion, fecha_creacion, usuario_modificacion, fecha_modificacion) VALUES ('USUARIO', 'EDITAR', 'EDITAR USUARIOS', 'WZAMORA', '2018-05-24 18:05:13.464', NULL, NULL);
INSERT INTO isos.evento (modulo, evento, descripcion, usuario_creacion, fecha_creacion, usuario_modificacion, fecha_modificacion) VALUES ('TRANSFERENCIA', 'AUMENTAPRECIO', 'AUMENTAPRECIO', 'WZAMORA', '2018-05-24 18:05:13.464', NULL, NULL);
INSERT INTO isos.evento (modulo, evento, descripcion, usuario_creacion, fecha_creacion, usuario_modificacion, fecha_modificacion) VALUES ('TRANSFERENCIA', 'DISMINUYEPRECIO', 'DISMINUYEPRECIO', 'WZAMORA', '2018-05-24 18:05:13.464', NULL, NULL);
INSERT INTO isos.evento (modulo, evento, descripcion, usuario_creacion, fecha_creacion, usuario_modificacion, fecha_modificacion) VALUES ('TRANSFERENCIA', 'DESCUENTO', 'DESCUENTO', 'WZAMORA', '2018-05-24 18:05:13.464', NULL, NULL);
INSERT INTO isos.evento (modulo, evento, descripcion, usuario_creacion, fecha_creacion, usuario_modificacion, fecha_modificacion) VALUES ('TRANSFERENCIA', 'PRECIOCOMPRA', 'PRECIOCOMPRA', 'WZAMORA', '2018-05-24 18:05:13.464', NULL, NULL);
INSERT INTO isos.evento (modulo, evento, descripcion, usuario_creacion, fecha_creacion, usuario_modificacion, fecha_modificacion) VALUES ('REPORTES', 'LISTAR', 'LISTAR REPORTES', 'WZAMORA', '2018-05-24 18:05:13.464', NULL, NULL);
INSERT INTO isos.evento (modulo, evento, descripcion, usuario_creacion, fecha_creacion, usuario_modificacion, fecha_modificacion) VALUES ('VENTA', 'PRECIOCOMPRA', 'PRECIOCOMPRA', 'WZAMORA', '2018-05-24 18:05:13.464', NULL, NULL);
INSERT INTO isos.evento (modulo, evento, descripcion, usuario_creacion, fecha_creacion, usuario_modificacion, fecha_modificacion) VALUES ('RPTINFORMES', 'LISTAR', 'LISTAR REPORTES INFORMES', 'WZAMORA', '2018-05-24 18:05:13.464', NULL, NULL);
INSERT INTO isos.evento (modulo, evento, descripcion, usuario_creacion, fecha_creacion, usuario_modificacion, fecha_modificacion) VALUES ('RPTGRAFICOS', 'LISTAR', 'LISTAR REPORTES GRAFICOS', 'WZAMORA', '2018-05-24 18:05:13.464', NULL, NULL);
INSERT INTO isos.evento (modulo, evento, descripcion, usuario_creacion, fecha_creacion, usuario_modificacion, fecha_modificacion) VALUES ('CREDITO', 'DETALLE', 'DETALLE', 'WZAMORA', '2018-05-26 12:23:56.181', NULL, NULL);
INSERT INTO isos.evento (modulo, evento, descripcion, usuario_creacion, fecha_creacion, usuario_modificacion, fecha_modificacion) VALUES ('NOTADEBITO_R', 'LISTAR', 'LISTAR', 'KCARRION', '2019-04-29 18:09:52.368', NULL, NULL);
INSERT INTO isos.evento (modulo, evento, descripcion, usuario_creacion, fecha_creacion, usuario_modificacion, fecha_modificacion) VALUES ('NOTADEBITO_E', 'LISTAR', 'LISTAR', 'KCARRION', '2019-04-29 18:10:30.329', NULL, NULL);
INSERT INTO isos.evento (modulo, evento, descripcion, usuario_creacion, fecha_creacion, usuario_modificacion, fecha_modificacion) VALUES ('KARDEXSIMPLE', 'EDITAR', '', 'WZAMORA', '2018-11-06 11:47:51.063', NULL, NULL);
INSERT INTO isos.evento (modulo, evento, descripcion, usuario_creacion, fecha_creacion, usuario_modificacion, fecha_modificacion) VALUES ('TIPOTRIBUTO', 'EDITAR', '', 'WZAMORA', '2018-12-03 17:44:52.979', NULL, NULL);
INSERT INTO isos.evento (modulo, evento, descripcion, usuario_creacion, fecha_creacion, usuario_modificacion, fecha_modificacion) VALUES ('EMPRESACUENTA', 'EDITAR', '', 'WZAMORA', '2018-12-17 10:28:44.35', NULL, NULL);
INSERT INTO isos.evento (modulo, evento, descripcion, usuario_creacion, fecha_creacion, usuario_modificacion, fecha_modificacion) VALUES ('DIARIO', 'NUEVO', '', 'WZAMORA', '2018-12-19 13:02:15.782', NULL, NULL);
INSERT INTO isos.evento (modulo, evento, descripcion, usuario_creacion, fecha_creacion, usuario_modificacion, fecha_modificacion) VALUES ('TIPOIDENTIDAD', 'NUEVO', '', 'WZAMORA', '2019-01-07 11:25:39.561', NULL, NULL);
INSERT INTO isos.evento (modulo, evento, descripcion, usuario_creacion, fecha_creacion, usuario_modificacion, fecha_modificacion) VALUES ('CONDICIONVENTA', 'LISTAR', '', 'WZAMORA', '2019-05-14 12:47:42.869', NULL, NULL);
INSERT INTO isos.evento (modulo, evento, descripcion, usuario_creacion, fecha_creacion, usuario_modificacion, fecha_modificacion) VALUES ('CONDICIONVENTA', 'NUEVO', '', 'WZAMORA', '2019-05-14 12:47:48.472', NULL, NULL);
INSERT INTO isos.evento (modulo, evento, descripcion, usuario_creacion, fecha_creacion, usuario_modificacion, fecha_modificacion) VALUES ('CONDICIONVENTA', 'EDITAR', '', 'WZAMORA', '2019-05-14 12:47:55.548', NULL, NULL);
INSERT INTO isos.evento (modulo, evento, descripcion, usuario_creacion, fecha_creacion, usuario_modificacion, fecha_modificacion) VALUES ('ALERTAS', 'VENTASXCOBRAR', '', 'WZAMORA', '2019-05-16 12:12:13.694', NULL, NULL);
INSERT INTO isos.evento (modulo, evento, descripcion, usuario_creacion, fecha_creacion, usuario_modificacion, fecha_modificacion) VALUES ('PEDIDOVENTA', 'LISTAR', '', 'WZAMORA', '2019-05-27 10:54:53.366', NULL, NULL);
INSERT INTO isos.evento (modulo, evento, descripcion, usuario_creacion, fecha_creacion, usuario_modificacion, fecha_modificacion) VALUES ('PEDIDOVENTA', 'EDITAR', '', 'WZAMORA', '2019-05-27 10:54:57.727', NULL, NULL);
INSERT INTO isos.evento (modulo, evento, descripcion, usuario_creacion, fecha_creacion, usuario_modificacion, fecha_modificacion) VALUES ('PEDIDOVENTA', 'NUEVO', '', 'WZAMORA', '2019-05-27 10:55:01.616', NULL, NULL);
INSERT INTO isos.evento (modulo, evento, descripcion, usuario_creacion, fecha_creacion, usuario_modificacion, fecha_modificacion) VALUES ('PEDIDOVENTA', 'REPORTE', 'Exportar PDF', 'WZAMORA', '2019-06-15 12:31:07.153', NULL, NULL);
INSERT INTO isos.evento (modulo, evento, descripcion, usuario_creacion, fecha_creacion, usuario_modificacion, fecha_modificacion) VALUES ('NOTIFICACIONES', 'LISTAR', 'Listar notificaciones', 'WZAMORA', '2019-06-17 10:29:06.281', NULL, NULL);
INSERT INTO isos.evento (modulo, evento, descripcion, usuario_creacion, fecha_creacion, usuario_modificacion, fecha_modificacion) VALUES ('NOTACREDITO_E', 'ANULAR', 'Anular nota de crédito', 'WZAMORA', '2019-06-25 10:08:53.753', NULL, NULL);
INSERT INTO isos.evento (modulo, evento, descripcion, usuario_creacion, fecha_creacion, usuario_modificacion, fecha_modificacion) VALUES ('RECEPCION', 'LISTAR', '', 'WZAMORA', '2019-07-30 15:45:12.712', NULL, NULL);
INSERT INTO isos.evento (modulo, evento, descripcion, usuario_creacion, fecha_creacion, usuario_modificacion, fecha_modificacion) VALUES ('RECEPCION', 'EDITAR', '', 'WZAMORA', '2019-07-30 15:45:18.318', NULL, NULL);
INSERT INTO isos.evento (modulo, evento, descripcion, usuario_creacion, fecha_creacion, usuario_modificacion, fecha_modificacion) VALUES ('RECEPCION', 'NUEVO', '', 'WZAMORA', '2019-07-30 15:45:25.964', NULL, NULL);
INSERT INTO isos.evento (modulo, evento, descripcion, usuario_creacion, fecha_creacion, usuario_modificacion, fecha_modificacion) VALUES ('NOTADEBITO_R', 'EDITAR', '', 'WZAMORA', '2019-08-10 12:31:03.613', NULL, NULL);
INSERT INTO isos.evento (modulo, evento, descripcion, usuario_creacion, fecha_creacion, usuario_modificacion, fecha_modificacion) VALUES ('NOTACREDITO_R', 'EDITAR', '', 'WZAMORA', '2019-08-10 12:34:40.987', NULL, NULL);
INSERT INTO isos.evento (modulo, evento, descripcion, usuario_creacion, fecha_creacion, usuario_modificacion, fecha_modificacion) VALUES ('NOTADEBITO_E', 'EDITAR', '', 'WZAMORA', '2019-08-28 09:59:06.337', NULL, NULL);
INSERT INTO isos.evento (modulo, evento, descripcion, usuario_creacion, fecha_creacion, usuario_modificacion, fecha_modificacion) VALUES ('UNSPSC', 'LISTAR', '', 'WZAMORA', '2019-10-16 11:25:44.81', NULL, NULL);
INSERT INTO isos.evento (modulo, evento, descripcion, usuario_creacion, fecha_creacion, usuario_modificacion, fecha_modificacion) VALUES ('MIPERFIL', 'CAMBIARCLAVE', '', 'WZAMORA', '2019-10-21 12:03:31.815', NULL, NULL);
INSERT INTO isos.evento (modulo, evento, descripcion, usuario_creacion, fecha_creacion, usuario_modificacion, fecha_modificacion) VALUES ('GUIA', 'ENVIARCORREO', '', 'WZAMORA', '2019-10-29 17:30:07.23', NULL, NULL);
INSERT INTO isos.evento (modulo, evento, descripcion, usuario_creacion, fecha_creacion, usuario_modificacion, fecha_modificacion) VALUES ('DETRACCION', 'LISTAR', '', 'WZAMORA', '2019-12-30 10:11:06.334', NULL, NULL);
INSERT INTO isos.evento (modulo, evento, descripcion, usuario_creacion, fecha_creacion, usuario_modificacion, fecha_modificacion) VALUES ('DETRACCION', 'EDITAR', '', 'WZAMORA', '2020-01-04 11:28:56.169', NULL, NULL);
INSERT INTO isos.evento (modulo, evento, descripcion, usuario_creacion, fecha_creacion, usuario_modificacion, fecha_modificacion) VALUES ('DETRACCION_V', 'EDITAR', '', 'WZAMORA', '2020-01-04 11:29:42.503', NULL, NULL);
INSERT INTO isos.evento (modulo, evento, descripcion, usuario_creacion, fecha_creacion, usuario_modificacion, fecha_modificacion) VALUES ('DETRACCION_C', 'EDITAR', '', 'WZAMORA', '2020-01-04 11:29:52.569', NULL, NULL);
INSERT INTO isos.evento (modulo, evento, descripcion, usuario_creacion, fecha_creacion, usuario_modificacion, fecha_modificacion) VALUES ('CONCEPTODETRACCION', 'NUEVO', '', 'WZAMORA', '2020-01-07 12:22:52.124', NULL, NULL);
INSERT INTO isos.evento (modulo, evento, descripcion, usuario_creacion, fecha_creacion, usuario_modificacion, fecha_modificacion) VALUES ('CONCEPTODETRACCION', 'LISTAR', '', 'WZAMORA', '2020-01-07 12:22:56.931', NULL, NULL);
INSERT INTO isos.evento (modulo, evento, descripcion, usuario_creacion, fecha_creacion, usuario_modificacion, fecha_modificacion) VALUES ('CONCEPTODETRACCION', 'EDITAR', '', 'WZAMORA', '2020-01-07 12:23:02.224', NULL, NULL);
INSERT INTO isos.evento (modulo, evento, descripcion, usuario_creacion, fecha_creacion, usuario_modificacion, fecha_modificacion) VALUES ('TIPOOPERACION', 'LISTAR', '', 'WZAMORA', '2020-01-07 17:17:19.349', NULL, NULL);
INSERT INTO isos.evento (modulo, evento, descripcion, usuario_creacion, fecha_creacion, usuario_modificacion, fecha_modificacion) VALUES ('TIPOOPERACION', 'EDITAR', '', 'WZAMORA', '2020-01-07 17:17:24.154', NULL, NULL);
INSERT INTO isos.evento (modulo, evento, descripcion, usuario_creacion, fecha_creacion, usuario_modificacion, fecha_modificacion) VALUES ('TIPOOPERACION', 'NUEVO', '', 'WZAMORA', '2020-01-07 17:17:30.362', NULL, NULL);
INSERT INTO isos.evento (modulo, evento, descripcion, usuario_creacion, fecha_creacion, usuario_modificacion, fecha_modificacion) VALUES ('ORDENTRABAJO', 'LISTAR', '', 'WZAMORA', '2020-01-14 09:30:16.847', NULL, NULL);
INSERT INTO isos.evento (modulo, evento, descripcion, usuario_creacion, fecha_creacion, usuario_modificacion, fecha_modificacion) VALUES ('ORDENTRABAJO', 'EDITAR', '', 'WZAMORA', '2020-01-14 09:30:21.521', NULL, NULL);
INSERT INTO isos.evento (modulo, evento, descripcion, usuario_creacion, fecha_creacion, usuario_modificacion, fecha_modificacion) VALUES ('ORDENTRABAJO', 'NUEVO', '', 'WZAMORA', '2020-01-14 09:30:25.883', NULL, NULL);
INSERT INTO isos.evento (modulo, evento, descripcion, usuario_creacion, fecha_creacion, usuario_modificacion, fecha_modificacion) VALUES ('ORDENTRABAJO', 'IMPRIMIR', '', 'WZAMORA', '2020-01-16 10:01:23.3', NULL, NULL);
INSERT INTO isos.evento (modulo, evento, descripcion, usuario_creacion, fecha_creacion, usuario_modificacion, fecha_modificacion) VALUES ('DASHBOARD', 'VER', 'VER', 'WZAMORA', '2020-02-06 15:38:22.507', NULL, NULL);
INSERT INTO isos.evento (modulo, evento, descripcion, usuario_creacion, fecha_creacion, usuario_modificacion, fecha_modificacion) VALUES ('PROFORMA', 'ANULAR', 'ANULAR', 'WZAMORA', '2020-02-29 11:00:53.818', NULL, NULL);
INSERT INTO isos.evento (modulo, evento, descripcion, usuario_creacion, fecha_creacion, usuario_modificacion, fecha_modificacion) VALUES ('PROVEEDOR', 'HISTORIAL', '', 'WZAMORA', '2020-03-02 11:18:21.522', NULL, NULL);
INSERT INTO isos.evento (modulo, evento, descripcion, usuario_creacion, fecha_creacion, usuario_modificacion, fecha_modificacion) VALUES ('MOTIVOANULACION', 'LISTAR', '', 'WZAMORA', '2020-04-18 10:53:19.925', NULL, NULL);
INSERT INTO isos.evento (modulo, evento, descripcion, usuario_creacion, fecha_creacion, usuario_modificacion, fecha_modificacion) VALUES ('MOTIVOANULACION', 'NUEVO', '', 'WZAMORA', '2020-04-18 10:53:25.448', NULL, NULL);
INSERT INTO isos.evento (modulo, evento, descripcion, usuario_creacion, fecha_creacion, usuario_modificacion, fecha_modificacion) VALUES ('MOTIVOANULACION', 'EDITAR', '', 'WZAMORA', '2020-04-18 10:53:30.049', NULL, NULL);
INSERT INTO isos.evento (modulo, evento, descripcion, usuario_creacion, fecha_creacion, usuario_modificacion, fecha_modificacion) VALUES ('CLIENTE', 'HISTORIAL', '', 'WZAMORA', '2020-04-27 13:05:56.267', NULL, NULL);
INSERT INTO isos.evento (modulo, evento, descripcion, usuario_creacion, fecha_creacion, usuario_modificacion, fecha_modificacion) VALUES ('RECIBOHONORARIOS', 'NUEVO', '', 'WZAMORA', '2020-05-04 21:07:39.142', NULL, NULL);
INSERT INTO isos.evento (modulo, evento, descripcion, usuario_creacion, fecha_creacion, usuario_modificacion, fecha_modificacion) VALUES ('RECIBOHONORARIOS', 'LISTAR', '', 'WZAMORA', '2020-05-04 21:07:44.452', NULL, NULL);
INSERT INTO isos.evento (modulo, evento, descripcion, usuario_creacion, fecha_creacion, usuario_modificacion, fecha_modificacion) VALUES ('RECIBOHONORARIOS', 'EDITAR', '', 'WZAMORA', '2020-05-04 21:07:48.641', NULL, NULL);
INSERT INTO isos.evento (modulo, evento, descripcion, usuario_creacion, fecha_creacion, usuario_modificacion, fecha_modificacion) VALUES ('COMPRA', 'ELIMINAR', '', 'WZAMORA', '2020-05-12 23:19:03.829', NULL, NULL);
INSERT INTO isos.evento (modulo, evento, descripcion, usuario_creacion, fecha_creacion, usuario_modificacion, fecha_modificacion) VALUES ('ORDENTRABAJO', 'ANULAR', '', 'WZAMORA', '2020-06-05 11:41:13.477', NULL, NULL);
INSERT INTO isos.evento (modulo, evento, descripcion, usuario_creacion, fecha_creacion, usuario_modificacion, fecha_modificacion) VALUES ('NOTACREDITO_E', 'EDITAR', '', 'WZAMORA', '2020-06-06 13:47:31.841', NULL, NULL);
INSERT INTO isos.evento (modulo, evento, descripcion, usuario_creacion, fecha_creacion, usuario_modificacion, fecha_modificacion) VALUES ('CAJA', 'APERTURAR', '', 'WZAMORA', '2020-06-26 16:37:23.289', NULL, NULL);
INSERT INTO isos.evento (modulo, evento, descripcion, usuario_creacion, fecha_creacion, usuario_modificacion, fecha_modificacion) VALUES ('CAJA', 'CERRAR', '', 'WZAMORA', '2020-06-26 16:37:29.076', NULL, NULL);
INSERT INTO isos.evento (modulo, evento, descripcion, usuario_creacion, fecha_creacion, usuario_modificacion, fecha_modificacion) VALUES ('ORDENTRABAJO', 'ELIMINAR', '', 'WZAMORA', '2020-06-30 19:06:47.967', NULL, NULL);
INSERT INTO isos.evento (modulo, evento, descripcion, usuario_creacion, fecha_creacion, usuario_modificacion, fecha_modificacion) VALUES ('ORDENTRABAJO', 'SUBITEM', '', 'WZAMORA', '2020-06-30 19:06:53.28', NULL, NULL);


--
-- TOC entry 3645 (class 0 OID 21548)
-- Dependencies: 244
-- Data for Name: evento_x_perfil; Type: TABLE DATA; Schema: isos; Owner: uisos
--

INSERT INTO isos.evento_x_perfil (modulo, evento, cod_perfil) VALUES ('FORMAPAGO', 'EDITAR', 'AD');
INSERT INTO isos.evento_x_perfil (modulo, evento, cod_perfil) VALUES ('FORMAPAGO', 'ELIMINAR', 'AD');
INSERT INTO isos.evento_x_perfil (modulo, evento, cod_perfil) VALUES ('FORMAPAGO', 'LISTAR', 'AD');
INSERT INTO isos.evento_x_perfil (modulo, evento, cod_perfil) VALUES ('FORMAPAGO', 'NUEVO', 'AD');
INSERT INTO isos.evento_x_perfil (modulo, evento, cod_perfil) VALUES ('EMPRESA', 'EDITAR', 'AD');
INSERT INTO isos.evento_x_perfil (modulo, evento, cod_perfil) VALUES ('EMPRESA', 'ELIMINAR', 'AD');
INSERT INTO isos.evento_x_perfil (modulo, evento, cod_perfil) VALUES ('EMPRESA', 'LISTAR', 'AD');
INSERT INTO isos.evento_x_perfil (modulo, evento, cod_perfil) VALUES ('EMPRESA', 'NUEVO', 'AD');
INSERT INTO isos.evento_x_perfil (modulo, evento, cod_perfil) VALUES ('TRABAJADOR', 'EDITAR', 'AD');
INSERT INTO isos.evento_x_perfil (modulo, evento, cod_perfil) VALUES ('TRABAJADOR', 'ELIMINAR', 'AD');
INSERT INTO isos.evento_x_perfil (modulo, evento, cod_perfil) VALUES ('TRABAJADOR', 'LISTAR', 'AD');
INSERT INTO isos.evento_x_perfil (modulo, evento, cod_perfil) VALUES ('TRABAJADOR', 'NUEVO', 'AD');
INSERT INTO isos.evento_x_perfil (modulo, evento, cod_perfil) VALUES ('ALMACEN', 'NUEVO', 'AD');
INSERT INTO isos.evento_x_perfil (modulo, evento, cod_perfil) VALUES ('ALMACEN', 'REPORTE', 'AD');
INSERT INTO isos.evento_x_perfil (modulo, evento, cod_perfil) VALUES ('TRANSFERENCIA', 'AUMENTAPRECIO', 'AD');
INSERT INTO isos.evento_x_perfil (modulo, evento, cod_perfil) VALUES ('TRANSFERENCIA', 'DESCUENTO', 'AD');
INSERT INTO isos.evento_x_perfil (modulo, evento, cod_perfil) VALUES ('TRANSFERENCIA', 'DISMINUYEPRECIO', 'AD');
INSERT INTO isos.evento_x_perfil (modulo, evento, cod_perfil) VALUES ('TRANSFERENCIA', 'EDITAR', 'AD');
INSERT INTO isos.evento_x_perfil (modulo, evento, cod_perfil) VALUES ('TRANSFERENCIA', 'LISTAR', 'AD');
INSERT INTO isos.evento_x_perfil (modulo, evento, cod_perfil) VALUES ('TRANSFERENCIA', 'NUEVO', 'AD');
INSERT INTO isos.evento_x_perfil (modulo, evento, cod_perfil) VALUES ('TRANSFERENCIA', 'PRECIOCOMPRA', 'AD');
INSERT INTO isos.evento_x_perfil (modulo, evento, cod_perfil) VALUES ('TRANSFERENCIA', 'REPORTE', 'AD');
INSERT INTO isos.evento_x_perfil (modulo, evento, cod_perfil) VALUES ('CONFIGIMPRESION', 'LISTAR', 'AD');
INSERT INTO isos.evento_x_perfil (modulo, evento, cod_perfil) VALUES ('CONFIGIMPRESION', 'NUEVO', 'AD');
INSERT INTO isos.evento_x_perfil (modulo, evento, cod_perfil) VALUES ('TIPOTRIBUTO', 'EDITAR', 'AD');
INSERT INTO isos.evento_x_perfil (modulo, evento, cod_perfil) VALUES ('TIPOTRIBUTO', 'LISTAR', 'AD');
INSERT INTO isos.evento_x_perfil (modulo, evento, cod_perfil) VALUES ('TIPOTRIBUTO', 'NUEVO', 'AD');
INSERT INTO isos.evento_x_perfil (modulo, evento, cod_perfil) VALUES ('TIPOIDENTIDAD', 'EDITAR', 'AD');
INSERT INTO isos.evento_x_perfil (modulo, evento, cod_perfil) VALUES ('TIPOIDENTIDAD', 'LISTAR', 'AD');
INSERT INTO isos.evento_x_perfil (modulo, evento, cod_perfil) VALUES ('TIPOIDENTIDAD', 'NUEVO', 'AD');
INSERT INTO isos.evento_x_perfil (modulo, evento, cod_perfil) VALUES ('DEUDA', 'EDITAR', 'AD');
INSERT INTO isos.evento_x_perfil (modulo, evento, cod_perfil) VALUES ('DEUDA', 'LISTAR', 'AD');
INSERT INTO isos.evento_x_perfil (modulo, evento, cod_perfil) VALUES ('VENTA', 'INCLUIDOIGV', 'AD');
INSERT INTO isos.evento_x_perfil (modulo, evento, cod_perfil) VALUES ('VENTA', 'CREDITO', 'AD');
INSERT INTO isos.evento_x_perfil (modulo, evento, cod_perfil) VALUES ('USUARIO', 'CLAVE', 'AD');
INSERT INTO isos.evento_x_perfil (modulo, evento, cod_perfil) VALUES ('USUARIO', 'EDITAR', 'AD');
INSERT INTO isos.evento_x_perfil (modulo, evento, cod_perfil) VALUES ('USUARIO', 'INACTIVAR', 'AD');
INSERT INTO isos.evento_x_perfil (modulo, evento, cod_perfil) VALUES ('EMPRESA', 'EDITAR', 'SY');
INSERT INTO isos.evento_x_perfil (modulo, evento, cod_perfil) VALUES ('EMPRESA', 'ELIMINAR', 'SY');
INSERT INTO isos.evento_x_perfil (modulo, evento, cod_perfil) VALUES ('EMPRESA', 'LISTAR', 'SY');
INSERT INTO isos.evento_x_perfil (modulo, evento, cod_perfil) VALUES ('EMPRESA', 'NUEVO', 'SY');
INSERT INTO isos.evento_x_perfil (modulo, evento, cod_perfil) VALUES ('LINEA', 'EDITAR', 'SY');
INSERT INTO isos.evento_x_perfil (modulo, evento, cod_perfil) VALUES ('LINEA', 'LISTAR', 'SY');
INSERT INTO isos.evento_x_perfil (modulo, evento, cod_perfil) VALUES ('LINEA', 'NUEVO', 'SY');
INSERT INTO isos.evento_x_perfil (modulo, evento, cod_perfil) VALUES ('MENU', 'EDITAR', 'SY');
INSERT INTO isos.evento_x_perfil (modulo, evento, cod_perfil) VALUES ('MENU', 'LISTAR', 'SY');
INSERT INTO isos.evento_x_perfil (modulo, evento, cod_perfil) VALUES ('MENU', 'NUEVO', 'SY');
INSERT INTO isos.evento_x_perfil (modulo, evento, cod_perfil) VALUES ('MODULO', 'EDITAR', 'SY');
INSERT INTO isos.evento_x_perfil (modulo, evento, cod_perfil) VALUES ('MODULO', 'LISTAR', 'SY');
INSERT INTO isos.evento_x_perfil (modulo, evento, cod_perfil) VALUES ('MODULO', 'NUEVO', 'SY');
INSERT INTO isos.evento_x_perfil (modulo, evento, cod_perfil) VALUES ('PERFIL', 'EDITAR', 'SY');
INSERT INTO isos.evento_x_perfil (modulo, evento, cod_perfil) VALUES ('PERFIL', 'LISTAR', 'SY');
INSERT INTO isos.evento_x_perfil (modulo, evento, cod_perfil) VALUES ('PERFIL', 'NUEVO', 'SY');
INSERT INTO isos.evento_x_perfil (modulo, evento, cod_perfil) VALUES ('PRODUCTO', 'DESACTIVAR', 'SY');
INSERT INTO isos.evento_x_perfil (modulo, evento, cod_perfil) VALUES ('PRODUCTO', 'EDITAR', 'SY');
INSERT INTO isos.evento_x_perfil (modulo, evento, cod_perfil) VALUES ('PRODUCTO', 'LISTAR', 'SY');
INSERT INTO isos.evento_x_perfil (modulo, evento, cod_perfil) VALUES ('PRODUCTO', 'NUEVO', 'SY');
INSERT INTO isos.evento_x_perfil (modulo, evento, cod_perfil) VALUES ('VENTA', 'DESCUENTO', 'AD');
INSERT INTO isos.evento_x_perfil (modulo, evento, cod_perfil) VALUES ('PROVEEDOR', 'EDITAR', 'SY');
INSERT INTO isos.evento_x_perfil (modulo, evento, cod_perfil) VALUES ('PROVEEDOR', 'LISTAR', 'SY');
INSERT INTO isos.evento_x_perfil (modulo, evento, cod_perfil) VALUES ('PROVEEDOR', 'NUEVO', 'SY');
INSERT INTO isos.evento_x_perfil (modulo, evento, cod_perfil) VALUES ('SISTEMA', 'EDITAR', 'SY');
INSERT INTO isos.evento_x_perfil (modulo, evento, cod_perfil) VALUES ('SISTEMA', 'LISTAR', 'SY');
INSERT INTO isos.evento_x_perfil (modulo, evento, cod_perfil) VALUES ('SISTEMA', 'NUEVO', 'SY');
INSERT INTO isos.evento_x_perfil (modulo, evento, cod_perfil) VALUES ('TIPODOCUMENTO', 'CONFIGURAR', 'SY');
INSERT INTO isos.evento_x_perfil (modulo, evento, cod_perfil) VALUES ('TIPODOCUMENTO', 'EDITAR', 'SY');
INSERT INTO isos.evento_x_perfil (modulo, evento, cod_perfil) VALUES ('TIPODOCUMENTO', 'LISTAR', 'SY');
INSERT INTO isos.evento_x_perfil (modulo, evento, cod_perfil) VALUES ('TIPODOCUMENTO', 'NUEVO', 'SY');
INSERT INTO isos.evento_x_perfil (modulo, evento, cod_perfil) VALUES ('CLASE', 'LISTAR', 'SY');
INSERT INTO isos.evento_x_perfil (modulo, evento, cod_perfil) VALUES ('USUARIO', 'LISTAR', 'AD');
INSERT INTO isos.evento_x_perfil (modulo, evento, cod_perfil) VALUES ('USUARIO', 'NUEVO', 'AD');
INSERT INTO isos.evento_x_perfil (modulo, evento, cod_perfil) VALUES ('USUARIO', 'VER', 'AD');
INSERT INTO isos.evento_x_perfil (modulo, evento, cod_perfil) VALUES ('KARDEXVALORADO', 'LISTAR', 'AD');
INSERT INTO isos.evento_x_perfil (modulo, evento, cod_perfil) VALUES ('KARDEXVALORADO', 'EDITAR', 'AD');
INSERT INTO isos.evento_x_perfil (modulo, evento, cod_perfil) VALUES ('SOLICITUDCOMPRA', 'EDITAR', 'SY');
INSERT INTO isos.evento_x_perfil (modulo, evento, cod_perfil) VALUES ('FORMAPAGO', 'LISTAR', 'SY');
INSERT INTO isos.evento_x_perfil (modulo, evento, cod_perfil) VALUES ('FORMAPAGO', 'NUEVO', 'SY');
INSERT INTO isos.evento_x_perfil (modulo, evento, cod_perfil) VALUES ('FORMAPAGO', 'EDITAR', 'SY');
INSERT INTO isos.evento_x_perfil (modulo, evento, cod_perfil) VALUES ('FORMAPAGO', 'ELIMINAR', 'SY');
INSERT INTO isos.evento_x_perfil (modulo, evento, cod_perfil) VALUES ('VENTA', 'NUEVO', 'AD');
INSERT INTO isos.evento_x_perfil (modulo, evento, cod_perfil) VALUES ('VENTA', 'LISTAR', 'AD');
INSERT INTO isos.evento_x_perfil (modulo, evento, cod_perfil) VALUES ('VENTA', 'EDITAR', 'AD');
INSERT INTO isos.evento_x_perfil (modulo, evento, cod_perfil) VALUES ('SOLICITUDCOMPRA', 'ENVIARCORREO', 'SY');
INSERT INTO isos.evento_x_perfil (modulo, evento, cod_perfil) VALUES ('SOLICITUDCOMPRA', 'LISTAR', 'SY');
INSERT INTO isos.evento_x_perfil (modulo, evento, cod_perfil) VALUES ('SOLICITUDCOMPRA', 'NUEVO', 'SY');
INSERT INTO isos.evento_x_perfil (modulo, evento, cod_perfil) VALUES ('SOLICITUDCOMPRA', 'PROCESARCC', 'SY');
INSERT INTO isos.evento_x_perfil (modulo, evento, cod_perfil) VALUES ('ENTIDADFINANCIE', 'LISTAR', 'SY');
INSERT INTO isos.evento_x_perfil (modulo, evento, cod_perfil) VALUES ('ENTIDADFINANCIE', 'NUEVO', 'SY');
INSERT INTO isos.evento_x_perfil (modulo, evento, cod_perfil) VALUES ('ENTIDADFINANCIE', 'EDITAR', 'SY');
INSERT INTO isos.evento_x_perfil (modulo, evento, cod_perfil) VALUES ('ENTIDADFINANCIE', 'ELIMINAR', 'SY');
INSERT INTO isos.evento_x_perfil (modulo, evento, cod_perfil) VALUES ('VENTA', 'REPORTE', 'AD');
INSERT INTO isos.evento_x_perfil (modulo, evento, cod_perfil) VALUES ('CONFIGIMPRESION', 'NUEVO', 'SY');
INSERT INTO isos.evento_x_perfil (modulo, evento, cod_perfil) VALUES ('SOLICITUDCOMPRA', 'REPORTE', 'SY');
INSERT INTO isos.evento_x_perfil (modulo, evento, cod_perfil) VALUES ('SOLICITUDCOMPRA', 'VER', 'SY');
INSERT INTO isos.evento_x_perfil (modulo, evento, cod_perfil) VALUES ('VENTA', 'ANULAR', 'SY');
INSERT INTO isos.evento_x_perfil (modulo, evento, cod_perfil) VALUES ('VENTA', 'AUMENTAPRECIO', 'SY');
INSERT INTO isos.evento_x_perfil (modulo, evento, cod_perfil) VALUES ('VENTA', 'CREDITO', 'SY');
INSERT INTO isos.evento_x_perfil (modulo, evento, cod_perfil) VALUES ('VENTA', 'DESCUENTO', 'SY');
INSERT INTO isos.evento_x_perfil (modulo, evento, cod_perfil) VALUES ('VENTA', 'DISMINUYEPRECIO', 'SY');
INSERT INTO isos.evento_x_perfil (modulo, evento, cod_perfil) VALUES ('VENTA', 'EDITAR', 'SY');
INSERT INTO isos.evento_x_perfil (modulo, evento, cod_perfil) VALUES ('VENTA', 'ENVIARCORREO', 'SY');
INSERT INTO isos.evento_x_perfil (modulo, evento, cod_perfil) VALUES ('VENTA', 'INCLUIDOIGV', 'SY');
INSERT INTO isos.evento_x_perfil (modulo, evento, cod_perfil) VALUES ('VENTA', 'LISTAR', 'SY');
INSERT INTO isos.evento_x_perfil (modulo, evento, cod_perfil) VALUES ('VENTA', 'NUEVO', 'SY');
INSERT INTO isos.evento_x_perfil (modulo, evento, cod_perfil) VALUES ('VENTA', 'PRECIOCOMPRA', 'SY');
INSERT INTO isos.evento_x_perfil (modulo, evento, cod_perfil) VALUES ('VENTA', 'REPORTE', 'SY');
INSERT INTO isos.evento_x_perfil (modulo, evento, cod_perfil) VALUES ('ORDENCOMPRA', 'REPORTE', 'SY');
INSERT INTO isos.evento_x_perfil (modulo, evento, cod_perfil) VALUES ('ORDENCOMPRA', 'ENVIARCORREO', 'SY');
INSERT INTO isos.evento_x_perfil (modulo, evento, cod_perfil) VALUES ('ORDENCOMPRA', 'EDITAR', 'SY');
INSERT INTO isos.evento_x_perfil (modulo, evento, cod_perfil) VALUES ('ORDENCOMPRA', 'ANULAR', 'SY');
INSERT INTO isos.evento_x_perfil (modulo, evento, cod_perfil) VALUES ('ORDENCOMPRA', 'NUEVO', 'SY');
INSERT INTO isos.evento_x_perfil (modulo, evento, cod_perfil) VALUES ('ORDENCOMPRA', 'LISTAR', 'SY');
INSERT INTO isos.evento_x_perfil (modulo, evento, cod_perfil) VALUES ('COMPRA', 'ANULAR', 'SY');
INSERT INTO isos.evento_x_perfil (modulo, evento, cod_perfil) VALUES ('COMPRA', 'DEUDA', 'SY');
INSERT INTO isos.evento_x_perfil (modulo, evento, cod_perfil) VALUES ('COMPRA', 'EDITAR', 'SY');
INSERT INTO isos.evento_x_perfil (modulo, evento, cod_perfil) VALUES ('COMPRA', 'LISTAR', 'SY');
INSERT INTO isos.evento_x_perfil (modulo, evento, cod_perfil) VALUES ('COMPRA', 'NUEVO', 'SY');
INSERT INTO isos.evento_x_perfil (modulo, evento, cod_perfil) VALUES ('DEUDA', 'EDITAR', 'SY');
INSERT INTO isos.evento_x_perfil (modulo, evento, cod_perfil) VALUES ('DEUDA', 'LISTAR', 'SY');
INSERT INTO isos.evento_x_perfil (modulo, evento, cod_perfil) VALUES ('MARCA', 'EDITAR', 'SY');
INSERT INTO isos.evento_x_perfil (modulo, evento, cod_perfil) VALUES ('MARCA', 'ELIMINAR', 'SY');
INSERT INTO isos.evento_x_perfil (modulo, evento, cod_perfil) VALUES ('MARCA', 'LISTAR', 'SY');
INSERT INTO isos.evento_x_perfil (modulo, evento, cod_perfil) VALUES ('MARCA', 'NUEVO', 'SY');
INSERT INTO isos.evento_x_perfil (modulo, evento, cod_perfil) VALUES ('INVENTARIO', 'LISTAR', 'SY');
INSERT INTO isos.evento_x_perfil (modulo, evento, cod_perfil) VALUES ('TCAMBIO', 'EDITAR', 'SY');
INSERT INTO isos.evento_x_perfil (modulo, evento, cod_perfil) VALUES ('TCAMBIO', 'ELIMINAR', 'SY');
INSERT INTO isos.evento_x_perfil (modulo, evento, cod_perfil) VALUES ('TCAMBIO', 'LISTAR', 'SY');
INSERT INTO isos.evento_x_perfil (modulo, evento, cod_perfil) VALUES ('TCAMBIO', 'NUEVO', 'SY');
INSERT INTO isos.evento_x_perfil (modulo, evento, cod_perfil) VALUES ('TCUENTA', 'EDITAR', 'SY');
INSERT INTO isos.evento_x_perfil (modulo, evento, cod_perfil) VALUES ('TCUENTA', 'ELIMINAR', 'SY');
INSERT INTO isos.evento_x_perfil (modulo, evento, cod_perfil) VALUES ('TCUENTA', 'LISTAR', 'SY');
INSERT INTO isos.evento_x_perfil (modulo, evento, cod_perfil) VALUES ('TCUENTA', 'NUEVO', 'SY');
INSERT INTO isos.evento_x_perfil (modulo, evento, cod_perfil) VALUES ('TMONEDA', 'EDITAR', 'SY');
INSERT INTO isos.evento_x_perfil (modulo, evento, cod_perfil) VALUES ('VENTA', 'AUMENTAPRECIO', 'AD');
INSERT INTO isos.evento_x_perfil (modulo, evento, cod_perfil) VALUES ('VENTA', 'DISMINUYEPRECIO', 'AD');
INSERT INTO isos.evento_x_perfil (modulo, evento, cod_perfil) VALUES ('VENTA', 'ANULAR', 'AD');
INSERT INTO isos.evento_x_perfil (modulo, evento, cod_perfil) VALUES ('MODULO', 'ELIMINAR', 'SY');
INSERT INTO isos.evento_x_perfil (modulo, evento, cod_perfil) VALUES ('ESTADO', 'NUEVO', 'SY');
INSERT INTO isos.evento_x_perfil (modulo, evento, cod_perfil) VALUES ('ESTADO', 'LISTAR', 'SY');
INSERT INTO isos.evento_x_perfil (modulo, evento, cod_perfil) VALUES ('REPORTES', 'LISTAR', 'AD');
INSERT INTO isos.evento_x_perfil (modulo, evento, cod_perfil) VALUES ('RPTINFORMES', 'LISTAR', 'AD');
INSERT INTO isos.evento_x_perfil (modulo, evento, cod_perfil) VALUES ('RPTGRAFICOS', 'LISTAR', 'AD');
INSERT INTO isos.evento_x_perfil (modulo, evento, cod_perfil) VALUES ('CREDITO', 'LISTAR', 'AD');
INSERT INTO isos.evento_x_perfil (modulo, evento, cod_perfil) VALUES ('CREDITO', 'DETALLE', 'AD');
INSERT INTO isos.evento_x_perfil (modulo, evento, cod_perfil) VALUES ('CREDITO', 'ANULARPAGO', 'AD');
INSERT INTO isos.evento_x_perfil (modulo, evento, cod_perfil) VALUES ('NOTACREDITO', 'LISTAR', 'AD');
INSERT INTO isos.evento_x_perfil (modulo, evento, cod_perfil) VALUES ('NOTACREDITO', 'NUEVO', 'AD');
INSERT INTO isos.evento_x_perfil (modulo, evento, cod_perfil) VALUES ('NOTACREDITO', 'EDITAR', 'AD');
INSERT INTO isos.evento_x_perfil (modulo, evento, cod_perfil) VALUES ('VENTA', 'ENVIARCORREO', 'AD');
INSERT INTO isos.evento_x_perfil (modulo, evento, cod_perfil) VALUES ('ACTIVIDADECONOM', 'EDITAR', 'AD');
INSERT INTO isos.evento_x_perfil (modulo, evento, cod_perfil) VALUES ('KARDEXSIMPLE', 'LISTAR', 'AD');
INSERT INTO isos.evento_x_perfil (modulo, evento, cod_perfil) VALUES ('KARDEXSIMPLE', 'EDITAR', 'AD');
INSERT INTO isos.evento_x_perfil (modulo, evento, cod_perfil) VALUES ('ACTIVIDADECONOM', 'ELIMINAR', 'AD');
INSERT INTO isos.evento_x_perfil (modulo, evento, cod_perfil) VALUES ('CONFIGCONTA', 'EDITAR', 'AD');
INSERT INTO isos.evento_x_perfil (modulo, evento, cod_perfil) VALUES ('CONFIGCONTA', 'VER', 'AD');
INSERT INTO isos.evento_x_perfil (modulo, evento, cod_perfil) VALUES ('EMPRESACUENTA', 'LISTAR', 'AD');
INSERT INTO isos.evento_x_perfil (modulo, evento, cod_perfil) VALUES ('ACTIVIDADECONOM', 'LISTAR', 'AD');
INSERT INTO isos.evento_x_perfil (modulo, evento, cod_perfil) VALUES ('EMPRESACUENTA', 'NUEVO', 'AD');
INSERT INTO isos.evento_x_perfil (modulo, evento, cod_perfil) VALUES ('EMPRESACUENTA', 'EDITAR', 'AD');
INSERT INTO isos.evento_x_perfil (modulo, evento, cod_perfil) VALUES ('DIARIO', 'LISTAR', 'AD');
INSERT INTO isos.evento_x_perfil (modulo, evento, cod_perfil) VALUES ('DIARIO', 'EDITAR', 'AD');
INSERT INTO isos.evento_x_perfil (modulo, evento, cod_perfil) VALUES ('DIARIO', 'NUEVO', 'AD');
INSERT INTO isos.evento_x_perfil (modulo, evento, cod_perfil) VALUES ('ACTIVIDADECONOM', 'NUEVO', 'AD');
INSERT INTO isos.evento_x_perfil (modulo, evento, cod_perfil) VALUES ('DIARIODETALLE', 'LISTAR', 'AD');
INSERT INTO isos.evento_x_perfil (modulo, evento, cod_perfil) VALUES ('CONSULTAPRECIOS', 'LISTAR', 'AD');
INSERT INTO isos.evento_x_perfil (modulo, evento, cod_perfil) VALUES ('CLASE', 'EDITAR', 'AD');
INSERT INTO isos.evento_x_perfil (modulo, evento, cod_perfil) VALUES ('CLASE', 'ELIMINAR', 'AD');
INSERT INTO isos.evento_x_perfil (modulo, evento, cod_perfil) VALUES ('CLASE', 'LISTAR', 'AD');
INSERT INTO isos.evento_x_perfil (modulo, evento, cod_perfil) VALUES ('CLASE', 'NUEVO', 'AD');
INSERT INTO isos.evento_x_perfil (modulo, evento, cod_perfil) VALUES ('CONFIGURA', 'EDITAR', 'AD');
INSERT INTO isos.evento_x_perfil (modulo, evento, cod_perfil) VALUES ('ENTIDADFINANCIE', 'EDITAR', 'AD');
INSERT INTO isos.evento_x_perfil (modulo, evento, cod_perfil) VALUES ('ENTIDADFINANCIE', 'ELIMINAR', 'AD');
INSERT INTO isos.evento_x_perfil (modulo, evento, cod_perfil) VALUES ('ENTIDADFINANCIE', 'LISTAR', 'AD');
INSERT INTO isos.evento_x_perfil (modulo, evento, cod_perfil) VALUES ('ENTIDADFINANCIE', 'NUEVO', 'AD');
INSERT INTO isos.evento_x_perfil (modulo, evento, cod_perfil) VALUES ('ESTADO', 'LISTAR', 'AD');
INSERT INTO isos.evento_x_perfil (modulo, evento, cod_perfil) VALUES ('ESTADO', 'NUEVO', 'AD');
INSERT INTO isos.evento_x_perfil (modulo, evento, cod_perfil) VALUES ('LINEA', 'EDITAR', 'AD');
INSERT INTO isos.evento_x_perfil (modulo, evento, cod_perfil) VALUES ('LINEA', 'ELIMINAR', 'AD');
INSERT INTO isos.evento_x_perfil (modulo, evento, cod_perfil) VALUES ('LINEA', 'LISTAR', 'AD');
INSERT INTO isos.evento_x_perfil (modulo, evento, cod_perfil) VALUES ('LINEA', 'NUEVO', 'AD');
INSERT INTO isos.evento_x_perfil (modulo, evento, cod_perfil) VALUES ('MARCA', 'EDITAR', 'AD');
INSERT INTO isos.evento_x_perfil (modulo, evento, cod_perfil) VALUES ('MARCA', 'ELIMINAR', 'AD');
INSERT INTO isos.evento_x_perfil (modulo, evento, cod_perfil) VALUES ('MARCA', 'LISTAR', 'AD');
INSERT INTO isos.evento_x_perfil (modulo, evento, cod_perfil) VALUES ('MARCA', 'NUEVO', 'AD');
INSERT INTO isos.evento_x_perfil (modulo, evento, cod_perfil) VALUES ('PROVEEDOR', 'EDITAR', 'AD');
INSERT INTO isos.evento_x_perfil (modulo, evento, cod_perfil) VALUES ('PROVEEDOR', 'EDITARCREDITO', 'AD');
INSERT INTO isos.evento_x_perfil (modulo, evento, cod_perfil) VALUES ('PROVEEDOR', 'ELIMINAR', 'AD');
INSERT INTO isos.evento_x_perfil (modulo, evento, cod_perfil) VALUES ('PROVEEDOR', 'LISTAR', 'AD');
INSERT INTO isos.evento_x_perfil (modulo, evento, cod_perfil) VALUES ('PROVEEDOR', 'NUEVO', 'AD');
INSERT INTO isos.evento_x_perfil (modulo, evento, cod_perfil) VALUES ('PRODUCTO', 'DESACTIVAR', 'AD');
INSERT INTO isos.evento_x_perfil (modulo, evento, cod_perfil) VALUES ('PRODUCTO', 'EDITAR', 'AD');
INSERT INTO isos.evento_x_perfil (modulo, evento, cod_perfil) VALUES ('PRODUCTO', 'LISTAR', 'AD');
INSERT INTO isos.evento_x_perfil (modulo, evento, cod_perfil) VALUES ('PRODUCTO', 'NUEVO', 'AD');
INSERT INTO isos.evento_x_perfil (modulo, evento, cod_perfil) VALUES ('PERFIL', 'EDITAR', 'AD');
INSERT INTO isos.evento_x_perfil (modulo, evento, cod_perfil) VALUES ('PERFIL', 'LISTAR', 'AD');
INSERT INTO isos.evento_x_perfil (modulo, evento, cod_perfil) VALUES ('PERFIL', 'NUEVO', 'AD');
INSERT INTO isos.evento_x_perfil (modulo, evento, cod_perfil) VALUES ('MODULO', 'EDITAR', 'AD');
INSERT INTO isos.evento_x_perfil (modulo, evento, cod_perfil) VALUES ('MODULO', 'ELIMINAR', 'AD');
INSERT INTO isos.evento_x_perfil (modulo, evento, cod_perfil) VALUES ('MODULO', 'LISTAR', 'AD');
INSERT INTO isos.evento_x_perfil (modulo, evento, cod_perfil) VALUES ('MODULO', 'NUEVO', 'AD');
INSERT INTO isos.evento_x_perfil (modulo, evento, cod_perfil) VALUES ('MENU', 'EDITAR', 'AD');
INSERT INTO isos.evento_x_perfil (modulo, evento, cod_perfil) VALUES ('MENU', 'LISTAR', 'AD');
INSERT INTO isos.evento_x_perfil (modulo, evento, cod_perfil) VALUES ('MENU', 'NUEVO', 'AD');
INSERT INTO isos.evento_x_perfil (modulo, evento, cod_perfil) VALUES ('PROFORMA', 'AUMENTAPRECIO', 'AD');
INSERT INTO isos.evento_x_perfil (modulo, evento, cod_perfil) VALUES ('PROFORMA', 'DESCUENTO', 'AD');
INSERT INTO isos.evento_x_perfil (modulo, evento, cod_perfil) VALUES ('PROFORMA', 'DISMINUYEPRECIO', 'AD');
INSERT INTO isos.evento_x_perfil (modulo, evento, cod_perfil) VALUES ('PROFORMA', 'EDITAR', 'AD');
INSERT INTO isos.evento_x_perfil (modulo, evento, cod_perfil) VALUES ('PROFORMA', 'ENVIARCORREO', 'AD');
INSERT INTO isos.evento_x_perfil (modulo, evento, cod_perfil) VALUES ('PROFORMA', 'LISTAR', 'AD');
INSERT INTO isos.evento_x_perfil (modulo, evento, cod_perfil) VALUES ('PROFORMA', 'NUEVO', 'AD');
INSERT INTO isos.evento_x_perfil (modulo, evento, cod_perfil) VALUES ('PROFORMA', 'PRECIOCOMPRA', 'AD');
INSERT INTO isos.evento_x_perfil (modulo, evento, cod_perfil) VALUES ('PROFORMA', 'REPORTE', 'AD');
INSERT INTO isos.evento_x_perfil (modulo, evento, cod_perfil) VALUES ('INVENTARIO', 'LISTAR', 'AD');
INSERT INTO isos.evento_x_perfil (modulo, evento, cod_perfil) VALUES ('SISTEMA', 'EDITAR', 'AD');
INSERT INTO isos.evento_x_perfil (modulo, evento, cod_perfil) VALUES ('SISTEMA', 'ELIMINAR', 'AD');
INSERT INTO isos.evento_x_perfil (modulo, evento, cod_perfil) VALUES ('SISTEMA', 'LISTAR', 'AD');
INSERT INTO isos.evento_x_perfil (modulo, evento, cod_perfil) VALUES ('SISTEMA', 'NUEVO', 'AD');
INSERT INTO isos.evento_x_perfil (modulo, evento, cod_perfil) VALUES ('SOLICITUDCOMPRA', 'EDITAR', 'AD');
INSERT INTO isos.evento_x_perfil (modulo, evento, cod_perfil) VALUES ('SOLICITUDCOMPRA', 'ENVIARCORREO', 'AD');
INSERT INTO isos.evento_x_perfil (modulo, evento, cod_perfil) VALUES ('SOLICITUDCOMPRA', 'LISTAR', 'AD');
INSERT INTO isos.evento_x_perfil (modulo, evento, cod_perfil) VALUES ('SOLICITUDCOMPRA', 'NUEVO', 'AD');
INSERT INTO isos.evento_x_perfil (modulo, evento, cod_perfil) VALUES ('SOLICITUDCOMPRA', 'PROCESARCC', 'AD');
INSERT INTO isos.evento_x_perfil (modulo, evento, cod_perfil) VALUES ('SOLICITUDCOMPRA', 'REPORTE', 'AD');
INSERT INTO isos.evento_x_perfil (modulo, evento, cod_perfil) VALUES ('SOLICITUDCOMPRA', 'VER', 'AD');
INSERT INTO isos.evento_x_perfil (modulo, evento, cod_perfil) VALUES ('TCAMBIO', 'EDITAR', 'AD');
INSERT INTO isos.evento_x_perfil (modulo, evento, cod_perfil) VALUES ('TCAMBIO', 'ELIMINAR', 'AD');
INSERT INTO isos.evento_x_perfil (modulo, evento, cod_perfil) VALUES ('TCAMBIO', 'LISTAR', 'AD');
INSERT INTO isos.evento_x_perfil (modulo, evento, cod_perfil) VALUES ('TCAMBIO', 'NUEVO', 'AD');
INSERT INTO isos.evento_x_perfil (modulo, evento, cod_perfil) VALUES ('TCUENTA', 'EDITAR', 'AD');
INSERT INTO isos.evento_x_perfil (modulo, evento, cod_perfil) VALUES ('TCUENTA', 'ELIMINAR', 'AD');
INSERT INTO isos.evento_x_perfil (modulo, evento, cod_perfil) VALUES ('TCUENTA', 'LISTAR', 'AD');
INSERT INTO isos.evento_x_perfil (modulo, evento, cod_perfil) VALUES ('TCUENTA', 'NUEVO', 'AD');
INSERT INTO isos.evento_x_perfil (modulo, evento, cod_perfil) VALUES ('TIPODOCUMENTO', 'CONFIGURAR', 'AD');
INSERT INTO isos.evento_x_perfil (modulo, evento, cod_perfil) VALUES ('TIPODOCUMENTO', 'EDITAR', 'AD');
INSERT INTO isos.evento_x_perfil (modulo, evento, cod_perfil) VALUES ('TIPODOCUMENTO', 'ELIMINAR', 'AD');
INSERT INTO isos.evento_x_perfil (modulo, evento, cod_perfil) VALUES ('TIPODOCUMENTO', 'LISTAR', 'AD');
INSERT INTO isos.evento_x_perfil (modulo, evento, cod_perfil) VALUES ('TIPODOCUMENTO', 'NUEVO', 'AD');
INSERT INTO isos.evento_x_perfil (modulo, evento, cod_perfil) VALUES ('TMONEDA', 'EDITAR', 'AD');
INSERT INTO isos.evento_x_perfil (modulo, evento, cod_perfil) VALUES ('TMONEDA', 'ELIMINAR', 'AD');
INSERT INTO isos.evento_x_perfil (modulo, evento, cod_perfil) VALUES ('TMONEDA', 'LISTAR', 'AD');
INSERT INTO isos.evento_x_perfil (modulo, evento, cod_perfil) VALUES ('TMONEDA', 'NUEVO', 'AD');
INSERT INTO isos.evento_x_perfil (modulo, evento, cod_perfil) VALUES ('TPAGO', 'EDITAR', 'AD');
INSERT INTO isos.evento_x_perfil (modulo, evento, cod_perfil) VALUES ('TPAGO', 'ELIMINAR', 'AD');
INSERT INTO isos.evento_x_perfil (modulo, evento, cod_perfil) VALUES ('TPAGO', 'LISTAR', 'AD');
INSERT INTO isos.evento_x_perfil (modulo, evento, cod_perfil) VALUES ('TPAGO', 'NUEVO', 'AD');
INSERT INTO isos.evento_x_perfil (modulo, evento, cod_perfil) VALUES ('UNIDADMEDIDA', 'EDITAR', 'AD');
INSERT INTO isos.evento_x_perfil (modulo, evento, cod_perfil) VALUES ('UNIDADMEDIDA', 'ELIMINAR', 'AD');
INSERT INTO isos.evento_x_perfil (modulo, evento, cod_perfil) VALUES ('UNIDADMEDIDA', 'LISTAR', 'AD');
INSERT INTO isos.evento_x_perfil (modulo, evento, cod_perfil) VALUES ('UNIDADMEDIDA', 'NUEVO', 'AD');
INSERT INTO isos.evento_x_perfil (modulo, evento, cod_perfil) VALUES ('TMONEDA', 'ELIMINAR', 'SY');
INSERT INTO isos.evento_x_perfil (modulo, evento, cod_perfil) VALUES ('TMONEDA', 'LISTAR', 'SY');
INSERT INTO isos.evento_x_perfil (modulo, evento, cod_perfil) VALUES ('TMONEDA', 'NUEVO', 'SY');
INSERT INTO isos.evento_x_perfil (modulo, evento, cod_perfil) VALUES ('TPAGO', 'EDITAR', 'SY');
INSERT INTO isos.evento_x_perfil (modulo, evento, cod_perfil) VALUES ('TPAGO', 'ELIMINAR', 'SY');
INSERT INTO isos.evento_x_perfil (modulo, evento, cod_perfil) VALUES ('TPAGO', 'LISTAR', 'SY');
INSERT INTO isos.evento_x_perfil (modulo, evento, cod_perfil) VALUES ('TPAGO', 'NUEVO', 'SY');
INSERT INTO isos.evento_x_perfil (modulo, evento, cod_perfil) VALUES ('TRABAJADOR', 'EDITAR', 'SY');
INSERT INTO isos.evento_x_perfil (modulo, evento, cod_perfil) VALUES ('TRABAJADOR', 'ELIMINAR', 'SY');
INSERT INTO isos.evento_x_perfil (modulo, evento, cod_perfil) VALUES ('TRABAJADOR', 'LISTAR', 'SY');
INSERT INTO isos.evento_x_perfil (modulo, evento, cod_perfil) VALUES ('TRABAJADOR', 'NUEVO', 'SY');
INSERT INTO isos.evento_x_perfil (modulo, evento, cod_perfil) VALUES ('TRANSFERENCIA', 'AUMENTAPRECIO', 'SY');
INSERT INTO isos.evento_x_perfil (modulo, evento, cod_perfil) VALUES ('TRANSFERENCIA', 'DESCUENTO', 'SY');
INSERT INTO isos.evento_x_perfil (modulo, evento, cod_perfil) VALUES ('TRANSFERENCIA', 'DISMINUYEPRECIO', 'SY');
INSERT INTO isos.evento_x_perfil (modulo, evento, cod_perfil) VALUES ('TRANSFERENCIA', 'EDITAR', 'SY');
INSERT INTO isos.evento_x_perfil (modulo, evento, cod_perfil) VALUES ('TRANSFERENCIA', 'LISTAR', 'SY');
INSERT INTO isos.evento_x_perfil (modulo, evento, cod_perfil) VALUES ('TRANSFERENCIA', 'NUEVO', 'SY');
INSERT INTO isos.evento_x_perfil (modulo, evento, cod_perfil) VALUES ('TRANSFERENCIA', 'PRECIOCOMPRA', 'SY');
INSERT INTO isos.evento_x_perfil (modulo, evento, cod_perfil) VALUES ('TRANSFERENCIA', 'REPORTE', 'SY');
INSERT INTO isos.evento_x_perfil (modulo, evento, cod_perfil) VALUES ('PROFORMA', 'AUMENTAPRECIO', 'SY');
INSERT INTO isos.evento_x_perfil (modulo, evento, cod_perfil) VALUES ('PROFORMA', 'DESCUENTO', 'SY');
INSERT INTO isos.evento_x_perfil (modulo, evento, cod_perfil) VALUES ('PROFORMA', 'DISMINUYEPRECIO', 'SY');
INSERT INTO isos.evento_x_perfil (modulo, evento, cod_perfil) VALUES ('PROFORMA', 'EDITAR', 'SY');
INSERT INTO isos.evento_x_perfil (modulo, evento, cod_perfil) VALUES ('PROFORMA', 'ENVIARCORREO', 'SY');
INSERT INTO isos.evento_x_perfil (modulo, evento, cod_perfil) VALUES ('PROFORMA', 'INCLUIDOIGV', 'SY');
INSERT INTO isos.evento_x_perfil (modulo, evento, cod_perfil) VALUES ('PROFORMA', 'LISTAR', 'SY');
INSERT INTO isos.evento_x_perfil (modulo, evento, cod_perfil) VALUES ('PROFORMA', 'NUEVO', 'SY');
INSERT INTO isos.evento_x_perfil (modulo, evento, cod_perfil) VALUES ('PROFORMA', 'PRECIOCOMPRA', 'SY');
INSERT INTO isos.evento_x_perfil (modulo, evento, cod_perfil) VALUES ('PROFORMA', 'REPORTE', 'SY');
INSERT INTO isos.evento_x_perfil (modulo, evento, cod_perfil) VALUES ('REPORTES', 'LISTAR', 'SY');
INSERT INTO isos.evento_x_perfil (modulo, evento, cod_perfil) VALUES ('RPTGRAFICOS', 'LISTAR', 'SY');
INSERT INTO isos.evento_x_perfil (modulo, evento, cod_perfil) VALUES ('RPTINFORMES', 'LISTAR', 'SY');
INSERT INTO isos.evento_x_perfil (modulo, evento, cod_perfil) VALUES ('COMPRA', 'REPORTE', 'SY');
INSERT INTO isos.evento_x_perfil (modulo, evento, cod_perfil) VALUES ('CONDICIONVENTA', 'LISTAR', 'AD');
INSERT INTO isos.evento_x_perfil (modulo, evento, cod_perfil) VALUES ('CONDICIONVENTA', 'NUEVO', 'AD');
INSERT INTO isos.evento_x_perfil (modulo, evento, cod_perfil) VALUES ('CONDICIONVENTA', 'EDITAR', 'AD');
INSERT INTO isos.evento_x_perfil (modulo, evento, cod_perfil) VALUES ('PEDIDOVENTA', 'LISTAR', 'AD');
INSERT INTO isos.evento_x_perfil (modulo, evento, cod_perfil) VALUES ('PEDIDOVENTA', 'EDITAR', 'AD');
INSERT INTO isos.evento_x_perfil (modulo, evento, cod_perfil) VALUES ('PEDIDOVENTA', 'NUEVO', 'AD');
INSERT INTO isos.evento_x_perfil (modulo, evento, cod_perfil) VALUES ('PEDIDOVENTA', 'REPORTE', 'AD');
INSERT INTO isos.evento_x_perfil (modulo, evento, cod_perfil) VALUES ('NOTIFICACIONES', 'LISTAR', 'AD');
INSERT INTO isos.evento_x_perfil (modulo, evento, cod_perfil) VALUES ('RECEPCION', 'LISTAR', 'AD');
INSERT INTO isos.evento_x_perfil (modulo, evento, cod_perfil) VALUES ('RECEPCION', 'EDITAR', 'AD');
INSERT INTO isos.evento_x_perfil (modulo, evento, cod_perfil) VALUES ('RECEPCION', 'NUEVO', 'AD');
INSERT INTO isos.evento_x_perfil (modulo, evento, cod_perfil) VALUES ('NOTADEBITO_R', 'NUEVO', 'AD');
INSERT INTO isos.evento_x_perfil (modulo, evento, cod_perfil) VALUES ('NOTADEBITO_R', 'REPORTE', 'AD');
INSERT INTO isos.evento_x_perfil (modulo, evento, cod_perfil) VALUES ('NOTADEBITO_R', 'LISTAR', 'AD');
INSERT INTO isos.evento_x_perfil (modulo, evento, cod_perfil) VALUES ('NOTADEBITO_R', 'EDITAR', 'AD');
INSERT INTO isos.evento_x_perfil (modulo, evento, cod_perfil) VALUES ('NOTACREDITO_R', 'NUEVO', 'AD');
INSERT INTO isos.evento_x_perfil (modulo, evento, cod_perfil) VALUES ('NOTACREDITO_R', 'REPORTE', 'AD');
INSERT INTO isos.evento_x_perfil (modulo, evento, cod_perfil) VALUES ('NOTACREDITO_R', 'LISTAR', 'AD');
INSERT INTO isos.evento_x_perfil (modulo, evento, cod_perfil) VALUES ('NOTACREDITO_R', 'ENVIARCORREO', 'AD');
INSERT INTO isos.evento_x_perfil (modulo, evento, cod_perfil) VALUES ('VENTA', 'PRECIOCOMPRA', 'AD');
INSERT INTO isos.evento_x_perfil (modulo, evento, cod_perfil) VALUES ('NOTACREDITO_R', 'EDITAR', 'AD');
INSERT INTO isos.evento_x_perfil (modulo, evento, cod_perfil) VALUES ('UNSPSC', 'LISTAR', 'AD');
INSERT INTO isos.evento_x_perfil (modulo, evento, cod_perfil) VALUES ('MIPERFIL', 'CAMBIARCLAVE', 'AD');
INSERT INTO isos.evento_x_perfil (modulo, evento, cod_perfil) VALUES ('GUIA', 'ANULAR', 'AD');
INSERT INTO isos.evento_x_perfil (modulo, evento, cod_perfil) VALUES ('GUIA', 'DESCUENTO', 'AD');
INSERT INTO isos.evento_x_perfil (modulo, evento, cod_perfil) VALUES ('GUIA', 'DISMINUYEPRECIO', 'AD');
INSERT INTO isos.evento_x_perfil (modulo, evento, cod_perfil) VALUES ('GUIA', 'PRECIOCOMPRA', 'AD');
INSERT INTO isos.evento_x_perfil (modulo, evento, cod_perfil) VALUES ('GUIA', 'LISTAR', 'AD');
INSERT INTO isos.evento_x_perfil (modulo, evento, cod_perfil) VALUES ('GUIA', 'NUEVO', 'AD');
INSERT INTO isos.evento_x_perfil (modulo, evento, cod_perfil) VALUES ('GUIA', 'EDITAR', 'AD');
INSERT INTO isos.evento_x_perfil (modulo, evento, cod_perfil) VALUES ('GUIA', 'REPORTE', 'AD');
INSERT INTO isos.evento_x_perfil (modulo, evento, cod_perfil) VALUES ('GUIA', 'ENVIARCORREO', 'AD');
INSERT INTO isos.evento_x_perfil (modulo, evento, cod_perfil) VALUES ('DETRACCION', 'LISTAR', 'AD');
INSERT INTO isos.evento_x_perfil (modulo, evento, cod_perfil) VALUES ('DETRACCION', 'EDITAR', 'AD');
INSERT INTO isos.evento_x_perfil (modulo, evento, cod_perfil) VALUES ('DETRACCION_V', 'EDITAR', 'AD');
INSERT INTO isos.evento_x_perfil (modulo, evento, cod_perfil) VALUES ('DETRACCION_C', 'EDITAR', 'AD');
INSERT INTO isos.evento_x_perfil (modulo, evento, cod_perfil) VALUES ('CONCEPTODETRACCION', 'NUEVO', 'AD');
INSERT INTO isos.evento_x_perfil (modulo, evento, cod_perfil) VALUES ('CONCEPTODETRACCION', 'LISTAR', 'AD');
INSERT INTO isos.evento_x_perfil (modulo, evento, cod_perfil) VALUES ('CONCEPTODETRACCION', 'EDITAR', 'AD');
INSERT INTO isos.evento_x_perfil (modulo, evento, cod_perfil) VALUES ('TIPOOPERACION', 'LISTAR', 'AD');
INSERT INTO isos.evento_x_perfil (modulo, evento, cod_perfil) VALUES ('TIPOOPERACION', 'EDITAR', 'AD');
INSERT INTO isos.evento_x_perfil (modulo, evento, cod_perfil) VALUES ('TIPOOPERACION', 'NUEVO', 'AD');
INSERT INTO isos.evento_x_perfil (modulo, evento, cod_perfil) VALUES ('DASHBOARD', 'VER', 'AD');
INSERT INTO isos.evento_x_perfil (modulo, evento, cod_perfil) VALUES ('PROFORMA', 'ANULAR', 'AD');
INSERT INTO isos.evento_x_perfil (modulo, evento, cod_perfil) VALUES ('PROVEEDOR', 'HISTORIAL', 'AD');
INSERT INTO isos.evento_x_perfil (modulo, evento, cod_perfil) VALUES ('MOTIVOANULACION', 'LISTAR', 'AD');
INSERT INTO isos.evento_x_perfil (modulo, evento, cod_perfil) VALUES ('MOTIVOANULACION', 'NUEVO', 'AD');
INSERT INTO isos.evento_x_perfil (modulo, evento, cod_perfil) VALUES ('MOTIVOANULACION', 'EDITAR', 'AD');
INSERT INTO isos.evento_x_perfil (modulo, evento, cod_perfil) VALUES ('CLIENTE', 'NUEVO', 'AD');
INSERT INTO isos.evento_x_perfil (modulo, evento, cod_perfil) VALUES ('CLIENTE', 'EDITARCREDITO', 'AD');
INSERT INTO isos.evento_x_perfil (modulo, evento, cod_perfil) VALUES ('CLIENTE', 'ELIMINAR', 'AD');
INSERT INTO isos.evento_x_perfil (modulo, evento, cod_perfil) VALUES ('CLIENTE', 'NUEVOJ', 'AD');
INSERT INTO isos.evento_x_perfil (modulo, evento, cod_perfil) VALUES ('CLIENTE', 'LISTAR', 'AD');
INSERT INTO isos.evento_x_perfil (modulo, evento, cod_perfil) VALUES ('CLIENTE', 'EDITAR', 'AD');
INSERT INTO isos.evento_x_perfil (modulo, evento, cod_perfil) VALUES ('CLIENTE', 'HISTORIAL', 'AD');
INSERT INTO isos.evento_x_perfil (modulo, evento, cod_perfil) VALUES ('RECIBOHONORARIOS', 'NUEVO', 'AD');
INSERT INTO isos.evento_x_perfil (modulo, evento, cod_perfil) VALUES ('RECIBOHONORARIOS', 'LISTAR', 'AD');
INSERT INTO isos.evento_x_perfil (modulo, evento, cod_perfil) VALUES ('RECIBOHONORARIOS', 'EDITAR', 'AD');
INSERT INTO isos.evento_x_perfil (modulo, evento, cod_perfil) VALUES ('COMPRA', 'DEUDA', 'AD');
INSERT INTO isos.evento_x_perfil (modulo, evento, cod_perfil) VALUES ('COMPRA', 'REPORTE', 'AD');
INSERT INTO isos.evento_x_perfil (modulo, evento, cod_perfil) VALUES ('COMPRA', 'NUEVO', 'AD');
INSERT INTO isos.evento_x_perfil (modulo, evento, cod_perfil) VALUES ('COMPRA', 'LISTAR', 'AD');
INSERT INTO isos.evento_x_perfil (modulo, evento, cod_perfil) VALUES ('COMPRA', 'EDITAR', 'AD');
INSERT INTO isos.evento_x_perfil (modulo, evento, cod_perfil) VALUES ('COMPRA', 'ANULAR', 'AD');
INSERT INTO isos.evento_x_perfil (modulo, evento, cod_perfil) VALUES ('COMPRA', 'ELIMINAR', 'AD');
INSERT INTO isos.evento_x_perfil (modulo, evento, cod_perfil) VALUES ('ORDENCOMPRA', 'ENVIARCORREO', 'AD');
INSERT INTO isos.evento_x_perfil (modulo, evento, cod_perfil) VALUES ('ORDENCOMPRA', 'EDITAR', 'AD');
INSERT INTO isos.evento_x_perfil (modulo, evento, cod_perfil) VALUES ('ORDENCOMPRA', 'REPORTE', 'AD');
INSERT INTO isos.evento_x_perfil (modulo, evento, cod_perfil) VALUES ('ORDENCOMPRA', 'ANULAR', 'AD');
INSERT INTO isos.evento_x_perfil (modulo, evento, cod_perfil) VALUES ('ORDENCOMPRA', 'NUEVO', 'AD');
INSERT INTO isos.evento_x_perfil (modulo, evento, cod_perfil) VALUES ('ORDENCOMPRA', 'LISTAR', 'AD');
INSERT INTO isos.evento_x_perfil (modulo, evento, cod_perfil) VALUES ('ORDENTRABAJO', 'LISTAR', 'AD');
INSERT INTO isos.evento_x_perfil (modulo, evento, cod_perfil) VALUES ('ORDENTRABAJO', 'EDITAR', 'AD');
INSERT INTO isos.evento_x_perfil (modulo, evento, cod_perfil) VALUES ('ORDENTRABAJO', 'NUEVO', 'AD');
INSERT INTO isos.evento_x_perfil (modulo, evento, cod_perfil) VALUES ('ORDENTRABAJO', 'IMPRIMIR', 'AD');
INSERT INTO isos.evento_x_perfil (modulo, evento, cod_perfil) VALUES ('ORDENTRABAJO', 'ANULAR', 'AD');
INSERT INTO isos.evento_x_perfil (modulo, evento, cod_perfil) VALUES ('NOTACREDITO_E', 'NUEVO', 'AD');
INSERT INTO isos.evento_x_perfil (modulo, evento, cod_perfil) VALUES ('NOTACREDITO_E', 'REPORTE', 'AD');
INSERT INTO isos.evento_x_perfil (modulo, evento, cod_perfil) VALUES ('NOTACREDITO_E', 'ENVIARCORREO', 'AD');
INSERT INTO isos.evento_x_perfil (modulo, evento, cod_perfil) VALUES ('NOTACREDITO_E', 'LISTAR', 'AD');
INSERT INTO isos.evento_x_perfil (modulo, evento, cod_perfil) VALUES ('NOTACREDITO_E', 'ANULAR', 'AD');
INSERT INTO isos.evento_x_perfil (modulo, evento, cod_perfil) VALUES ('NOTACREDITO_E', 'EDITAR', 'AD');
INSERT INTO isos.evento_x_perfil (modulo, evento, cod_perfil) VALUES ('NOTADEBITO_E', 'NUEVO', 'AD');
INSERT INTO isos.evento_x_perfil (modulo, evento, cod_perfil) VALUES ('NOTADEBITO_E', 'REPORTE', 'AD');
INSERT INTO isos.evento_x_perfil (modulo, evento, cod_perfil) VALUES ('NOTADEBITO_E', 'LISTAR', 'AD');
INSERT INTO isos.evento_x_perfil (modulo, evento, cod_perfil) VALUES ('NOTADEBITO_E', 'EDITAR', 'AD');
INSERT INTO isos.evento_x_perfil (modulo, evento, cod_perfil) VALUES ('NOTADEBITO_R', 'NUEVO', 'SY');
INSERT INTO isos.evento_x_perfil (modulo, evento, cod_perfil) VALUES ('NOTADEBITO_R', 'REPORTE', 'SY');
INSERT INTO isos.evento_x_perfil (modulo, evento, cod_perfil) VALUES ('NOTADEBITO_R', 'LISTAR', 'SY');
INSERT INTO isos.evento_x_perfil (modulo, evento, cod_perfil) VALUES ('NOTADEBITO_R', 'EDITAR', 'SY');
INSERT INTO isos.evento_x_perfil (modulo, evento, cod_perfil) VALUES ('GUIA', 'ANULAR', 'SY');
INSERT INTO isos.evento_x_perfil (modulo, evento, cod_perfil) VALUES ('GUIA', 'DESCUENTO', 'SY');
INSERT INTO isos.evento_x_perfil (modulo, evento, cod_perfil) VALUES ('GUIA', 'DISMINUYEPRECIO', 'SY');
INSERT INTO isos.evento_x_perfil (modulo, evento, cod_perfil) VALUES ('GUIA', 'PRECIOCOMPRA', 'SY');
INSERT INTO isos.evento_x_perfil (modulo, evento, cod_perfil) VALUES ('GUIA', 'LISTAR', 'SY');
INSERT INTO isos.evento_x_perfil (modulo, evento, cod_perfil) VALUES ('GUIA', 'NUEVO', 'SY');
INSERT INTO isos.evento_x_perfil (modulo, evento, cod_perfil) VALUES ('GUIA', 'EDITAR', 'SY');
INSERT INTO isos.evento_x_perfil (modulo, evento, cod_perfil) VALUES ('GUIA', 'REPORTE', 'SY');
INSERT INTO isos.evento_x_perfil (modulo, evento, cod_perfil) VALUES ('GUIA', 'ENVIARCORREO', 'SY');
INSERT INTO isos.evento_x_perfil (modulo, evento, cod_perfil) VALUES ('NOTADEBITO_E', 'NUEVO', 'SY');
INSERT INTO isos.evento_x_perfil (modulo, evento, cod_perfil) VALUES ('NOTADEBITO_E', 'REPORTE', 'SY');
INSERT INTO isos.evento_x_perfil (modulo, evento, cod_perfil) VALUES ('NOTADEBITO_E', 'LISTAR', 'SY');
INSERT INTO isos.evento_x_perfil (modulo, evento, cod_perfil) VALUES ('NOTADEBITO_E', 'EDITAR', 'SY');
INSERT INTO isos.evento_x_perfil (modulo, evento, cod_perfil) VALUES ('CREDITO', 'ANULARPAGO', 'SY');
INSERT INTO isos.evento_x_perfil (modulo, evento, cod_perfil) VALUES ('CREDITO', 'LISTAR', 'SY');
INSERT INTO isos.evento_x_perfil (modulo, evento, cod_perfil) VALUES ('CREDITO', 'DETALLE', 'SY');
INSERT INTO isos.evento_x_perfil (modulo, evento, cod_perfil) VALUES ('NOTACREDITO', 'LISTAR', 'SY');
INSERT INTO isos.evento_x_perfil (modulo, evento, cod_perfil) VALUES ('NOTACREDITO', 'EDITAR', 'SY');
INSERT INTO isos.evento_x_perfil (modulo, evento, cod_perfil) VALUES ('NOTACREDITO', 'NUEVO', 'SY');
INSERT INTO isos.evento_x_perfil (modulo, evento, cod_perfil) VALUES ('KARDEXSIMPLE', 'LISTAR', 'SY');
INSERT INTO isos.evento_x_perfil (modulo, evento, cod_perfil) VALUES ('KARDEXSIMPLE', 'EDITAR', 'SY');
INSERT INTO isos.evento_x_perfil (modulo, evento, cod_perfil) VALUES ('KARDEXVALORADO', 'LISTAR', 'SY');
INSERT INTO isos.evento_x_perfil (modulo, evento, cod_perfil) VALUES ('KARDEXVALORADO', 'EDITAR', 'SY');
INSERT INTO isos.evento_x_perfil (modulo, evento, cod_perfil) VALUES ('PEDIDOVENTA', 'LISTAR', 'SY');
INSERT INTO isos.evento_x_perfil (modulo, evento, cod_perfil) VALUES ('PEDIDOVENTA', 'EDITAR', 'SY');
INSERT INTO isos.evento_x_perfil (modulo, evento, cod_perfil) VALUES ('PEDIDOVENTA', 'NUEVO', 'SY');
INSERT INTO isos.evento_x_perfil (modulo, evento, cod_perfil) VALUES ('PEDIDOVENTA', 'REPORTE', 'SY');
INSERT INTO isos.evento_x_perfil (modulo, evento, cod_perfil) VALUES ('NOTACREDITO_R', 'NUEVO', 'SY');
INSERT INTO isos.evento_x_perfil (modulo, evento, cod_perfil) VALUES ('NOTACREDITO_R', 'REPORTE', 'SY');
INSERT INTO isos.evento_x_perfil (modulo, evento, cod_perfil) VALUES ('NOTACREDITO_R', 'LISTAR', 'SY');
INSERT INTO isos.evento_x_perfil (modulo, evento, cod_perfil) VALUES ('NOTACREDITO_R', 'ENVIARCORREO', 'SY');
INSERT INTO isos.evento_x_perfil (modulo, evento, cod_perfil) VALUES ('NOTACREDITO_R', 'EDITAR', 'SY');
INSERT INTO isos.evento_x_perfil (modulo, evento, cod_perfil) VALUES ('NOTACREDITO_E', 'NUEVO', 'SY');
INSERT INTO isos.evento_x_perfil (modulo, evento, cod_perfil) VALUES ('NOTACREDITO_E', 'REPORTE', 'SY');
INSERT INTO isos.evento_x_perfil (modulo, evento, cod_perfil) VALUES ('NOTACREDITO_E', 'ENVIARCORREO', 'SY');
INSERT INTO isos.evento_x_perfil (modulo, evento, cod_perfil) VALUES ('NOTACREDITO_E', 'LISTAR', 'SY');
INSERT INTO isos.evento_x_perfil (modulo, evento, cod_perfil) VALUES ('NOTACREDITO_E', 'ANULAR', 'SY');
INSERT INTO isos.evento_x_perfil (modulo, evento, cod_perfil) VALUES ('NOTACREDITO_E', 'EDITAR', 'SY');
INSERT INTO isos.evento_x_perfil (modulo, evento, cod_perfil) VALUES ('CONSULTAPRECIOS', 'LISTAR', 'SY');
INSERT INTO isos.evento_x_perfil (modulo, evento, cod_perfil) VALUES ('RECEPCION', 'LISTAR', 'SY');
INSERT INTO isos.evento_x_perfil (modulo, evento, cod_perfil) VALUES ('RECEPCION', 'EDITAR', 'SY');
INSERT INTO isos.evento_x_perfil (modulo, evento, cod_perfil) VALUES ('RECEPCION', 'NUEVO', 'SY');
INSERT INTO isos.evento_x_perfil (modulo, evento, cod_perfil) VALUES ('DETRACCION', 'LISTAR', 'SY');
INSERT INTO isos.evento_x_perfil (modulo, evento, cod_perfil) VALUES ('DETRACCION', 'EDITAR', 'SY');
INSERT INTO isos.evento_x_perfil (modulo, evento, cod_perfil) VALUES ('DETRACCION_C', 'EDITAR', 'SY');
INSERT INTO isos.evento_x_perfil (modulo, evento, cod_perfil) VALUES ('DETRACCION_V', 'EDITAR', 'SY');
INSERT INTO isos.evento_x_perfil (modulo, evento, cod_perfil) VALUES ('DASHBOARD', 'VER', 'SY');
INSERT INTO isos.evento_x_perfil (modulo, evento, cod_perfil) VALUES ('RECIBOHONORARIOS', 'NUEVO', 'SY');
INSERT INTO isos.evento_x_perfil (modulo, evento, cod_perfil) VALUES ('RECIBOHONORARIOS', 'LISTAR', 'SY');
INSERT INTO isos.evento_x_perfil (modulo, evento, cod_perfil) VALUES ('RECIBOHONORARIOS', 'EDITAR', 'SY');
INSERT INTO isos.evento_x_perfil (modulo, evento, cod_perfil) VALUES ('TIPOTRIBUTO', 'NUEVO', 'SY');
INSERT INTO isos.evento_x_perfil (modulo, evento, cod_perfil) VALUES ('TIPOTRIBUTO', 'LISTAR', 'SY');
INSERT INTO isos.evento_x_perfil (modulo, evento, cod_perfil) VALUES ('TIPOTRIBUTO', 'EDITAR', 'SY');
INSERT INTO isos.evento_x_perfil (modulo, evento, cod_perfil) VALUES ('TIPOIDENTIDAD', 'LISTAR', 'SY');
INSERT INTO isos.evento_x_perfil (modulo, evento, cod_perfil) VALUES ('TIPOIDENTIDAD', 'EDITAR', 'SY');
INSERT INTO isos.evento_x_perfil (modulo, evento, cod_perfil) VALUES ('TIPOIDENTIDAD', 'NUEVO', 'SY');
INSERT INTO isos.evento_x_perfil (modulo, evento, cod_perfil) VALUES ('CONDICIONVENTA', 'LISTAR', 'SY');
INSERT INTO isos.evento_x_perfil (modulo, evento, cod_perfil) VALUES ('CONDICIONVENTA', 'NUEVO', 'SY');
INSERT INTO isos.evento_x_perfil (modulo, evento, cod_perfil) VALUES ('CONDICIONVENTA', 'EDITAR', 'SY');
INSERT INTO isos.evento_x_perfil (modulo, evento, cod_perfil) VALUES ('ALERTAS', 'VENTASXCOBRAR', 'SY');
INSERT INTO isos.evento_x_perfil (modulo, evento, cod_perfil) VALUES ('NOTIFICACIONES', 'LISTAR', 'SY');
INSERT INTO isos.evento_x_perfil (modulo, evento, cod_perfil) VALUES ('UNSPSC', 'LISTAR', 'SY');
INSERT INTO isos.evento_x_perfil (modulo, evento, cod_perfil) VALUES ('CONCEPTODETRACCION', 'NUEVO', 'SY');
INSERT INTO isos.evento_x_perfil (modulo, evento, cod_perfil) VALUES ('CONCEPTODETRACCION', 'LISTAR', 'SY');
INSERT INTO isos.evento_x_perfil (modulo, evento, cod_perfil) VALUES ('CONCEPTODETRACCION', 'EDITAR', 'SY');
INSERT INTO isos.evento_x_perfil (modulo, evento, cod_perfil) VALUES ('TIPOOPERACION', 'LISTAR', 'SY');
INSERT INTO isos.evento_x_perfil (modulo, evento, cod_perfil) VALUES ('TIPOOPERACION', 'EDITAR', 'SY');
INSERT INTO isos.evento_x_perfil (modulo, evento, cod_perfil) VALUES ('TIPOOPERACION', 'NUEVO', 'SY');
INSERT INTO isos.evento_x_perfil (modulo, evento, cod_perfil) VALUES ('MOTIVOANULACION', 'LISTAR', 'SY');
INSERT INTO isos.evento_x_perfil (modulo, evento, cod_perfil) VALUES ('MOTIVOANULACION', 'NUEVO', 'SY');
INSERT INTO isos.evento_x_perfil (modulo, evento, cod_perfil) VALUES ('MOTIVOANULACION', 'EDITAR', 'SY');
INSERT INTO isos.evento_x_perfil (modulo, evento, cod_perfil) VALUES ('CAJA', 'APERTURAR', 'SY');
INSERT INTO isos.evento_x_perfil (modulo, evento, cod_perfil) VALUES ('CAJA', 'CERRAR', 'SY');
INSERT INTO isos.evento_x_perfil (modulo, evento, cod_perfil) VALUES ('DIARIODETALLE', 'LISTAR', 'SY');
INSERT INTO isos.evento_x_perfil (modulo, evento, cod_perfil) VALUES ('DIARIO', 'LISTAR', 'SY');
INSERT INTO isos.evento_x_perfil (modulo, evento, cod_perfil) VALUES ('DIARIO', 'EDITAR', 'SY');
INSERT INTO isos.evento_x_perfil (modulo, evento, cod_perfil) VALUES ('DIARIO', 'NUEVO', 'SY');
INSERT INTO isos.evento_x_perfil (modulo, evento, cod_perfil) VALUES ('EMPRESACUENTA', 'LISTAR', 'SY');
INSERT INTO isos.evento_x_perfil (modulo, evento, cod_perfil) VALUES ('EMPRESACUENTA', 'NUEVO', 'SY');
INSERT INTO isos.evento_x_perfil (modulo, evento, cod_perfil) VALUES ('EMPRESACUENTA', 'EDITAR', 'SY');
INSERT INTO isos.evento_x_perfil (modulo, evento, cod_perfil) VALUES ('CLIENTE', 'NUEVO', 'SY');
INSERT INTO isos.evento_x_perfil (modulo, evento, cod_perfil) VALUES ('CLIENTE', 'EDITARCREDITO', 'SY');
INSERT INTO isos.evento_x_perfil (modulo, evento, cod_perfil) VALUES ('CLIENTE', 'ELIMINAR', 'SY');
INSERT INTO isos.evento_x_perfil (modulo, evento, cod_perfil) VALUES ('CLIENTE', 'NUEVOJ', 'SY');
INSERT INTO isos.evento_x_perfil (modulo, evento, cod_perfil) VALUES ('CLIENTE', 'LISTAR', 'SY');
INSERT INTO isos.evento_x_perfil (modulo, evento, cod_perfil) VALUES ('CLIENTE', 'EDITAR', 'SY');
INSERT INTO isos.evento_x_perfil (modulo, evento, cod_perfil) VALUES ('CLIENTE', 'HISTORIAL', 'SY');
INSERT INTO isos.evento_x_perfil (modulo, evento, cod_perfil) VALUES ('ORDENTRABAJO', 'LISTAR', 'SY');
INSERT INTO isos.evento_x_perfil (modulo, evento, cod_perfil) VALUES ('ORDENTRABAJO', 'EDITAR', 'SY');
INSERT INTO isos.evento_x_perfil (modulo, evento, cod_perfil) VALUES ('ORDENTRABAJO', 'NUEVO', 'SY');
INSERT INTO isos.evento_x_perfil (modulo, evento, cod_perfil) VALUES ('ORDENTRABAJO', 'IMPRIMIR', 'SY');
INSERT INTO isos.evento_x_perfil (modulo, evento, cod_perfil) VALUES ('ORDENTRABAJO', 'ANULAR', 'SY');
INSERT INTO isos.evento_x_perfil (modulo, evento, cod_perfil) VALUES ('ORDENTRABAJO', 'ELIMINAR', 'SY');
INSERT INTO isos.evento_x_perfil (modulo, evento, cod_perfil) VALUES ('ORDENTRABAJO', 'SUBITEM', 'SY');
INSERT INTO isos.evento_x_perfil (modulo, evento, cod_perfil) VALUES ('USUARIO', 'LISTAR', 'SY');
INSERT INTO isos.evento_x_perfil (modulo, evento, cod_perfil) VALUES ('USUARIO', 'VER', 'SY');
INSERT INTO isos.evento_x_perfil (modulo, evento, cod_perfil) VALUES ('USUARIO', 'NUEVO', 'SY');
INSERT INTO isos.evento_x_perfil (modulo, evento, cod_perfil) VALUES ('USUARIO', 'INACTIVAR', 'SY');
INSERT INTO isos.evento_x_perfil (modulo, evento, cod_perfil) VALUES ('USUARIO', 'CLAVE', 'SY');
INSERT INTO isos.evento_x_perfil (modulo, evento, cod_perfil) VALUES ('USUARIO', 'EDITAR', 'SY');


--
-- TOC entry 3646 (class 0 OID 21551)
-- Dependencies: 245
-- Data for Name: evento_x_usuario; Type: TABLE DATA; Schema: isos; Owner: uisos
--

INSERT INTO isos.evento_x_usuario (modulo, evento, usuario) VALUES ('PROFORMA', 'ANULAR', 'DCRUZ');
INSERT INTO isos.evento_x_usuario (modulo, evento, usuario) VALUES ('NOTADEBITO_E', 'EDITAR', 'WZAMORA');
INSERT INTO isos.evento_x_usuario (modulo, evento, usuario) VALUES ('PROVEEDOR', 'HISTORIAL', 'DCRUZ');
INSERT INTO isos.evento_x_usuario (modulo, evento, usuario) VALUES ('NOTADEBITO_E', 'LISTAR', 'WZAMORA');
INSERT INTO isos.evento_x_usuario (modulo, evento, usuario) VALUES ('NOTADEBITO_E', 'NUEVO', 'WZAMORA');
INSERT INTO isos.evento_x_usuario (modulo, evento, usuario) VALUES ('NOTADEBITO_E', 'REPORTE', 'WZAMORA');
INSERT INTO isos.evento_x_usuario (modulo, evento, usuario) VALUES ('TRANSFERENCIA', 'REPORTE', 'DCRUZ');
INSERT INTO isos.evento_x_usuario (modulo, evento, usuario) VALUES ('PEDIDOVENTA', 'EDITAR', 'WZAMORA');
INSERT INTO isos.evento_x_usuario (modulo, evento, usuario) VALUES ('PEDIDOVENTA', 'LISTAR', 'WZAMORA');
INSERT INTO isos.evento_x_usuario (modulo, evento, usuario) VALUES ('PEDIDOVENTA', 'NUEVO', 'WZAMORA');
INSERT INTO isos.evento_x_usuario (modulo, evento, usuario) VALUES ('PEDIDOVENTA', 'REPORTE', 'WZAMORA');
INSERT INTO isos.evento_x_usuario (modulo, evento, usuario) VALUES ('DETRACCION', 'EDITAR', 'WZAMORA');
INSERT INTO isos.evento_x_usuario (modulo, evento, usuario) VALUES ('DETRACCION', 'LISTAR', 'WZAMORA');
INSERT INTO isos.evento_x_usuario (modulo, evento, usuario) VALUES ('RECIBOHONORARIOS', 'EDITAR', 'WZAMORA');
INSERT INTO isos.evento_x_usuario (modulo, evento, usuario) VALUES ('RECIBOHONORARIOS', 'LISTAR', 'WZAMORA');
INSERT INTO isos.evento_x_usuario (modulo, evento, usuario) VALUES ('VENTA', 'ANULAR', 'DCRUZ');
INSERT INTO isos.evento_x_usuario (modulo, evento, usuario) VALUES ('RECIBOHONORARIOS', 'NUEVO', 'WZAMORA');
INSERT INTO isos.evento_x_usuario (modulo, evento, usuario) VALUES ('VENTA', 'AUMENTAPRECIO', 'DCRUZ');
INSERT INTO isos.evento_x_usuario (modulo, evento, usuario) VALUES ('PROVEEDOR', 'EDITAR', 'DCRUZ');
INSERT INTO isos.evento_x_usuario (modulo, evento, usuario) VALUES ('PROVEEDOR', 'EDITARCREDITO', 'DCRUZ');
INSERT INTO isos.evento_x_usuario (modulo, evento, usuario) VALUES ('PROVEEDOR', 'ELIMINAR', 'DCRUZ');
INSERT INTO isos.evento_x_usuario (modulo, evento, usuario) VALUES ('PROVEEDOR', 'LISTAR', 'DCRUZ');
INSERT INTO isos.evento_x_usuario (modulo, evento, usuario) VALUES ('PROVEEDOR', 'NUEVO', 'DCRUZ');
INSERT INTO isos.evento_x_usuario (modulo, evento, usuario) VALUES ('NOTIFICACIONES', 'LISTAR', 'WZAMORA');
INSERT INTO isos.evento_x_usuario (modulo, evento, usuario) VALUES ('CAJA', 'APERTURAR', 'WZAMORA');
INSERT INTO isos.evento_x_usuario (modulo, evento, usuario) VALUES ('CAJA', 'CERRAR', 'WZAMORA');
INSERT INTO isos.evento_x_usuario (modulo, evento, usuario) VALUES ('ORDENTRABAJO', 'SUBITEM', 'WZAMORA');
INSERT INTO isos.evento_x_usuario (modulo, evento, usuario) VALUES ('CONFIGIMPRESION', 'LISTAR', 'DCRUZ');
INSERT INTO isos.evento_x_usuario (modulo, evento, usuario) VALUES ('CONFIGIMPRESION', 'NUEVO', 'DCRUZ');
INSERT INTO isos.evento_x_usuario (modulo, evento, usuario) VALUES ('USUARIO', 'CLAVE', 'DCRUZ');
INSERT INTO isos.evento_x_usuario (modulo, evento, usuario) VALUES ('USUARIO', 'EDITAR', 'DCRUZ');
INSERT INTO isos.evento_x_usuario (modulo, evento, usuario) VALUES ('USUARIO', 'INACTIVAR', 'DCRUZ');
INSERT INTO isos.evento_x_usuario (modulo, evento, usuario) VALUES ('USUARIO', 'LISTAR', 'DCRUZ');
INSERT INTO isos.evento_x_usuario (modulo, evento, usuario) VALUES ('USUARIO', 'NUEVO', 'DCRUZ');
INSERT INTO isos.evento_x_usuario (modulo, evento, usuario) VALUES ('USUARIO', 'VER', 'DCRUZ');
INSERT INTO isos.evento_x_usuario (modulo, evento, usuario) VALUES ('VENTA', 'DESCUENTO', 'DCRUZ');
INSERT INTO isos.evento_x_usuario (modulo, evento, usuario) VALUES ('VENTA', 'DISMINUYEPRECIO', 'DCRUZ');
INSERT INTO isos.evento_x_usuario (modulo, evento, usuario) VALUES ('VENTA', 'EDITAR', 'DCRUZ');
INSERT INTO isos.evento_x_usuario (modulo, evento, usuario) VALUES ('VENTA', 'ENVIARCORREO', 'DCRUZ');
INSERT INTO isos.evento_x_usuario (modulo, evento, usuario) VALUES ('PRODUCTO', 'DESACTIVAR', 'DCRUZ');
INSERT INTO isos.evento_x_usuario (modulo, evento, usuario) VALUES ('PRODUCTO', 'EDITAR', 'DCRUZ');
INSERT INTO isos.evento_x_usuario (modulo, evento, usuario) VALUES ('PRODUCTO', 'LISTAR', 'DCRUZ');
INSERT INTO isos.evento_x_usuario (modulo, evento, usuario) VALUES ('PRODUCTO', 'NUEVO', 'DCRUZ');
INSERT INTO isos.evento_x_usuario (modulo, evento, usuario) VALUES ('FORMAPAGO', 'EDITAR', 'DCRUZ');
INSERT INTO isos.evento_x_usuario (modulo, evento, usuario) VALUES ('FORMAPAGO', 'ELIMINAR', 'DCRUZ');
INSERT INTO isos.evento_x_usuario (modulo, evento, usuario) VALUES ('VENTA', 'LISTAR', 'DCRUZ');
INSERT INTO isos.evento_x_usuario (modulo, evento, usuario) VALUES ('FORMAPAGO', 'LISTAR', 'DCRUZ');
INSERT INTO isos.evento_x_usuario (modulo, evento, usuario) VALUES ('FORMAPAGO', 'NUEVO', 'DCRUZ');
INSERT INTO isos.evento_x_usuario (modulo, evento, usuario) VALUES ('VENTA', 'NUEVO', 'DCRUZ');
INSERT INTO isos.evento_x_usuario (modulo, evento, usuario) VALUES ('TIPOTRIBUTO', 'EDITAR', 'DCRUZ');
INSERT INTO isos.evento_x_usuario (modulo, evento, usuario) VALUES ('TIPOTRIBUTO', 'LISTAR', 'DCRUZ');
INSERT INTO isos.evento_x_usuario (modulo, evento, usuario) VALUES ('TIPOTRIBUTO', 'NUEVO', 'DCRUZ');
INSERT INTO isos.evento_x_usuario (modulo, evento, usuario) VALUES ('DEUDA', 'EDITAR', 'DCRUZ');
INSERT INTO isos.evento_x_usuario (modulo, evento, usuario) VALUES ('DEUDA', 'LISTAR', 'DCRUZ');
INSERT INTO isos.evento_x_usuario (modulo, evento, usuario) VALUES ('VENTA', 'REPORTE', 'DCRUZ');
INSERT INTO isos.evento_x_usuario (modulo, evento, usuario) VALUES ('PERFIL', 'EDITAR', 'DCRUZ');
INSERT INTO isos.evento_x_usuario (modulo, evento, usuario) VALUES ('PERFIL', 'LISTAR', 'DCRUZ');
INSERT INTO isos.evento_x_usuario (modulo, evento, usuario) VALUES ('PERFIL', 'NUEVO', 'DCRUZ');
INSERT INTO isos.evento_x_usuario (modulo, evento, usuario) VALUES ('DETRACCION_C', 'EDITAR', 'DCRUZ');
INSERT INTO isos.evento_x_usuario (modulo, evento, usuario) VALUES ('TCAMBIO', 'EDITAR', 'DCRUZ');
INSERT INTO isos.evento_x_usuario (modulo, evento, usuario) VALUES ('TCAMBIO', 'ELIMINAR', 'DCRUZ');
INSERT INTO isos.evento_x_usuario (modulo, evento, usuario) VALUES ('TCAMBIO', 'LISTAR', 'DCRUZ');
INSERT INTO isos.evento_x_usuario (modulo, evento, usuario) VALUES ('TCAMBIO', 'NUEVO', 'DCRUZ');
INSERT INTO isos.evento_x_usuario (modulo, evento, usuario) VALUES ('TIPOIDENTIDAD', 'EDITAR', 'DCRUZ');
INSERT INTO isos.evento_x_usuario (modulo, evento, usuario) VALUES ('TIPOIDENTIDAD', 'LISTAR', 'DCRUZ');
INSERT INTO isos.evento_x_usuario (modulo, evento, usuario) VALUES ('MODULO', 'EDITAR', 'DCRUZ');
INSERT INTO isos.evento_x_usuario (modulo, evento, usuario) VALUES ('MODULO', 'ELIMINAR', 'DCRUZ');
INSERT INTO isos.evento_x_usuario (modulo, evento, usuario) VALUES ('MODULO', 'LISTAR', 'DCRUZ');
INSERT INTO isos.evento_x_usuario (modulo, evento, usuario) VALUES ('MODULO', 'NUEVO', 'DCRUZ');
INSERT INTO isos.evento_x_usuario (modulo, evento, usuario) VALUES ('TIPOIDENTIDAD', 'NUEVO', 'DCRUZ');
INSERT INTO isos.evento_x_usuario (modulo, evento, usuario) VALUES ('SISTEMA', 'EDITAR', 'DCRUZ');
INSERT INTO isos.evento_x_usuario (modulo, evento, usuario) VALUES ('SISTEMA', 'ELIMINAR', 'DCRUZ');
INSERT INTO isos.evento_x_usuario (modulo, evento, usuario) VALUES ('SISTEMA', 'LISTAR', 'DCRUZ');
INSERT INTO isos.evento_x_usuario (modulo, evento, usuario) VALUES ('SISTEMA', 'NUEVO', 'DCRUZ');
INSERT INTO isos.evento_x_usuario (modulo, evento, usuario) VALUES ('MENU', 'EDITAR', 'DCRUZ');
INSERT INTO isos.evento_x_usuario (modulo, evento, usuario) VALUES ('MENU', 'LISTAR', 'DCRUZ');
INSERT INTO isos.evento_x_usuario (modulo, evento, usuario) VALUES ('MENU', 'NUEVO', 'DCRUZ');
INSERT INTO isos.evento_x_usuario (modulo, evento, usuario) VALUES ('EMPRESA', 'EDITAR', 'DCRUZ');
INSERT INTO isos.evento_x_usuario (modulo, evento, usuario) VALUES ('EMPRESA', 'ELIMINAR', 'DCRUZ');
INSERT INTO isos.evento_x_usuario (modulo, evento, usuario) VALUES ('EMPRESA', 'LISTAR', 'DCRUZ');
INSERT INTO isos.evento_x_usuario (modulo, evento, usuario) VALUES ('EMPRESA', 'NUEVO', 'DCRUZ');
INSERT INTO isos.evento_x_usuario (modulo, evento, usuario) VALUES ('CREDITO', 'ANULARPAGO', 'WZAMORA');
INSERT INTO isos.evento_x_usuario (modulo, evento, usuario) VALUES ('CREDITO', 'DETALLE', 'WZAMORA');
INSERT INTO isos.evento_x_usuario (modulo, evento, usuario) VALUES ('CREDITO', 'LISTAR', 'WZAMORA');
INSERT INTO isos.evento_x_usuario (modulo, evento, usuario) VALUES ('NOTACREDITO_R', 'EDITAR', 'WZAMORA');
INSERT INTO isos.evento_x_usuario (modulo, evento, usuario) VALUES ('NOTACREDITO_R', 'ENVIARCORREO', 'WZAMORA');
INSERT INTO isos.evento_x_usuario (modulo, evento, usuario) VALUES ('RPTINFORMES', 'LISTAR', 'DCRUZ');
INSERT INTO isos.evento_x_usuario (modulo, evento, usuario) VALUES ('NOTACREDITO_R', 'LISTAR', 'WZAMORA');
INSERT INTO isos.evento_x_usuario (modulo, evento, usuario) VALUES ('REPORTES', 'LISTAR', 'DCRUZ');
INSERT INTO isos.evento_x_usuario (modulo, evento, usuario) VALUES ('RPTGRAFICOS', 'LISTAR', 'DCRUZ');
INSERT INTO isos.evento_x_usuario (modulo, evento, usuario) VALUES ('NOTACREDITO_R', 'NUEVO', 'WZAMORA');
INSERT INTO isos.evento_x_usuario (modulo, evento, usuario) VALUES ('CREDITO', 'DETALLE', 'DCRUZ');
INSERT INTO isos.evento_x_usuario (modulo, evento, usuario) VALUES ('NOTACREDITO_R', 'REPORTE', 'WZAMORA');
INSERT INTO isos.evento_x_usuario (modulo, evento, usuario) VALUES ('CREDITO', 'LISTAR', 'DCRUZ');
INSERT INTO isos.evento_x_usuario (modulo, evento, usuario) VALUES ('DETRACCION_C', 'EDITAR', 'WZAMORA');
INSERT INTO isos.evento_x_usuario (modulo, evento, usuario) VALUES ('CREDITO', 'ANULARPAGO', 'DCRUZ');
INSERT INTO isos.evento_x_usuario (modulo, evento, usuario) VALUES ('NOTACREDITO', 'LISTAR', 'DCRUZ');
INSERT INTO isos.evento_x_usuario (modulo, evento, usuario) VALUES ('TIPOTRIBUTO', 'EDITAR', 'WZAMORA');
INSERT INTO isos.evento_x_usuario (modulo, evento, usuario) VALUES ('NOTACREDITO', 'NUEVO', 'DCRUZ');
INSERT INTO isos.evento_x_usuario (modulo, evento, usuario) VALUES ('TIPOTRIBUTO', 'LISTAR', 'WZAMORA');
INSERT INTO isos.evento_x_usuario (modulo, evento, usuario) VALUES ('NOTACREDITO', 'EDITAR', 'DCRUZ');
INSERT INTO isos.evento_x_usuario (modulo, evento, usuario) VALUES ('TIPOTRIBUTO', 'NUEVO', 'WZAMORA');
INSERT INTO isos.evento_x_usuario (modulo, evento, usuario) VALUES ('KARDEXSIMPLE', 'LISTAR', 'DCRUZ');
INSERT INTO isos.evento_x_usuario (modulo, evento, usuario) VALUES ('UNSPSC', 'LISTAR', 'WZAMORA');
INSERT INTO isos.evento_x_usuario (modulo, evento, usuario) VALUES ('KARDEXSIMPLE', 'EDITAR', 'DCRUZ');
INSERT INTO isos.evento_x_usuario (modulo, evento, usuario) VALUES ('DIARIODETALLE', 'LISTAR', 'WZAMORA');
INSERT INTO isos.evento_x_usuario (modulo, evento, usuario) VALUES ('TRABAJADOR', 'EDITAR', 'DCRUZ');
INSERT INTO isos.evento_x_usuario (modulo, evento, usuario) VALUES ('CONFIGCONTA', 'EDITAR', 'DCRUZ');
INSERT INTO isos.evento_x_usuario (modulo, evento, usuario) VALUES ('CONFIGCONTA', 'VER', 'DCRUZ');
INSERT INTO isos.evento_x_usuario (modulo, evento, usuario) VALUES ('TCUENTA', 'EDITAR', 'DCRUZ');
INSERT INTO isos.evento_x_usuario (modulo, evento, usuario) VALUES ('EMPRESACUENTA', 'EDITAR', 'DCRUZ');
INSERT INTO isos.evento_x_usuario (modulo, evento, usuario) VALUES ('TCUENTA', 'ELIMINAR', 'DCRUZ');
INSERT INTO isos.evento_x_usuario (modulo, evento, usuario) VALUES ('EMPRESACUENTA', 'LISTAR', 'DCRUZ');
INSERT INTO isos.evento_x_usuario (modulo, evento, usuario) VALUES ('TCUENTA', 'LISTAR', 'DCRUZ');
INSERT INTO isos.evento_x_usuario (modulo, evento, usuario) VALUES ('TCUENTA', 'NUEVO', 'DCRUZ');
INSERT INTO isos.evento_x_usuario (modulo, evento, usuario) VALUES ('EMPRESACUENTA', 'NUEVO', 'DCRUZ');
INSERT INTO isos.evento_x_usuario (modulo, evento, usuario) VALUES ('DIARIO', 'EDITAR', 'DCRUZ');
INSERT INTO isos.evento_x_usuario (modulo, evento, usuario) VALUES ('DIARIO', 'LISTAR', 'DCRUZ');
INSERT INTO isos.evento_x_usuario (modulo, evento, usuario) VALUES ('DIARIO', 'NUEVO', 'DCRUZ');
INSERT INTO isos.evento_x_usuario (modulo, evento, usuario) VALUES ('TRABAJADOR', 'ELIMINAR', 'DCRUZ');
INSERT INTO isos.evento_x_usuario (modulo, evento, usuario) VALUES ('DIARIODETALLE', 'LISTAR', 'DCRUZ');
INSERT INTO isos.evento_x_usuario (modulo, evento, usuario) VALUES ('TRABAJADOR', 'LISTAR', 'DCRUZ');
INSERT INTO isos.evento_x_usuario (modulo, evento, usuario) VALUES ('TRABAJADOR', 'NUEVO', 'DCRUZ');
INSERT INTO isos.evento_x_usuario (modulo, evento, usuario) VALUES ('VENTA', 'INCLUIDOIGV', 'DCRUZ');
INSERT INTO isos.evento_x_usuario (modulo, evento, usuario) VALUES ('PROFORMA', 'AUMENTAPRECIO', 'DCRUZ');
INSERT INTO isos.evento_x_usuario (modulo, evento, usuario) VALUES ('PROFORMA', 'DESCUENTO', 'DCRUZ');
INSERT INTO isos.evento_x_usuario (modulo, evento, usuario) VALUES ('PROFORMA', 'DISMINUYEPRECIO', 'DCRUZ');
INSERT INTO isos.evento_x_usuario (modulo, evento, usuario) VALUES ('PROFORMA', 'EDITAR', 'DCRUZ');
INSERT INTO isos.evento_x_usuario (modulo, evento, usuario) VALUES ('PROFORMA', 'ENVIARCORREO', 'DCRUZ');
INSERT INTO isos.evento_x_usuario (modulo, evento, usuario) VALUES ('PROFORMA', 'LISTAR', 'DCRUZ');
INSERT INTO isos.evento_x_usuario (modulo, evento, usuario) VALUES ('PROFORMA', 'NUEVO', 'DCRUZ');
INSERT INTO isos.evento_x_usuario (modulo, evento, usuario) VALUES ('PROFORMA', 'PRECIOCOMPRA', 'DCRUZ');
INSERT INTO isos.evento_x_usuario (modulo, evento, usuario) VALUES ('PROFORMA', 'REPORTE', 'DCRUZ');
INSERT INTO isos.evento_x_usuario (modulo, evento, usuario) VALUES ('ACTIVIDADECONOM', 'EDITAR', 'DCRUZ');
INSERT INTO isos.evento_x_usuario (modulo, evento, usuario) VALUES ('ACTIVIDADECONOM', 'ELIMINAR', 'DCRUZ');
INSERT INTO isos.evento_x_usuario (modulo, evento, usuario) VALUES ('ACTIVIDADECONOM', 'LISTAR', 'DCRUZ');
INSERT INTO isos.evento_x_usuario (modulo, evento, usuario) VALUES ('ACTIVIDADECONOM', 'NUEVO', 'DCRUZ');
INSERT INTO isos.evento_x_usuario (modulo, evento, usuario) VALUES ('ENTIDADFINANCIE', 'EDITAR', 'DCRUZ');
INSERT INTO isos.evento_x_usuario (modulo, evento, usuario) VALUES ('ENTIDADFINANCIE', 'ELIMINAR', 'DCRUZ');
INSERT INTO isos.evento_x_usuario (modulo, evento, usuario) VALUES ('ENTIDADFINANCIE', 'LISTAR', 'DCRUZ');
INSERT INTO isos.evento_x_usuario (modulo, evento, usuario) VALUES ('ENTIDADFINANCIE', 'NUEVO', 'DCRUZ');
INSERT INTO isos.evento_x_usuario (modulo, evento, usuario) VALUES ('KARDEXVALORADO', 'LISTAR', 'DCRUZ');
INSERT INTO isos.evento_x_usuario (modulo, evento, usuario) VALUES ('INVENTARIO', 'LISTAR', 'DCRUZ');
INSERT INTO isos.evento_x_usuario (modulo, evento, usuario) VALUES ('SOLICITUDCOMPRA', 'EDITAR', 'DCRUZ');
INSERT INTO isos.evento_x_usuario (modulo, evento, usuario) VALUES ('SOLICITUDCOMPRA', 'ENVIARCORREO', 'DCRUZ');
INSERT INTO isos.evento_x_usuario (modulo, evento, usuario) VALUES ('CLASE', 'EDITAR', 'DCRUZ');
INSERT INTO isos.evento_x_usuario (modulo, evento, usuario) VALUES ('CLASE', 'ELIMINAR', 'DCRUZ');
INSERT INTO isos.evento_x_usuario (modulo, evento, usuario) VALUES ('CLASE', 'LISTAR', 'DCRUZ');
INSERT INTO isos.evento_x_usuario (modulo, evento, usuario) VALUES ('CLASE', 'NUEVO', 'DCRUZ');
INSERT INTO isos.evento_x_usuario (modulo, evento, usuario) VALUES ('LINEA', 'EDITAR', 'DCRUZ');
INSERT INTO isos.evento_x_usuario (modulo, evento, usuario) VALUES ('LINEA', 'ELIMINAR', 'DCRUZ');
INSERT INTO isos.evento_x_usuario (modulo, evento, usuario) VALUES ('ALMACEN', 'NUEVO', 'DCRUZ');
INSERT INTO isos.evento_x_usuario (modulo, evento, usuario) VALUES ('CONFIGURA', 'EDITAR', 'DCRUZ');
INSERT INTO isos.evento_x_usuario (modulo, evento, usuario) VALUES ('CONSULTAPRECIOS', 'LISTAR', 'DCRUZ');
INSERT INTO isos.evento_x_usuario (modulo, evento, usuario) VALUES ('ESTADO', 'LISTAR', 'DCRUZ');
INSERT INTO isos.evento_x_usuario (modulo, evento, usuario) VALUES ('ESTADO', 'NUEVO', 'DCRUZ');
INSERT INTO isos.evento_x_usuario (modulo, evento, usuario) VALUES ('LINEA', 'LISTAR', 'DCRUZ');
INSERT INTO isos.evento_x_usuario (modulo, evento, usuario) VALUES ('LINEA', 'NUEVO', 'DCRUZ');
INSERT INTO isos.evento_x_usuario (modulo, evento, usuario) VALUES ('NOTACREDITO', 'EDITAR', 'WZAMORA');
INSERT INTO isos.evento_x_usuario (modulo, evento, usuario) VALUES ('ALMACEN', 'REPORTE', 'DCRUZ');
INSERT INTO isos.evento_x_usuario (modulo, evento, usuario) VALUES ('NOTACREDITO', 'LISTAR', 'WZAMORA');
INSERT INTO isos.evento_x_usuario (modulo, evento, usuario) VALUES ('KARDEXVALORADO', 'EDITAR', 'DCRUZ');
INSERT INTO isos.evento_x_usuario (modulo, evento, usuario) VALUES ('NOTACREDITO', 'NUEVO', 'WZAMORA');
INSERT INTO isos.evento_x_usuario (modulo, evento, usuario) VALUES ('VENTA', 'CREDITO', 'DCRUZ');
INSERT INTO isos.evento_x_usuario (modulo, evento, usuario) VALUES ('NOTACREDITO_E', 'ANULAR', 'WZAMORA');
INSERT INTO isos.evento_x_usuario (modulo, evento, usuario) VALUES ('MARCA', 'EDITAR', 'DCRUZ');
INSERT INTO isos.evento_x_usuario (modulo, evento, usuario) VALUES ('MARCA', 'ELIMINAR', 'DCRUZ');
INSERT INTO isos.evento_x_usuario (modulo, evento, usuario) VALUES ('MARCA', 'LISTAR', 'DCRUZ');
INSERT INTO isos.evento_x_usuario (modulo, evento, usuario) VALUES ('MARCA', 'NUEVO', 'DCRUZ');
INSERT INTO isos.evento_x_usuario (modulo, evento, usuario) VALUES ('NOTACREDITO_E', 'EDITAR', 'WZAMORA');
INSERT INTO isos.evento_x_usuario (modulo, evento, usuario) VALUES ('NOTACREDITO_E', 'ENVIARCORREO', 'WZAMORA');
INSERT INTO isos.evento_x_usuario (modulo, evento, usuario) VALUES ('NOTACREDITO_E', 'LISTAR', 'WZAMORA');
INSERT INTO isos.evento_x_usuario (modulo, evento, usuario) VALUES ('NOTACREDITO_E', 'NUEVO', 'WZAMORA');
INSERT INTO isos.evento_x_usuario (modulo, evento, usuario) VALUES ('NOTACREDITO_E', 'REPORTE', 'WZAMORA');
INSERT INTO isos.evento_x_usuario (modulo, evento, usuario) VALUES ('DETRACCION_V', 'EDITAR', 'WZAMORA');
INSERT INTO isos.evento_x_usuario (modulo, evento, usuario) VALUES ('SOLICITUDCOMPRA', 'LISTAR', 'DCRUZ');
INSERT INTO isos.evento_x_usuario (modulo, evento, usuario) VALUES ('SOLICITUDCOMPRA', 'NUEVO', 'DCRUZ');
INSERT INTO isos.evento_x_usuario (modulo, evento, usuario) VALUES ('SOLICITUDCOMPRA', 'PROCESARCC', 'DCRUZ');
INSERT INTO isos.evento_x_usuario (modulo, evento, usuario) VALUES ('SOLICITUDCOMPRA', 'REPORTE', 'DCRUZ');
INSERT INTO isos.evento_x_usuario (modulo, evento, usuario) VALUES ('SOLICITUDCOMPRA', 'VER', 'DCRUZ');
INSERT INTO isos.evento_x_usuario (modulo, evento, usuario) VALUES ('GUIA', 'ANULAR', 'DCRUZ');
INSERT INTO isos.evento_x_usuario (modulo, evento, usuario) VALUES ('GUIA', 'DESCUENTO', 'DCRUZ');
INSERT INTO isos.evento_x_usuario (modulo, evento, usuario) VALUES ('GUIA', 'DISMINUYEPRECIO', 'DCRUZ');
INSERT INTO isos.evento_x_usuario (modulo, evento, usuario) VALUES ('GUIA', 'PRECIOCOMPRA', 'DCRUZ');
INSERT INTO isos.evento_x_usuario (modulo, evento, usuario) VALUES ('GUIA', 'LISTAR', 'DCRUZ');
INSERT INTO isos.evento_x_usuario (modulo, evento, usuario) VALUES ('GUIA', 'NUEVO', 'DCRUZ');
INSERT INTO isos.evento_x_usuario (modulo, evento, usuario) VALUES ('GUIA', 'EDITAR', 'DCRUZ');
INSERT INTO isos.evento_x_usuario (modulo, evento, usuario) VALUES ('GUIA', 'REPORTE', 'DCRUZ');
INSERT INTO isos.evento_x_usuario (modulo, evento, usuario) VALUES ('TIPOIDENTIDAD', 'EDITAR', 'WZAMORA');
INSERT INTO isos.evento_x_usuario (modulo, evento, usuario) VALUES ('TIPOIDENTIDAD', 'LISTAR', 'WZAMORA');
INSERT INTO isos.evento_x_usuario (modulo, evento, usuario) VALUES ('GUIA', 'ENVIARCORREO', 'DCRUZ');
INSERT INTO isos.evento_x_usuario (modulo, evento, usuario) VALUES ('TIPOIDENTIDAD', 'NUEVO', 'WZAMORA');
INSERT INTO isos.evento_x_usuario (modulo, evento, usuario) VALUES ('CONCEPTODETRACCION', 'EDITAR', 'WZAMORA');
INSERT INTO isos.evento_x_usuario (modulo, evento, usuario) VALUES ('CONCEPTODETRACCION', 'LISTAR', 'WZAMORA');
INSERT INTO isos.evento_x_usuario (modulo, evento, usuario) VALUES ('CONCEPTODETRACCION', 'NUEVO', 'WZAMORA');
INSERT INTO isos.evento_x_usuario (modulo, evento, usuario) VALUES ('DIARIO', 'EDITAR', 'WZAMORA');
INSERT INTO isos.evento_x_usuario (modulo, evento, usuario) VALUES ('DIARIO', 'LISTAR', 'WZAMORA');
INSERT INTO isos.evento_x_usuario (modulo, evento, usuario) VALUES ('DIARIO', 'NUEVO', 'WZAMORA');
INSERT INTO isos.evento_x_usuario (modulo, evento, usuario) VALUES ('TIPODOCUMENTO', 'CONFIGURAR', 'DCRUZ');
INSERT INTO isos.evento_x_usuario (modulo, evento, usuario) VALUES ('TIPODOCUMENTO', 'EDITAR', 'DCRUZ');
INSERT INTO isos.evento_x_usuario (modulo, evento, usuario) VALUES ('TIPODOCUMENTO', 'ELIMINAR', 'DCRUZ');
INSERT INTO isos.evento_x_usuario (modulo, evento, usuario) VALUES ('TIPODOCUMENTO', 'LISTAR', 'DCRUZ');
INSERT INTO isos.evento_x_usuario (modulo, evento, usuario) VALUES ('TIPODOCUMENTO', 'NUEVO', 'DCRUZ');
INSERT INTO isos.evento_x_usuario (modulo, evento, usuario) VALUES ('TMONEDA', 'EDITAR', 'DCRUZ');
INSERT INTO isos.evento_x_usuario (modulo, evento, usuario) VALUES ('TMONEDA', 'ELIMINAR', 'DCRUZ');
INSERT INTO isos.evento_x_usuario (modulo, evento, usuario) VALUES ('TMONEDA', 'LISTAR', 'DCRUZ');
INSERT INTO isos.evento_x_usuario (modulo, evento, usuario) VALUES ('TMONEDA', 'NUEVO', 'DCRUZ');
INSERT INTO isos.evento_x_usuario (modulo, evento, usuario) VALUES ('TPAGO', 'EDITAR', 'DCRUZ');
INSERT INTO isos.evento_x_usuario (modulo, evento, usuario) VALUES ('TPAGO', 'ELIMINAR', 'DCRUZ');
INSERT INTO isos.evento_x_usuario (modulo, evento, usuario) VALUES ('TPAGO', 'LISTAR', 'DCRUZ');
INSERT INTO isos.evento_x_usuario (modulo, evento, usuario) VALUES ('TPAGO', 'NUEVO', 'DCRUZ');
INSERT INTO isos.evento_x_usuario (modulo, evento, usuario) VALUES ('UNIDADMEDIDA', 'EDITAR', 'DCRUZ');
INSERT INTO isos.evento_x_usuario (modulo, evento, usuario) VALUES ('UNIDADMEDIDA', 'ELIMINAR', 'DCRUZ');
INSERT INTO isos.evento_x_usuario (modulo, evento, usuario) VALUES ('UNIDADMEDIDA', 'LISTAR', 'DCRUZ');
INSERT INTO isos.evento_x_usuario (modulo, evento, usuario) VALUES ('UNIDADMEDIDA', 'NUEVO', 'DCRUZ');
INSERT INTO isos.evento_x_usuario (modulo, evento, usuario) VALUES ('TRANSFERENCIA', 'AUMENTAPRECIO', 'DCRUZ');
INSERT INTO isos.evento_x_usuario (modulo, evento, usuario) VALUES ('TRANSFERENCIA', 'DESCUENTO', 'DCRUZ');
INSERT INTO isos.evento_x_usuario (modulo, evento, usuario) VALUES ('TRANSFERENCIA', 'DISMINUYEPRECIO', 'DCRUZ');
INSERT INTO isos.evento_x_usuario (modulo, evento, usuario) VALUES ('TRANSFERENCIA', 'EDITAR', 'DCRUZ');
INSERT INTO isos.evento_x_usuario (modulo, evento, usuario) VALUES ('TRANSFERENCIA', 'LISTAR', 'DCRUZ');
INSERT INTO isos.evento_x_usuario (modulo, evento, usuario) VALUES ('TRANSFERENCIA', 'NUEVO', 'DCRUZ');
INSERT INTO isos.evento_x_usuario (modulo, evento, usuario) VALUES ('TRANSFERENCIA', 'PRECIOCOMPRA', 'DCRUZ');
INSERT INTO isos.evento_x_usuario (modulo, evento, usuario) VALUES ('CONDICIONVENTA', 'LISTAR', 'DCRUZ');
INSERT INTO isos.evento_x_usuario (modulo, evento, usuario) VALUES ('CONDICIONVENTA', 'NUEVO', 'DCRUZ');
INSERT INTO isos.evento_x_usuario (modulo, evento, usuario) VALUES ('CONDICIONVENTA', 'EDITAR', 'DCRUZ');
INSERT INTO isos.evento_x_usuario (modulo, evento, usuario) VALUES ('CONCEPTODETRACCION', 'NUEVO', 'DCRUZ');
INSERT INTO isos.evento_x_usuario (modulo, evento, usuario) VALUES ('PEDIDOVENTA', 'LISTAR', 'DCRUZ');
INSERT INTO isos.evento_x_usuario (modulo, evento, usuario) VALUES ('CONCEPTODETRACCION', 'LISTAR', 'DCRUZ');
INSERT INTO isos.evento_x_usuario (modulo, evento, usuario) VALUES ('PEDIDOVENTA', 'EDITAR', 'DCRUZ');
INSERT INTO isos.evento_x_usuario (modulo, evento, usuario) VALUES ('PEDIDOVENTA', 'NUEVO', 'DCRUZ');
INSERT INTO isos.evento_x_usuario (modulo, evento, usuario) VALUES ('PEDIDOVENTA', 'REPORTE', 'DCRUZ');
INSERT INTO isos.evento_x_usuario (modulo, evento, usuario) VALUES ('CONCEPTODETRACCION', 'EDITAR', 'DCRUZ');
INSERT INTO isos.evento_x_usuario (modulo, evento, usuario) VALUES ('NOTIFICACIONES', 'LISTAR', 'DCRUZ');
INSERT INTO isos.evento_x_usuario (modulo, evento, usuario) VALUES ('DASHBOARD', 'VER', 'DCRUZ');
INSERT INTO isos.evento_x_usuario (modulo, evento, usuario) VALUES ('RECEPCION', 'LISTAR', 'DCRUZ');
INSERT INTO isos.evento_x_usuario (modulo, evento, usuario) VALUES ('RECEPCION', 'EDITAR', 'DCRUZ');
INSERT INTO isos.evento_x_usuario (modulo, evento, usuario) VALUES ('DETRACCION', 'LISTAR', 'DCRUZ');
INSERT INTO isos.evento_x_usuario (modulo, evento, usuario) VALUES ('RECEPCION', 'NUEVO', 'DCRUZ');
INSERT INTO isos.evento_x_usuario (modulo, evento, usuario) VALUES ('DETRACCION', 'EDITAR', 'DCRUZ');
INSERT INTO isos.evento_x_usuario (modulo, evento, usuario) VALUES ('TIPOOPERACION', 'LISTAR', 'DCRUZ');
INSERT INTO isos.evento_x_usuario (modulo, evento, usuario) VALUES ('KARDEXSIMPLE', 'EDITAR', 'WZAMORA');
INSERT INTO isos.evento_x_usuario (modulo, evento, usuario) VALUES ('TIPOOPERACION', 'EDITAR', 'DCRUZ');
INSERT INTO isos.evento_x_usuario (modulo, evento, usuario) VALUES ('KARDEXSIMPLE', 'LISTAR', 'WZAMORA');
INSERT INTO isos.evento_x_usuario (modulo, evento, usuario) VALUES ('TIPOOPERACION', 'NUEVO', 'DCRUZ');
INSERT INTO isos.evento_x_usuario (modulo, evento, usuario) VALUES ('CONSULTAPRECIOS', 'LISTAR', 'WZAMORA');
INSERT INTO isos.evento_x_usuario (modulo, evento, usuario) VALUES ('NOTADEBITO_R', 'NUEVO', 'DCRUZ');
INSERT INTO isos.evento_x_usuario (modulo, evento, usuario) VALUES ('NOTADEBITO_R', 'REPORTE', 'DCRUZ');
INSERT INTO isos.evento_x_usuario (modulo, evento, usuario) VALUES ('NOTADEBITO_R', 'LISTAR', 'DCRUZ');
INSERT INTO isos.evento_x_usuario (modulo, evento, usuario) VALUES ('NOTADEBITO_R', 'EDITAR', 'DCRUZ');
INSERT INTO isos.evento_x_usuario (modulo, evento, usuario) VALUES ('DETRACCION_V', 'EDITAR', 'DCRUZ');
INSERT INTO isos.evento_x_usuario (modulo, evento, usuario) VALUES ('NOTACREDITO_R', 'NUEVO', 'DCRUZ');
INSERT INTO isos.evento_x_usuario (modulo, evento, usuario) VALUES ('NOTACREDITO_R', 'REPORTE', 'DCRUZ');
INSERT INTO isos.evento_x_usuario (modulo, evento, usuario) VALUES ('NOTACREDITO_R', 'LISTAR', 'DCRUZ');
INSERT INTO isos.evento_x_usuario (modulo, evento, usuario) VALUES ('NOTACREDITO_R', 'ENVIARCORREO', 'DCRUZ');
INSERT INTO isos.evento_x_usuario (modulo, evento, usuario) VALUES ('CONDICIONVENTA', 'EDITAR', 'WZAMORA');
INSERT INTO isos.evento_x_usuario (modulo, evento, usuario) VALUES ('CONDICIONVENTA', 'LISTAR', 'WZAMORA');
INSERT INTO isos.evento_x_usuario (modulo, evento, usuario) VALUES ('CONDICIONVENTA', 'NUEVO', 'WZAMORA');
INSERT INTO isos.evento_x_usuario (modulo, evento, usuario) VALUES ('TIPOOPERACION', 'EDITAR', 'WZAMORA');
INSERT INTO isos.evento_x_usuario (modulo, evento, usuario) VALUES ('VENTA', 'PRECIOCOMPRA', 'DCRUZ');
INSERT INTO isos.evento_x_usuario (modulo, evento, usuario) VALUES ('TIPOOPERACION', 'LISTAR', 'WZAMORA');
INSERT INTO isos.evento_x_usuario (modulo, evento, usuario) VALUES ('TIPOOPERACION', 'NUEVO', 'WZAMORA');
INSERT INTO isos.evento_x_usuario (modulo, evento, usuario) VALUES ('NOTACREDITO_R', 'EDITAR', 'DCRUZ');
INSERT INTO isos.evento_x_usuario (modulo, evento, usuario) VALUES ('EMPRESACUENTA', 'EDITAR', 'WZAMORA');
INSERT INTO isos.evento_x_usuario (modulo, evento, usuario) VALUES ('EMPRESACUENTA', 'LISTAR', 'WZAMORA');
INSERT INTO isos.evento_x_usuario (modulo, evento, usuario) VALUES ('EMPRESACUENTA', 'NUEVO', 'WZAMORA');
INSERT INTO isos.evento_x_usuario (modulo, evento, usuario) VALUES ('UNSPSC', 'LISTAR', 'DCRUZ');
INSERT INTO isos.evento_x_usuario (modulo, evento, usuario) VALUES ('MIPERFIL', 'CAMBIARCLAVE', 'DCRUZ');
INSERT INTO isos.evento_x_usuario (modulo, evento, usuario) VALUES ('MOTIVOANULACION', 'EDITAR', 'DCRUZ');
INSERT INTO isos.evento_x_usuario (modulo, evento, usuario) VALUES ('MOTIVOANULACION', 'LISTAR', 'DCRUZ');
INSERT INTO isos.evento_x_usuario (modulo, evento, usuario) VALUES ('MOTIVOANULACION', 'NUEVO', 'DCRUZ');
INSERT INTO isos.evento_x_usuario (modulo, evento, usuario) VALUES ('CLIENTE', 'NUEVO', 'DCRUZ');
INSERT INTO isos.evento_x_usuario (modulo, evento, usuario) VALUES ('CLIENTE', 'EDITARCREDITO', 'DCRUZ');
INSERT INTO isos.evento_x_usuario (modulo, evento, usuario) VALUES ('CLIENTE', 'ELIMINAR', 'DCRUZ');
INSERT INTO isos.evento_x_usuario (modulo, evento, usuario) VALUES ('CLIENTE', 'NUEVOJ', 'DCRUZ');
INSERT INTO isos.evento_x_usuario (modulo, evento, usuario) VALUES ('CLIENTE', 'LISTAR', 'DCRUZ');
INSERT INTO isos.evento_x_usuario (modulo, evento, usuario) VALUES ('CLIENTE', 'EDITAR', 'DCRUZ');
INSERT INTO isos.evento_x_usuario (modulo, evento, usuario) VALUES ('CLIENTE', 'HISTORIAL', 'DCRUZ');
INSERT INTO isos.evento_x_usuario (modulo, evento, usuario) VALUES ('RECIBOHONORARIOS', 'EDITAR', 'DCRUZ');
INSERT INTO isos.evento_x_usuario (modulo, evento, usuario) VALUES ('RECIBOHONORARIOS', 'LISTAR', 'DCRUZ');
INSERT INTO isos.evento_x_usuario (modulo, evento, usuario) VALUES ('RECIBOHONORARIOS', 'NUEVO', 'DCRUZ');
INSERT INTO isos.evento_x_usuario (modulo, evento, usuario) VALUES ('COMPRA', 'DEUDA', 'DCRUZ');
INSERT INTO isos.evento_x_usuario (modulo, evento, usuario) VALUES ('COMPRA', 'REPORTE', 'DCRUZ');
INSERT INTO isos.evento_x_usuario (modulo, evento, usuario) VALUES ('COMPRA', 'NUEVO', 'DCRUZ');
INSERT INTO isos.evento_x_usuario (modulo, evento, usuario) VALUES ('COMPRA', 'LISTAR', 'DCRUZ');
INSERT INTO isos.evento_x_usuario (modulo, evento, usuario) VALUES ('COMPRA', 'EDITAR', 'DCRUZ');
INSERT INTO isos.evento_x_usuario (modulo, evento, usuario) VALUES ('COMPRA', 'ANULAR', 'DCRUZ');
INSERT INTO isos.evento_x_usuario (modulo, evento, usuario) VALUES ('COMPRA', 'ELIMINAR', 'DCRUZ');
INSERT INTO isos.evento_x_usuario (modulo, evento, usuario) VALUES ('ORDENCOMPRA', 'ENVIARCORREO', 'DCRUZ');
INSERT INTO isos.evento_x_usuario (modulo, evento, usuario) VALUES ('ORDENCOMPRA', 'EDITAR', 'DCRUZ');
INSERT INTO isos.evento_x_usuario (modulo, evento, usuario) VALUES ('ORDENCOMPRA', 'REPORTE', 'DCRUZ');
INSERT INTO isos.evento_x_usuario (modulo, evento, usuario) VALUES ('ORDENCOMPRA', 'ANULAR', 'DCRUZ');
INSERT INTO isos.evento_x_usuario (modulo, evento, usuario) VALUES ('ORDENCOMPRA', 'NUEVO', 'DCRUZ');
INSERT INTO isos.evento_x_usuario (modulo, evento, usuario) VALUES ('ORDENCOMPRA', 'LISTAR', 'DCRUZ');
INSERT INTO isos.evento_x_usuario (modulo, evento, usuario) VALUES ('ORDENTRABAJO', 'LISTAR', 'DCRUZ');
INSERT INTO isos.evento_x_usuario (modulo, evento, usuario) VALUES ('ORDENTRABAJO', 'EDITAR', 'DCRUZ');
INSERT INTO isos.evento_x_usuario (modulo, evento, usuario) VALUES ('ORDENTRABAJO', 'NUEVO', 'DCRUZ');
INSERT INTO isos.evento_x_usuario (modulo, evento, usuario) VALUES ('ORDENTRABAJO', 'IMPRIMIR', 'DCRUZ');
INSERT INTO isos.evento_x_usuario (modulo, evento, usuario) VALUES ('ORDENTRABAJO', 'ANULAR', 'DCRUZ');
INSERT INTO isos.evento_x_usuario (modulo, evento, usuario) VALUES ('NOTACREDITO_E', 'NUEVO', 'DCRUZ');
INSERT INTO isos.evento_x_usuario (modulo, evento, usuario) VALUES ('NOTACREDITO_E', 'REPORTE', 'DCRUZ');
INSERT INTO isos.evento_x_usuario (modulo, evento, usuario) VALUES ('NOTACREDITO_E', 'ENVIARCORREO', 'DCRUZ');
INSERT INTO isos.evento_x_usuario (modulo, evento, usuario) VALUES ('NOTACREDITO_E', 'LISTAR', 'DCRUZ');
INSERT INTO isos.evento_x_usuario (modulo, evento, usuario) VALUES ('NOTACREDITO_E', 'ANULAR', 'DCRUZ');
INSERT INTO isos.evento_x_usuario (modulo, evento, usuario) VALUES ('NOTACREDITO_E', 'EDITAR', 'DCRUZ');
INSERT INTO isos.evento_x_usuario (modulo, evento, usuario) VALUES ('NOTADEBITO_E', 'NUEVO', 'DCRUZ');
INSERT INTO isos.evento_x_usuario (modulo, evento, usuario) VALUES ('NOTADEBITO_E', 'REPORTE', 'DCRUZ');
INSERT INTO isos.evento_x_usuario (modulo, evento, usuario) VALUES ('NOTADEBITO_E', 'LISTAR', 'DCRUZ');
INSERT INTO isos.evento_x_usuario (modulo, evento, usuario) VALUES ('NOTADEBITO_E', 'EDITAR', 'DCRUZ');
INSERT INTO isos.evento_x_usuario (modulo, evento, usuario) VALUES ('EMPRESA', 'EDITAR', 'WZAMORA');
INSERT INTO isos.evento_x_usuario (modulo, evento, usuario) VALUES ('EMPRESA', 'ELIMINAR', 'WZAMORA');
INSERT INTO isos.evento_x_usuario (modulo, evento, usuario) VALUES ('EMPRESA', 'LISTAR', 'WZAMORA');
INSERT INTO isos.evento_x_usuario (modulo, evento, usuario) VALUES ('EMPRESA', 'NUEVO', 'WZAMORA');
INSERT INTO isos.evento_x_usuario (modulo, evento, usuario) VALUES ('LINEA', 'EDITAR', 'WZAMORA');
INSERT INTO isos.evento_x_usuario (modulo, evento, usuario) VALUES ('LINEA', 'LISTAR', 'WZAMORA');
INSERT INTO isos.evento_x_usuario (modulo, evento, usuario) VALUES ('LINEA', 'NUEVO', 'WZAMORA');
INSERT INTO isos.evento_x_usuario (modulo, evento, usuario) VALUES ('MENU', 'EDITAR', 'WZAMORA');
INSERT INTO isos.evento_x_usuario (modulo, evento, usuario) VALUES ('MENU', 'LISTAR', 'WZAMORA');
INSERT INTO isos.evento_x_usuario (modulo, evento, usuario) VALUES ('MENU', 'NUEVO', 'WZAMORA');
INSERT INTO isos.evento_x_usuario (modulo, evento, usuario) VALUES ('MODULO', 'EDITAR', 'WZAMORA');
INSERT INTO isos.evento_x_usuario (modulo, evento, usuario) VALUES ('MODULO', 'LISTAR', 'WZAMORA');
INSERT INTO isos.evento_x_usuario (modulo, evento, usuario) VALUES ('MODULO', 'NUEVO', 'WZAMORA');
INSERT INTO isos.evento_x_usuario (modulo, evento, usuario) VALUES ('PERFIL', 'EDITAR', 'WZAMORA');
INSERT INTO isos.evento_x_usuario (modulo, evento, usuario) VALUES ('PERFIL', 'LISTAR', 'WZAMORA');
INSERT INTO isos.evento_x_usuario (modulo, evento, usuario) VALUES ('PERFIL', 'NUEVO', 'WZAMORA');
INSERT INTO isos.evento_x_usuario (modulo, evento, usuario) VALUES ('PRODUCTO', 'DESACTIVAR', 'WZAMORA');
INSERT INTO isos.evento_x_usuario (modulo, evento, usuario) VALUES ('PRODUCTO', 'EDITAR', 'WZAMORA');
INSERT INTO isos.evento_x_usuario (modulo, evento, usuario) VALUES ('PRODUCTO', 'LISTAR', 'WZAMORA');
INSERT INTO isos.evento_x_usuario (modulo, evento, usuario) VALUES ('PRODUCTO', 'NUEVO', 'WZAMORA');
INSERT INTO isos.evento_x_usuario (modulo, evento, usuario) VALUES ('PROVEEDOR', 'EDITAR', 'WZAMORA');
INSERT INTO isos.evento_x_usuario (modulo, evento, usuario) VALUES ('PROVEEDOR', 'LISTAR', 'WZAMORA');
INSERT INTO isos.evento_x_usuario (modulo, evento, usuario) VALUES ('PROVEEDOR', 'NUEVO', 'WZAMORA');
INSERT INTO isos.evento_x_usuario (modulo, evento, usuario) VALUES ('SISTEMA', 'EDITAR', 'WZAMORA');
INSERT INTO isos.evento_x_usuario (modulo, evento, usuario) VALUES ('SISTEMA', 'LISTAR', 'WZAMORA');
INSERT INTO isos.evento_x_usuario (modulo, evento, usuario) VALUES ('SISTEMA', 'NUEVO', 'WZAMORA');
INSERT INTO isos.evento_x_usuario (modulo, evento, usuario) VALUES ('TIPODOCUMENTO', 'CONFIGURAR', 'WZAMORA');
INSERT INTO isos.evento_x_usuario (modulo, evento, usuario) VALUES ('TIPODOCUMENTO', 'EDITAR', 'WZAMORA');
INSERT INTO isos.evento_x_usuario (modulo, evento, usuario) VALUES ('TIPODOCUMENTO', 'LISTAR', 'WZAMORA');
INSERT INTO isos.evento_x_usuario (modulo, evento, usuario) VALUES ('TIPODOCUMENTO', 'NUEVO', 'WZAMORA');
INSERT INTO isos.evento_x_usuario (modulo, evento, usuario) VALUES ('CLASE', 'LISTAR', 'WZAMORA');
INSERT INTO isos.evento_x_usuario (modulo, evento, usuario) VALUES ('SOLICITUDCOMPRA', 'EDITAR', 'WZAMORA');
INSERT INTO isos.evento_x_usuario (modulo, evento, usuario) VALUES ('FORMAPAGO', 'LISTAR', 'WZAMORA');
INSERT INTO isos.evento_x_usuario (modulo, evento, usuario) VALUES ('FORMAPAGO', 'NUEVO', 'WZAMORA');
INSERT INTO isos.evento_x_usuario (modulo, evento, usuario) VALUES ('FORMAPAGO', 'EDITAR', 'WZAMORA');
INSERT INTO isos.evento_x_usuario (modulo, evento, usuario) VALUES ('FORMAPAGO', 'ELIMINAR', 'WZAMORA');
INSERT INTO isos.evento_x_usuario (modulo, evento, usuario) VALUES ('SOLICITUDCOMPRA', 'ENVIARCORREO', 'WZAMORA');
INSERT INTO isos.evento_x_usuario (modulo, evento, usuario) VALUES ('SOLICITUDCOMPRA', 'LISTAR', 'WZAMORA');
INSERT INTO isos.evento_x_usuario (modulo, evento, usuario) VALUES ('SOLICITUDCOMPRA', 'NUEVO', 'WZAMORA');
INSERT INTO isos.evento_x_usuario (modulo, evento, usuario) VALUES ('SOLICITUDCOMPRA', 'PROCESARCC', 'WZAMORA');
INSERT INTO isos.evento_x_usuario (modulo, evento, usuario) VALUES ('ENTIDADFINANCIE', 'LISTAR', 'WZAMORA');
INSERT INTO isos.evento_x_usuario (modulo, evento, usuario) VALUES ('ENTIDADFINANCIE', 'NUEVO', 'WZAMORA');
INSERT INTO isos.evento_x_usuario (modulo, evento, usuario) VALUES ('ENTIDADFINANCIE', 'EDITAR', 'WZAMORA');
INSERT INTO isos.evento_x_usuario (modulo, evento, usuario) VALUES ('ENTIDADFINANCIE', 'ELIMINAR', 'WZAMORA');
INSERT INTO isos.evento_x_usuario (modulo, evento, usuario) VALUES ('CONFIGIMPRESION', 'NUEVO', 'WZAMORA');
INSERT INTO isos.evento_x_usuario (modulo, evento, usuario) VALUES ('SOLICITUDCOMPRA', 'REPORTE', 'WZAMORA');
INSERT INTO isos.evento_x_usuario (modulo, evento, usuario) VALUES ('SOLICITUDCOMPRA', 'VER', 'WZAMORA');
INSERT INTO isos.evento_x_usuario (modulo, evento, usuario) VALUES ('VENTA', 'ANULAR', 'WZAMORA');
INSERT INTO isos.evento_x_usuario (modulo, evento, usuario) VALUES ('VENTA', 'AUMENTAPRECIO', 'WZAMORA');
INSERT INTO isos.evento_x_usuario (modulo, evento, usuario) VALUES ('VENTA', 'CREDITO', 'WZAMORA');
INSERT INTO isos.evento_x_usuario (modulo, evento, usuario) VALUES ('VENTA', 'DESCUENTO', 'WZAMORA');
INSERT INTO isos.evento_x_usuario (modulo, evento, usuario) VALUES ('VENTA', 'DISMINUYEPRECIO', 'WZAMORA');
INSERT INTO isos.evento_x_usuario (modulo, evento, usuario) VALUES ('VENTA', 'EDITAR', 'WZAMORA');
INSERT INTO isos.evento_x_usuario (modulo, evento, usuario) VALUES ('VENTA', 'ENVIARCORREO', 'WZAMORA');
INSERT INTO isos.evento_x_usuario (modulo, evento, usuario) VALUES ('VENTA', 'INCLUIDOIGV', 'WZAMORA');
INSERT INTO isos.evento_x_usuario (modulo, evento, usuario) VALUES ('VENTA', 'LISTAR', 'WZAMORA');
INSERT INTO isos.evento_x_usuario (modulo, evento, usuario) VALUES ('VENTA', 'NUEVO', 'WZAMORA');
INSERT INTO isos.evento_x_usuario (modulo, evento, usuario) VALUES ('VENTA', 'PRECIOCOMPRA', 'WZAMORA');
INSERT INTO isos.evento_x_usuario (modulo, evento, usuario) VALUES ('VENTA', 'REPORTE', 'WZAMORA');
INSERT INTO isos.evento_x_usuario (modulo, evento, usuario) VALUES ('ORDENCOMPRA', 'REPORTE', 'WZAMORA');
INSERT INTO isos.evento_x_usuario (modulo, evento, usuario) VALUES ('ORDENCOMPRA', 'ENVIARCORREO', 'WZAMORA');
INSERT INTO isos.evento_x_usuario (modulo, evento, usuario) VALUES ('ORDENCOMPRA', 'EDITAR', 'WZAMORA');
INSERT INTO isos.evento_x_usuario (modulo, evento, usuario) VALUES ('ORDENCOMPRA', 'ANULAR', 'WZAMORA');
INSERT INTO isos.evento_x_usuario (modulo, evento, usuario) VALUES ('ORDENCOMPRA', 'NUEVO', 'WZAMORA');
INSERT INTO isos.evento_x_usuario (modulo, evento, usuario) VALUES ('ORDENCOMPRA', 'LISTAR', 'WZAMORA');
INSERT INTO isos.evento_x_usuario (modulo, evento, usuario) VALUES ('COMPRA', 'ANULAR', 'WZAMORA');
INSERT INTO isos.evento_x_usuario (modulo, evento, usuario) VALUES ('COMPRA', 'DEUDA', 'WZAMORA');
INSERT INTO isos.evento_x_usuario (modulo, evento, usuario) VALUES ('COMPRA', 'EDITAR', 'WZAMORA');
INSERT INTO isos.evento_x_usuario (modulo, evento, usuario) VALUES ('COMPRA', 'LISTAR', 'WZAMORA');
INSERT INTO isos.evento_x_usuario (modulo, evento, usuario) VALUES ('COMPRA', 'NUEVO', 'WZAMORA');
INSERT INTO isos.evento_x_usuario (modulo, evento, usuario) VALUES ('DEUDA', 'EDITAR', 'WZAMORA');
INSERT INTO isos.evento_x_usuario (modulo, evento, usuario) VALUES ('DEUDA', 'LISTAR', 'WZAMORA');
INSERT INTO isos.evento_x_usuario (modulo, evento, usuario) VALUES ('MARCA', 'EDITAR', 'WZAMORA');
INSERT INTO isos.evento_x_usuario (modulo, evento, usuario) VALUES ('MARCA', 'ELIMINAR', 'WZAMORA');
INSERT INTO isos.evento_x_usuario (modulo, evento, usuario) VALUES ('MARCA', 'LISTAR', 'WZAMORA');
INSERT INTO isos.evento_x_usuario (modulo, evento, usuario) VALUES ('MARCA', 'NUEVO', 'WZAMORA');
INSERT INTO isos.evento_x_usuario (modulo, evento, usuario) VALUES ('KARDEXVALORADO', 'EDITAR', 'WZAMORA');
INSERT INTO isos.evento_x_usuario (modulo, evento, usuario) VALUES ('KARDEXVALORADO', 'LISTAR', 'WZAMORA');
INSERT INTO isos.evento_x_usuario (modulo, evento, usuario) VALUES ('RECEPCION', 'EDITAR', 'WZAMORA');
INSERT INTO isos.evento_x_usuario (modulo, evento, usuario) VALUES ('RECEPCION', 'LISTAR', 'WZAMORA');
INSERT INTO isos.evento_x_usuario (modulo, evento, usuario) VALUES ('RECEPCION', 'NUEVO', 'WZAMORA');
INSERT INTO isos.evento_x_usuario (modulo, evento, usuario) VALUES ('DASHBOARD', 'VER', 'WZAMORA');
INSERT INTO isos.evento_x_usuario (modulo, evento, usuario) VALUES ('ALERTAS', 'VENTASXCOBRAR', 'WZAMORA');
INSERT INTO isos.evento_x_usuario (modulo, evento, usuario) VALUES ('MOTIVOANULACION', 'EDITAR', 'WZAMORA');
INSERT INTO isos.evento_x_usuario (modulo, evento, usuario) VALUES ('INVENTARIO', 'LISTAR', 'WZAMORA');
INSERT INTO isos.evento_x_usuario (modulo, evento, usuario) VALUES ('TCAMBIO', 'EDITAR', 'WZAMORA');
INSERT INTO isos.evento_x_usuario (modulo, evento, usuario) VALUES ('TCAMBIO', 'ELIMINAR', 'WZAMORA');
INSERT INTO isos.evento_x_usuario (modulo, evento, usuario) VALUES ('TCAMBIO', 'LISTAR', 'WZAMORA');
INSERT INTO isos.evento_x_usuario (modulo, evento, usuario) VALUES ('TCAMBIO', 'NUEVO', 'WZAMORA');
INSERT INTO isos.evento_x_usuario (modulo, evento, usuario) VALUES ('TCUENTA', 'EDITAR', 'WZAMORA');
INSERT INTO isos.evento_x_usuario (modulo, evento, usuario) VALUES ('TCUENTA', 'ELIMINAR', 'WZAMORA');
INSERT INTO isos.evento_x_usuario (modulo, evento, usuario) VALUES ('TCUENTA', 'LISTAR', 'WZAMORA');
INSERT INTO isos.evento_x_usuario (modulo, evento, usuario) VALUES ('TCUENTA', 'NUEVO', 'WZAMORA');
INSERT INTO isos.evento_x_usuario (modulo, evento, usuario) VALUES ('TMONEDA', 'EDITAR', 'WZAMORA');
INSERT INTO isos.evento_x_usuario (modulo, evento, usuario) VALUES ('MODULO', 'ELIMINAR', 'WZAMORA');
INSERT INTO isos.evento_x_usuario (modulo, evento, usuario) VALUES ('ESTADO', 'NUEVO', 'WZAMORA');
INSERT INTO isos.evento_x_usuario (modulo, evento, usuario) VALUES ('ESTADO', 'LISTAR', 'WZAMORA');
INSERT INTO isos.evento_x_usuario (modulo, evento, usuario) VALUES ('TMONEDA', 'ELIMINAR', 'WZAMORA');
INSERT INTO isos.evento_x_usuario (modulo, evento, usuario) VALUES ('TMONEDA', 'LISTAR', 'WZAMORA');
INSERT INTO isos.evento_x_usuario (modulo, evento, usuario) VALUES ('TMONEDA', 'NUEVO', 'WZAMORA');
INSERT INTO isos.evento_x_usuario (modulo, evento, usuario) VALUES ('TPAGO', 'EDITAR', 'WZAMORA');
INSERT INTO isos.evento_x_usuario (modulo, evento, usuario) VALUES ('TPAGO', 'ELIMINAR', 'WZAMORA');
INSERT INTO isos.evento_x_usuario (modulo, evento, usuario) VALUES ('TPAGO', 'LISTAR', 'WZAMORA');
INSERT INTO isos.evento_x_usuario (modulo, evento, usuario) VALUES ('TPAGO', 'NUEVO', 'WZAMORA');
INSERT INTO isos.evento_x_usuario (modulo, evento, usuario) VALUES ('TRABAJADOR', 'EDITAR', 'WZAMORA');
INSERT INTO isos.evento_x_usuario (modulo, evento, usuario) VALUES ('TRABAJADOR', 'ELIMINAR', 'WZAMORA');
INSERT INTO isos.evento_x_usuario (modulo, evento, usuario) VALUES ('TRABAJADOR', 'LISTAR', 'WZAMORA');
INSERT INTO isos.evento_x_usuario (modulo, evento, usuario) VALUES ('TRABAJADOR', 'NUEVO', 'WZAMORA');
INSERT INTO isos.evento_x_usuario (modulo, evento, usuario) VALUES ('TRANSFERENCIA', 'AUMENTAPRECIO', 'WZAMORA');
INSERT INTO isos.evento_x_usuario (modulo, evento, usuario) VALUES ('TRANSFERENCIA', 'DESCUENTO', 'WZAMORA');
INSERT INTO isos.evento_x_usuario (modulo, evento, usuario) VALUES ('TRANSFERENCIA', 'DISMINUYEPRECIO', 'WZAMORA');
INSERT INTO isos.evento_x_usuario (modulo, evento, usuario) VALUES ('TRANSFERENCIA', 'EDITAR', 'WZAMORA');
INSERT INTO isos.evento_x_usuario (modulo, evento, usuario) VALUES ('TRANSFERENCIA', 'LISTAR', 'WZAMORA');
INSERT INTO isos.evento_x_usuario (modulo, evento, usuario) VALUES ('TRANSFERENCIA', 'NUEVO', 'WZAMORA');
INSERT INTO isos.evento_x_usuario (modulo, evento, usuario) VALUES ('TRANSFERENCIA', 'PRECIOCOMPRA', 'WZAMORA');
INSERT INTO isos.evento_x_usuario (modulo, evento, usuario) VALUES ('TRANSFERENCIA', 'REPORTE', 'WZAMORA');
INSERT INTO isos.evento_x_usuario (modulo, evento, usuario) VALUES ('PROFORMA', 'AUMENTAPRECIO', 'WZAMORA');
INSERT INTO isos.evento_x_usuario (modulo, evento, usuario) VALUES ('PROFORMA', 'DESCUENTO', 'WZAMORA');
INSERT INTO isos.evento_x_usuario (modulo, evento, usuario) VALUES ('PROFORMA', 'DISMINUYEPRECIO', 'WZAMORA');
INSERT INTO isos.evento_x_usuario (modulo, evento, usuario) VALUES ('PROFORMA', 'EDITAR', 'WZAMORA');
INSERT INTO isos.evento_x_usuario (modulo, evento, usuario) VALUES ('PROFORMA', 'ENVIARCORREO', 'WZAMORA');
INSERT INTO isos.evento_x_usuario (modulo, evento, usuario) VALUES ('PROFORMA', 'INCLUIDOIGV', 'WZAMORA');
INSERT INTO isos.evento_x_usuario (modulo, evento, usuario) VALUES ('PROFORMA', 'LISTAR', 'WZAMORA');
INSERT INTO isos.evento_x_usuario (modulo, evento, usuario) VALUES ('PROFORMA', 'NUEVO', 'WZAMORA');
INSERT INTO isos.evento_x_usuario (modulo, evento, usuario) VALUES ('PROFORMA', 'PRECIOCOMPRA', 'WZAMORA');
INSERT INTO isos.evento_x_usuario (modulo, evento, usuario) VALUES ('PROFORMA', 'REPORTE', 'WZAMORA');
INSERT INTO isos.evento_x_usuario (modulo, evento, usuario) VALUES ('REPORTES', 'LISTAR', 'WZAMORA');
INSERT INTO isos.evento_x_usuario (modulo, evento, usuario) VALUES ('RPTGRAFICOS', 'LISTAR', 'WZAMORA');
INSERT INTO isos.evento_x_usuario (modulo, evento, usuario) VALUES ('RPTINFORMES', 'LISTAR', 'WZAMORA');
INSERT INTO isos.evento_x_usuario (modulo, evento, usuario) VALUES ('COMPRA', 'REPORTE', 'WZAMORA');
INSERT INTO isos.evento_x_usuario (modulo, evento, usuario) VALUES ('NOTADEBITO_R', 'EDITAR', 'WZAMORA');
INSERT INTO isos.evento_x_usuario (modulo, evento, usuario) VALUES ('NOTADEBITO_R', 'LISTAR', 'WZAMORA');
INSERT INTO isos.evento_x_usuario (modulo, evento, usuario) VALUES ('NOTADEBITO_R', 'NUEVO', 'WZAMORA');
INSERT INTO isos.evento_x_usuario (modulo, evento, usuario) VALUES ('NOTADEBITO_R', 'REPORTE', 'WZAMORA');
INSERT INTO isos.evento_x_usuario (modulo, evento, usuario) VALUES ('GUIA', 'ANULAR', 'WZAMORA');
INSERT INTO isos.evento_x_usuario (modulo, evento, usuario) VALUES ('GUIA', 'DESCUENTO', 'WZAMORA');
INSERT INTO isos.evento_x_usuario (modulo, evento, usuario) VALUES ('GUIA', 'DISMINUYEPRECIO', 'WZAMORA');
INSERT INTO isos.evento_x_usuario (modulo, evento, usuario) VALUES ('GUIA', 'EDITAR', 'WZAMORA');
INSERT INTO isos.evento_x_usuario (modulo, evento, usuario) VALUES ('GUIA', 'ENVIARCORREO', 'WZAMORA');
INSERT INTO isos.evento_x_usuario (modulo, evento, usuario) VALUES ('GUIA', 'LISTAR', 'WZAMORA');
INSERT INTO isos.evento_x_usuario (modulo, evento, usuario) VALUES ('GUIA', 'NUEVO', 'WZAMORA');
INSERT INTO isos.evento_x_usuario (modulo, evento, usuario) VALUES ('GUIA', 'PRECIOCOMPRA', 'WZAMORA');
INSERT INTO isos.evento_x_usuario (modulo, evento, usuario) VALUES ('GUIA', 'REPORTE', 'WZAMORA');
INSERT INTO isos.evento_x_usuario (modulo, evento, usuario) VALUES ('MOTIVOANULACION', 'LISTAR', 'WZAMORA');
INSERT INTO isos.evento_x_usuario (modulo, evento, usuario) VALUES ('MOTIVOANULACION', 'NUEVO', 'WZAMORA');
INSERT INTO isos.evento_x_usuario (modulo, evento, usuario) VALUES ('CLIENTE', 'NUEVO', 'WZAMORA');
INSERT INTO isos.evento_x_usuario (modulo, evento, usuario) VALUES ('CLIENTE', 'EDITARCREDITO', 'WZAMORA');
INSERT INTO isos.evento_x_usuario (modulo, evento, usuario) VALUES ('CLIENTE', 'ELIMINAR', 'WZAMORA');
INSERT INTO isos.evento_x_usuario (modulo, evento, usuario) VALUES ('CLIENTE', 'NUEVOJ', 'WZAMORA');
INSERT INTO isos.evento_x_usuario (modulo, evento, usuario) VALUES ('CLIENTE', 'LISTAR', 'WZAMORA');
INSERT INTO isos.evento_x_usuario (modulo, evento, usuario) VALUES ('CLIENTE', 'EDITAR', 'WZAMORA');
INSERT INTO isos.evento_x_usuario (modulo, evento, usuario) VALUES ('CLIENTE', 'HISTORIAL', 'WZAMORA');
INSERT INTO isos.evento_x_usuario (modulo, evento, usuario) VALUES ('ORDENTRABAJO', 'LISTAR', 'WZAMORA');
INSERT INTO isos.evento_x_usuario (modulo, evento, usuario) VALUES ('ORDENTRABAJO', 'EDITAR', 'WZAMORA');
INSERT INTO isos.evento_x_usuario (modulo, evento, usuario) VALUES ('ORDENTRABAJO', 'NUEVO', 'WZAMORA');
INSERT INTO isos.evento_x_usuario (modulo, evento, usuario) VALUES ('ORDENTRABAJO', 'IMPRIMIR', 'WZAMORA');
INSERT INTO isos.evento_x_usuario (modulo, evento, usuario) VALUES ('ORDENTRABAJO', 'ANULAR', 'WZAMORA');
INSERT INTO isos.evento_x_usuario (modulo, evento, usuario) VALUES ('ORDENTRABAJO', 'ELIMINAR', 'WZAMORA');
INSERT INTO isos.evento_x_usuario (modulo, evento, usuario) VALUES ('USUARIO', 'LISTAR', 'WZAMORA');
INSERT INTO isos.evento_x_usuario (modulo, evento, usuario) VALUES ('USUARIO', 'VER', 'WZAMORA');
INSERT INTO isos.evento_x_usuario (modulo, evento, usuario) VALUES ('USUARIO', 'NUEVO', 'WZAMORA');
INSERT INTO isos.evento_x_usuario (modulo, evento, usuario) VALUES ('USUARIO', 'INACTIVAR', 'WZAMORA');
INSERT INTO isos.evento_x_usuario (modulo, evento, usuario) VALUES ('USUARIO', 'CLAVE', 'WZAMORA');
INSERT INTO isos.evento_x_usuario (modulo, evento, usuario) VALUES ('USUARIO', 'EDITAR', 'WZAMORA');


--
-- TOC entry 3647 (class 0 OID 21554)
-- Dependencies: 246
-- Data for Name: forma_pago; Type: TABLE DATA; Schema: isos; Owner: uisos
--

INSERT INTO isos.forma_pago (id_formapago, nombre, fecha_creacion, usuario_creacion, fecha_modificacion, usuario_modificacion, estado, formulario) VALUES (1, 'TRANSFERENCIA', NULL, NULL, '2017-11-02 12:13:30.675', 'JORTIZ', 'A', 'TRANSFERENCIA');
INSERT INTO isos.forma_pago (id_formapago, nombre, fecha_creacion, usuario_creacion, fecha_modificacion, usuario_modificacion, estado, formulario) VALUES (2, 'CHEQUES', NULL, NULL, '2017-12-04 11:35:01.255', 'JORTIZ', 'A', NULL);
INSERT INTO isos.forma_pago (id_formapago, nombre, fecha_creacion, usuario_creacion, fecha_modificacion, usuario_modificacion, estado, formulario) VALUES (3, 'PAGO EN EFECTIVO', NULL, NULL, '2018-06-07 16:55:23.772', 'WZAMORA', 'A', NULL);
INSERT INTO isos.forma_pago (id_formapago, nombre, fecha_creacion, usuario_creacion, fecha_modificacion, usuario_modificacion, estado, formulario) VALUES (5, 'DEPOSITO EN CUENTA', NULL, NULL, NULL, NULL, 'A', 'DEPOSITOENCUENTA');
INSERT INTO isos.forma_pago (id_formapago, nombre, fecha_creacion, usuario_creacion, fecha_modificacion, usuario_modificacion, estado, formulario) VALUES (6, 'RETENCIÓN IGV', NULL, NULL, '2019-03-15 15:26:12.366', 'KCARRION', 'A', NULL);


--
-- TOC entry 3648 (class 0 OID 21558)
-- Dependencies: 247
-- Data for Name: grupo_maestro; Type: TABLE DATA; Schema: isos; Owner: uisos
--

INSERT INTO isos.grupo_maestro (id_grupomaestro, id_empresa, nombre) VALUES (1, 1, 'TIPO DE EXISTENCIA');


--
-- TOC entry 3668 (class 0 OID 21648)
-- Dependencies: 267
-- Data for Name: modalidad_transporte; Type: TABLE DATA; Schema: isos; Owner: uisos
--

INSERT INTO isos.modalidad_transporte (id_modalidad_transporte, nombre, codigo_sunat, estado) VALUES (2, 'TRANSPORTE PRIVADO', '02', 'A');
INSERT INTO isos.modalidad_transporte (id_modalidad_transporte, nombre, codigo_sunat, estado) VALUES (1, 'TRANSPORTE PÚBLICO', '01', 'A');


--
-- TOC entry 3674 (class 0 OID 21671)
-- Dependencies: 273
-- Data for Name: motivo_traslado; Type: TABLE DATA; Schema: isos; Owner: uisos
--

INSERT INTO isos.motivo_traslado (id_motivo_traslado, nombre, codigo_sunat, estado) VALUES (3, 'TRASLADO ENTRE ESTABLECIMIENTOS DE LA MISMA EMPRESA', '04', 'A');
INSERT INTO isos.motivo_traslado (id_motivo_traslado, nombre, codigo_sunat, estado) VALUES (1, 'VENTA', '01', 'A');
INSERT INTO isos.motivo_traslado (id_motivo_traslado, nombre, codigo_sunat, estado) VALUES (4, 'IMPORTACIÓN', '08', 'A');
INSERT INTO isos.motivo_traslado (id_motivo_traslado, nombre, codigo_sunat, estado) VALUES (5, 'EXPORTACIÓN', '09', 'A');
INSERT INTO isos.motivo_traslado (id_motivo_traslado, nombre, codigo_sunat, estado) VALUES (2, 'COMPRA', '02', 'I');
INSERT INTO isos.motivo_traslado (id_motivo_traslado, nombre, codigo_sunat, estado) VALUES (6, 'OTROS', '13', 'I');
INSERT INTO isos.motivo_traslado (id_motivo_traslado, nombre, codigo_sunat, estado) VALUES (7, 'VENTA SUJETA A CONFIRMACIÓN DEL COMPRADOR', '14', 'I');
INSERT INTO isos.motivo_traslado (id_motivo_traslado, nombre, codigo_sunat, estado) VALUES (8, 'TRASLADO EMISOR ITINERANTE CP', '18', 'I');
INSERT INTO isos.motivo_traslado (id_motivo_traslado, nombre, codigo_sunat, estado) VALUES (9, 'TRASLADO A ZONA PRIMARIA', '19', 'I');


--
-- TOC entry 3650 (class 0 OID 21564)
-- Dependencies: 249
-- Data for Name: guia_emision; Type: TABLE DATA; Schema: isos; Owner: uisos
--

INSERT INTO isos.guia_emision (id_guia, id_empresa, id_localidad, id_documento, serie, correlativo, fecha, cliente_documento, cliente_nombre, direccion_partida, direccion_llegada, direccion_referencia, transportista_nombre, transportista_documento, transportista_direccion, vehiculo_nombre, vehiculo_placa, conductor_nombre, conductor_licencia, conductor_documento, certificado_habilitacion_vehicular, fecha_salida, fecha_llegada, codigo_ubigeo_partida, codigo_ubigeo_llegada, ubigeo_partida, ubigeo_llegada, fecha_anulacion, id_venta, numero_guia_transporista, estado, cod_estado, usuario_creacion, fecha_creacion, usuario_modificacion, fecha_modificacion, uuid_a, uuid_b, id_motivo_traslado, aceptado_sunat, id_cliente, json_respuesta_ose, enviado_cliente, id_modalidad_transporte, configuracion_vehicular, peso_total, observacion, conductor_id_tipoidentidad, numero_bultos, id_tipo_identidad_transportista, leido_cliente, estado_sunat, motivo_anulacion) VALUES (2, 1, 1, 13, 'T001', '0000058', '2020-02-12 09:36:04', '20549500553', 'ASERCO EB EMPRESA INDIVIDUAL DE RESPONSABILIDAD LIMITADA', 'MZA. D LOTE. 21 UPIS POPULAR NOR ORIENTE', 'AV. PASEO DE LA REPUBLICA NRO. 291 INT. 903 (PLAZA GRAU)-LIMA', '', 'ACEROS DEL NORTE CHICLAYO S.A.C.', '20600412788', 'MZA. D LOTE. 21 UPIS POPULAR NOR ORIENTE (FRENTE A DERRAMA MAGISTERIAL  KM. 774)', 'PPPPPP', 'PPPPPPP', 'MIGUEL SÁNCHEZ TAPIA', '', '70447904', '0000', '2019-12-16 09:32:00', '2019-12-16 09:32:00', '140101', '010101', 'LAMBAYEQUE-CHICLAYO-CHICLAYO', 'AMAZONAS - CHACHAPOYAS - CHACHAPOYAS', NULL, 2, NULL, 'A', 'RE', 'WZAMORA', '2019-12-16 09:36:05.88', 'WZAMORA', '2020-02-12 09:27:41.398', '70cc4bd6-29d7-426d-bf57-f2c3087a8187', 'a53b78f0-6c31-4e26-82da-09e30c3c03ab', 1, 1, 394, '{
    "serie": "T001",
    "numero": 58,
    "aceptada_por_sunat": true,
    "sunat_description": "El Comprobante numero T001-58 ha sido aceptado",
    "codigo_hash": "/HnHnpddFtLMWDaWND+cZ+84//g=",
    "enlace_del_xml": "http://localhost:8040/igit/mali_api/public/api/v1/see_despatch/509e250d-83c1-4227-af3a-5a1f25f2a74e-ef3e00be-b44a-421a-a1e3-306bd01e5b16.xml",
    "enlace_del_cdr": "http://localhost:8040/igit/mali_api/public/api/v1/see_despatch/509e250d-83c1-4227-af3a-5a1f25f2a74e-ef3e00be-b44a-421a-a1e3-306bd01e5b16.cdr"
}', 0, 2, '0009', 45.2, '', 1, NULL, NULL, 0, 'AC', NULL);
INSERT INTO isos.guia_emision (id_guia, id_empresa, id_localidad, id_documento, serie, correlativo, fecha, cliente_documento, cliente_nombre, direccion_partida, direccion_llegada, direccion_referencia, transportista_nombre, transportista_documento, transportista_direccion, vehiculo_nombre, vehiculo_placa, conductor_nombre, conductor_licencia, conductor_documento, certificado_habilitacion_vehicular, fecha_salida, fecha_llegada, codigo_ubigeo_partida, codigo_ubigeo_llegada, ubigeo_partida, ubigeo_llegada, fecha_anulacion, id_venta, numero_guia_transporista, estado, cod_estado, usuario_creacion, fecha_creacion, usuario_modificacion, fecha_modificacion, uuid_a, uuid_b, id_motivo_traslado, aceptado_sunat, id_cliente, json_respuesta_ose, enviado_cliente, id_modalidad_transporte, configuracion_vehicular, peso_total, observacion, conductor_id_tipoidentidad, numero_bultos, id_tipo_identidad_transportista, leido_cliente, estado_sunat, motivo_anulacion) VALUES (1, 1, 1, 13, 'T001', '0000057', '2020-02-11 13:04:52', '20549500553', 'ASERCO EB EMPRESA INDIVIDUAL DE RESPONSABILIDAD LIMITADA', 'MZA. D LOTE. 21 UPIS POPULAR NOR ORIENTE', 'AV. PASEO DE LA REPUBLICA NRO. 291 INT. 903 (PLAZA GRAU)-LIMA', '', 'ACEROS DEL NORTE CHICLAYO S.A.C.', '20600412788', 'MZA. D LOTE. 21 UPIS POPULAR NOR ORIENTE (FRENTE A DERRAMA MAGISTERIAL  KM. 774)', 'AAAAAA', '5345345', 'MIGUEL SÁNCHEZ TAPIA', '', '70447904', '345345', '2019-12-11 00:00:00', '2019-12-11 00:00:00', '140101', '150101', 'LAMBAYEQUE-CHICLAYO-CHICLAYO', 'LIMA - LIMA - LIMA', '2020-11-01 00:21:51', 2, NULL, 'A', 'AN', 'WZAMORA', '2019-12-11 13:04:52.473', 'WZAMORA', '2020-11-01 00:21:51.711159', '71614847-24e6-4e0b-b8ca-117548ac2268', 'ea7b36b1-c7af-45ed-92a1-5064415db424', 1, 1, 394, '{
    "serie": "T001",
    "numero": 57,
    "aceptada_por_sunat": true,
    "sunat_description": "El Comprobante numero T001-57 ha sido aceptado",
    "codigo_hash": "n1yf6PFA0UCDw+S79CaGF3DyGD0=",
    "enlace_del_xml": "http://localhost:8040/igit/mali_api/public/api/v1/see_despatch/d6d89ec7-4b5b-4bac-a1a3-f30dbb7cd38c-7bebfe8c-3080-46e8-a244-a763f92a3760.xml",
    "enlace_del_cdr": "http://localhost:8040/igit/mali_api/public/api/v1/see_despatch/d6d89ec7-4b5b-4bac-a1a3-f30dbb7cd38c-7bebfe8c-3080-46e8-a244-a763f92a3760.cdr"
}', 1, 2, 'BBBBB', 22.6, '', 1, NULL, NULL, 0, 'AC', 'fddddddddddddd');
INSERT INTO isos.guia_emision (id_guia, id_empresa, id_localidad, id_documento, serie, correlativo, fecha, cliente_documento, cliente_nombre, direccion_partida, direccion_llegada, direccion_referencia, transportista_nombre, transportista_documento, transportista_direccion, vehiculo_nombre, vehiculo_placa, conductor_nombre, conductor_licencia, conductor_documento, certificado_habilitacion_vehicular, fecha_salida, fecha_llegada, codigo_ubigeo_partida, codigo_ubigeo_llegada, ubigeo_partida, ubigeo_llegada, fecha_anulacion, id_venta, numero_guia_transporista, estado, cod_estado, usuario_creacion, fecha_creacion, usuario_modificacion, fecha_modificacion, uuid_a, uuid_b, id_motivo_traslado, aceptado_sunat, id_cliente, json_respuesta_ose, enviado_cliente, id_modalidad_transporte, configuracion_vehicular, peso_total, observacion, conductor_id_tipoidentidad, numero_bultos, id_tipo_identidad_transportista, leido_cliente, estado_sunat, motivo_anulacion) VALUES (3, 1, 1, 13, 'T001', '0000059', '2020-11-01 00:50:40', '20549500553', 'ASERCO EB EMPRESA INDIVIDUAL DE RESPONSABILIDAD LIMITADA', 'MZA. D LOTE. 21 UPIS POPULAR NOR ORIENTE', 'AV. PASEO DE LA REPUBLICA NRO. 291 INT. 903 (PLAZA GRAU)-LIMA', '', NULL, NULL, NULL, 'JHHGJGH', '456456', 'DFFFFFFFFFF', 'FFF646', '12345678', '46456', '2020-11-01 10:35:00', '2020-11-05 00:49:00', '140101', '150101', 'LAMBAYEQUE-CHICLAYO-CHICLAYO', 'LIMA-LIMA-LIMA', '2020-11-01 00:53:23', 5, NULL, 'A', 'AN', 'WZAMORA', '2020-11-01 00:50:40.760044', 'WZAMORA', '2020-11-01 00:53:23.347091', '011af869-4a8a-4f9f-9b3a-28a406dd9701', '49f12bd7-71b4-42c5-81b6-0f78bdb1c679', 1, NULL, 394, NULL, 0, 2, '46456', 0, '', 1, 1, NULL, 0, 'RE', 'demo');


--
-- TOC entry 3649 (class 0 OID 21561)
-- Dependencies: 248
-- Data for Name: guia_correo; Type: TABLE DATA; Schema: isos; Owner: uisos
--

INSERT INTO isos.guia_correo (id_guia_correo, id_guia, email, fecha_creacion, usuario_creacion) VALUES (1, 1, 'willianmzc@gmail.com', '2020-07-19 12:38:57.588', 'WZAMORA');


--
-- TOC entry 3651 (class 0 OID 21573)
-- Dependencies: 250
-- Data for Name: guia_emision_item; Type: TABLE DATA; Schema: isos; Owner: uisos
--

INSERT INTO isos.guia_emision_item (id_guia, id_empresa, item, cod_producto, id_unidadmedida, factor_conversion, producto_nombre, unidad_medida, cantidad, peso_total) VALUES (1, 1, 1, 'PD00000001', 31, 1, 'PLANCHA NEGRA 1MMX1200X2400', 'PZA', 1, 22.600000000000001);
INSERT INTO isos.guia_emision_item (id_guia, id_empresa, item, cod_producto, id_unidadmedida, factor_conversion, producto_nombre, unidad_medida, cantidad, peso_total) VALUES (2, 1, 1, 'PD00000001', 31, 1, 'PLANCHA NEGRA 1MMX1200X2400', 'PZA', 2, 45.200000000000003);
INSERT INTO isos.guia_emision_item (id_guia, id_empresa, item, cod_producto, id_unidadmedida, factor_conversion, producto_nombre, unidad_medida, cantidad, peso_total) VALUES (2, 1, 2, 'PD00000001', 31, 1, 'PLAMCHA 52', 'PZA', 4, 100);
INSERT INTO isos.guia_emision_item (id_guia, id_empresa, item, cod_producto, id_unidadmedida, factor_conversion, producto_nombre, unidad_medida, cantidad, peso_total) VALUES (3, 1, 1, 'PD00000001', 52, 6, 'PLANCHA NEGRA 1MMX1200X2400', 'GLOB', 1, 0);


--
-- TOC entry 3652 (class 0 OID 21579)
-- Dependencies: 251
-- Data for Name: guia_recepcion; Type: TABLE DATA; Schema: isos; Owner: uisos
--

INSERT INTO isos.guia_recepcion (id_guia, id_empresa, id_localidad, id_tipodocumento, id_motivo_traslado, id_modalidad_transporte, id_compra, id_proveedor, id_tipoidentidad_conductor, serie, correlativo, fecha, fecha_salida, fecha_llegada, proveedor_documento, proveedor_nombre, direccion_partida, direccion_llegada, transportista_nombre, transportista_documento, transportista_direccion, vehiculo_nombre, vehiculo_placa, conductor_nombre, conductor_licencia, conductor_documento, certificado_habilitacion_vehicular, configuracion_vehicular, codigo_ubigeo_partida, codigo_ubigeo_llegada, ubigeo_partida, ubigeo_llegada, fecha_anulacion, numero_guia_transporista, aceptado_sunat, peso_total, observacion, estado, cod_estado, usuario_creacion, fecha_creacion, usuario_modificacion, fecha_modificacion, uuid_a, uuid_b) VALUES (1, 1, 1, 5, 1, 2, 2, 1, 1, 'g001', '1', '2019-12-11', '2019-12-11 00:00:00', '2019-12-11 18:29:00', '20470742748', 'ABASTECIMIENTOS INDUSTRIALES DEL SUR SAC', 'AV. GUILLERMO DANSEY NRO. 1247 URB. LIMA INDUSTRIAL', 'MZA. D LOTE. 21 UPIS POPULAR NOR ORIENTE', 'ABASTECIMIENTOS INDUSTRIALES DEL SUR SAC', '20470742748', 'AV. GUILLERMO DANSEY NRO. 1247 URB. LIMA INDUSTRIAL', 'DFGDFGDFGDGDFG', 'DGDG', 'HFGHFGHFH', '546456', '23434535', '645654', NULL, '      ', '      ', 'LIMA-LIMA-LIMA', 'LAMBAYEQUE-CHICLAYO-CHICLAYO', NULL, NULL, NULL, 113, NULL, 'A', 'EM', 'WZAMORA', '2019-12-11 18:38:39.806', NULL, NULL, '772dc830-5612-4fc7-ba45-aabb5e6e24a4', 'e38de518-9457-4f3e-8a6f-5f26cdb558f7');
INSERT INTO isos.guia_recepcion (id_guia, id_empresa, id_localidad, id_tipodocumento, id_motivo_traslado, id_modalidad_transporte, id_compra, id_proveedor, id_tipoidentidad_conductor, serie, correlativo, fecha, fecha_salida, fecha_llegada, proveedor_documento, proveedor_nombre, direccion_partida, direccion_llegada, transportista_nombre, transportista_documento, transportista_direccion, vehiculo_nombre, vehiculo_placa, conductor_nombre, conductor_licencia, conductor_documento, certificado_habilitacion_vehicular, configuracion_vehicular, codigo_ubigeo_partida, codigo_ubigeo_llegada, ubigeo_partida, ubigeo_llegada, fecha_anulacion, numero_guia_transporista, aceptado_sunat, peso_total, observacion, estado, cod_estado, usuario_creacion, fecha_creacion, usuario_modificacion, fecha_modificacion, uuid_a, uuid_b) VALUES (2, 1, 1, 5, 1, 2, 2, 1, 1, '1111', '11111', '2019-12-16', '2019-12-16 00:00:00', '2019-12-16 09:48:00', '20470742748', 'ABASTECIMIENTOS INDUSTRIALES DEL SUR SAC', 'AV. GUILLERMO DANSEY NRO. 1247 URB. LIMA INDUSTRIAL', 'MZA. D LOTE. 21 UPIS POPULAR NOR ORIENTE', 'ABASTECIMIENTOS INDUSTRIALES DEL SUR SAC', '20470742748', 'AV. GUILLERMO DANSEY NRO. 1247 URB. LIMA INDUSTRIAL', 'DFGDFGDFGDFG', '4565464', '4564YRRYRYRT', 'YRTYRTYRRRRRRRR', '45645645', '4654654', NULL, '      ', '      ', 'LIMA-LIMA-LIMA', 'LAMBAYEQUE-CHICLAYO-CHICLAYO', NULL, NULL, NULL, 22.6, NULL, 'A', 'EM', 'WZAMORA', '2019-12-16 09:52:14.538', NULL, NULL, 'fb9e003d-9450-4e05-91e7-3b6e2c093698', '85b33e7c-77b3-4cce-886a-65ab39ce46d5');


--
-- TOC entry 3653 (class 0 OID 21585)
-- Dependencies: 252
-- Data for Name: guia_recepcion_item; Type: TABLE DATA; Schema: isos; Owner: uisos
--

INSERT INTO isos.guia_recepcion_item (id_guia, id_empresa, item, cod_producto, id_unidadmedida, factor_conversion, producto_nombre, unidad_medida, cantidad, peso_total, cantidad_emision) VALUES (1, 1, 1, 'PD00000001', 31, 1, 'PLANCHA NEGRA 1MMX1200X2400', 'PZA', 5, 113, NULL);
INSERT INTO isos.guia_recepcion_item (id_guia, id_empresa, item, cod_producto, id_unidadmedida, factor_conversion, producto_nombre, unidad_medida, cantidad, peso_total, cantidad_emision) VALUES (2, 1, 1, 'PD00000001', 31, 1, 'PLANCHA NEGRA 1MMX1200X2400', 'PZA', 1, 22.600000000000001, NULL);


--
-- TOC entry 3655 (class 0 OID 21597)
-- Dependencies: 254
-- Data for Name: kardex; Type: TABLE DATA; Schema: isos; Owner: uisos
--

INSERT INTO isos.kardex (id_kardex, id_empresa, id_localidad, cod_producto, id_unidadmedida, producto_descripcion, cantidad, unidad_medida, unidad_medida_cantidad, importe, importe_kardex, stock_kardex, id_tipomoneda, tasa_cambio, fecha, entrada_salida, operacion, inventario_inicial, proceso_referencia, id_procesoreferencia, estado, serie_correlativo, importe_costo, fecha_creacion, flete_total, entrada_salida_origen, fecha_anterior, stock_fisico, stock_transito, stock_entrega, tipo_almacen) VALUES (2, 1, 1, 'PD00000001', 52, 'PLANCHA NEGRA 1MMX1200X2400', 1, 'GLOB', 6, 0, 0, 6, 1, 1, '2020-11-01 00:53:23', 'E', 1, 0, 'GUIA_E', 3, 'A', 'GU.T001-0000059', 0, '2020-11-01 00:53:23.347091', 0, 'S', NULL, 1, 0, 1, 'VENTA');
INSERT INTO isos.kardex (id_kardex, id_empresa, id_localidad, cod_producto, id_unidadmedida, producto_descripcion, cantidad, unidad_medida, unidad_medida_cantidad, importe, importe_kardex, stock_kardex, id_tipomoneda, tasa_cambio, fecha, entrada_salida, operacion, inventario_inicial, proceso_referencia, id_procesoreferencia, estado, serie_correlativo, importe_costo, fecha_creacion, flete_total, entrada_salida_origen, fecha_anterior, stock_fisico, stock_transito, stock_entrega, tipo_almacen) VALUES (1, 1, 1, 'PD00000001', 52, 'PLANCHA NEGRA 1MMX1200X2400', 1, 'GLOB', 6, 0, 0, 6, 1, 1, '2020-11-01 00:35:00', 'S', -1, 0, 'GUIA_E', 3, 'A', 'GU.T001-0000059', 0, '2020-11-01 00:50:40.760044', 0, 'S', NULL, 1, 0, 1, 'VENTA');


--
-- TOC entry 3656 (class 0 OID 21607)
-- Dependencies: 255
-- Data for Name: kardex_compra; Type: TABLE DATA; Schema: isos; Owner: uisos
--



--
-- TOC entry 3657 (class 0 OID 21610)
-- Dependencies: 256
-- Data for Name: kardex_guia_emision; Type: TABLE DATA; Schema: isos; Owner: uisos
--



--
-- TOC entry 3658 (class 0 OID 21613)
-- Dependencies: 257
-- Data for Name: kardex_guia_recepcion; Type: TABLE DATA; Schema: isos; Owner: uisos
--



--
-- TOC entry 3673 (class 0 OID 21668)
-- Dependencies: 272
-- Data for Name: motivo_nota; Type: TABLE DATA; Schema: isos; Owner: uisos
--

INSERT INTO isos.motivo_nota (id_motivonota, nombre, codigo_sunat, tipo, registra_kardex, codigo_ose) VALUES (1, 'ANULACIÓN DE LA OPERACIÓN', '01', 'CREDITO', 1, '1');
INSERT INTO isos.motivo_nota (id_motivonota, nombre, codigo_sunat, tipo, registra_kardex, codigo_ose) VALUES (2, 'ANULACIÓN POR ERROR EN EL RUC', '02', 'CREDITO', 0, '2');
INSERT INTO isos.motivo_nota (id_motivonota, nombre, codigo_sunat, tipo, registra_kardex, codigo_ose) VALUES (3, 'CORRECCIÓN POR ERROR EN LA DESCRIPCIÓN', '03', 'CREDITO', 0, '3');
INSERT INTO isos.motivo_nota (id_motivonota, nombre, codigo_sunat, tipo, registra_kardex, codigo_ose) VALUES (4, 'DESCUENTO GLOBAL', '04', 'CREDITO', 0, '4');
INSERT INTO isos.motivo_nota (id_motivonota, nombre, codigo_sunat, tipo, registra_kardex, codigo_ose) VALUES (5, 'DESCUENTO POR ÍTEM', '05', 'CREDITO', 0, '5');
INSERT INTO isos.motivo_nota (id_motivonota, nombre, codigo_sunat, tipo, registra_kardex, codigo_ose) VALUES (6, 'DEVOLUCIÓN TOTAL', '06', 'CREDITO', 1, '6');
INSERT INTO isos.motivo_nota (id_motivonota, nombre, codigo_sunat, tipo, registra_kardex, codigo_ose) VALUES (7, 'DEVOLUCIÓN POR ÍTEM', '07', 'CREDITO', 1, '7');
INSERT INTO isos.motivo_nota (id_motivonota, nombre, codigo_sunat, tipo, registra_kardex, codigo_ose) VALUES (8, 'BONIFICACIÓN', '08', 'CREDITO', 0, '8');
INSERT INTO isos.motivo_nota (id_motivonota, nombre, codigo_sunat, tipo, registra_kardex, codigo_ose) VALUES (9, 'DISMINUCIÓN EN EL VALOR', '09', 'CREDITO', 0, '9');
INSERT INTO isos.motivo_nota (id_motivonota, nombre, codigo_sunat, tipo, registra_kardex, codigo_ose) VALUES (10, 'INTERES POR MORA', '01', 'DEBITO', 0, '1');
INSERT INTO isos.motivo_nota (id_motivonota, nombre, codigo_sunat, tipo, registra_kardex, codigo_ose) VALUES (11, 'AUMENTO EN EL VALOR', '02', 'DEBITO', 0, '2');
INSERT INTO isos.motivo_nota (id_motivonota, nombre, codigo_sunat, tipo, registra_kardex, codigo_ose) VALUES (12, 'PENALIDADES', '03', 'DEBITO', 0, '3');


--
-- TOC entry 3679 (class 0 OID 21699)
-- Dependencies: 278
-- Data for Name: nota_credito; Type: TABLE DATA; Schema: isos; Owner: uisos
--

INSERT INTO isos.nota_credito (id_nota_credito, fecha, serie, correlativo, id_empresa, id_localidad, id_puntoventa, id_tipodocumento, id_documento, id_tipomoneda, tasa_cambio, id_cliente, agente_documento, agente_nombre, agente_direccion, importe_bruto, descuento_bruto, igv_monto, total, usuario_creacion, fecha_creacion, usuario_modificacion, fecha_modificacion, cod_estado, estado, observacion, id_motivonota, igv, procesado_sunat, registra_kardex, id_declaracion, valor_venta_gravado, valor_venta_exonerado, valor_venta_gratuito, valor_venta_inafecto, uuid_a, uuid_b, fecha_vencimiento, id_tipooperacion, fecha_anulacion, motivo_anulacion, sunat_anulado, aceptado_sunat, descuento_global, descuento_total, id_proveedor) VALUES (1, '2020-06-06 13:34:02', 'F001', '0000081', 1, 1, 1, NULL, 17, 1, 1, 394, '20549500553', 'ASERCO EB EMPRESA INDIVIDUAL DE RESPONSABILIDAD LIMITADA', 'AV. PASEO DE LA REPUBLICA NRO. 291 INT. 903 (PLAZA GRAU)-LIMA', 100, 15.25, 15.25, 100, 'WZAMORA', '2020-06-06 13:34:02.611', NULL, NULL, 'RE', 'A', '', 1, 0.17999999999999999, 0, 1, NULL, 84.75, 0.00, 0.00, 0.00, '8a1e01fd-9751-4e59-9161-86fad35b04ec', '1aecca02-9d89-4d40-85bf-3d4dac863758', '2020-06-06', 1, NULL, NULL, 0, NULL, 0, 15.25, NULL);


--
-- TOC entry 3659 (class 0 OID 21616)
-- Dependencies: 258
-- Data for Name: kardex_nota_credito; Type: TABLE DATA; Schema: isos; Owner: uisos
--



--
-- TOC entry 3731 (class 0 OID 21979)
-- Dependencies: 330
-- Data for Name: transferencia; Type: TABLE DATA; Schema: isos; Owner: uisos
--

INSERT INTO isos.transferencia (id_transferencia, id_motivo, id_localidad, id_empresa, id_tipomoneda, serie, correlativo, observacion, fecha, estado, fecha_creacion, usuario_creacion, fecha_modificacion, usuario_modificacion, responsable, tasa_cambio, id_documento, igv, id_localidaddestino, cliente_proveedor, importe_bruto, descuento_bruto, valor_venta, cod_estado, inventario_inicial, igv_monto, total, documento_referencia, empresa_compra, tipo_almacen, id_compra, transportista_nombre, id_venta) VALUES (1, 1, 1, 1, 1, '2018', '0000025', NULL, '2020-05-07 11:55:35', 'A', '2020-05-07 11:55:36.009', 'WZAMORA', NULL, NULL, '', 0, 8, 0, NULL, NULL, 0, 0, 0, 'EM', 0, 0, 0, NULL, NULL, 'VENTA', NULL, NULL, NULL);
INSERT INTO isos.transferencia (id_transferencia, id_motivo, id_localidad, id_empresa, id_tipomoneda, serie, correlativo, observacion, fecha, estado, fecha_creacion, usuario_creacion, fecha_modificacion, usuario_modificacion, responsable, tasa_cambio, id_documento, igv, id_localidaddestino, cliente_proveedor, importe_bruto, descuento_bruto, valor_venta, cod_estado, inventario_inicial, igv_monto, total, documento_referencia, empresa_compra, tipo_almacen, id_compra, transportista_nombre, id_venta) VALUES (2, 1, 1, 1, 1, '2018', '0000026', NULL, '2020-05-07 12:04:36', 'A', '2020-05-07 12:04:37.021', 'WZAMORA', NULL, NULL, '7686786', 0, 8, 0, NULL, NULL, 0, 0, 0, 'EM', 0, 0, 0, NULL, NULL, 'VENTA', NULL, NULL, NULL);
INSERT INTO isos.transferencia (id_transferencia, id_motivo, id_localidad, id_empresa, id_tipomoneda, serie, correlativo, observacion, fecha, estado, fecha_creacion, usuario_creacion, fecha_modificacion, usuario_modificacion, responsable, tasa_cambio, id_documento, igv, id_localidaddestino, cliente_proveedor, importe_bruto, descuento_bruto, valor_venta, cod_estado, inventario_inicial, igv_monto, total, documento_referencia, empresa_compra, tipo_almacen, id_compra, transportista_nombre, id_venta) VALUES (3, 2, 1, 1, 1, '2018', '0000027', NULL, '2020-06-10 19:50:03', 'A', '2020-06-10 19:50:03.946', 'WZAMORA', NULL, NULL, '', 0, 8, 0, NULL, NULL, 0, 0, 0, 'RE', 0, 0, 0, NULL, NULL, 'VENTA', NULL, NULL, 3);
INSERT INTO isos.transferencia (id_transferencia, id_motivo, id_localidad, id_empresa, id_tipomoneda, serie, correlativo, observacion, fecha, estado, fecha_creacion, usuario_creacion, fecha_modificacion, usuario_modificacion, responsable, tasa_cambio, id_documento, igv, id_localidaddestino, cliente_proveedor, importe_bruto, descuento_bruto, valor_venta, cod_estado, inventario_inicial, igv_monto, total, documento_referencia, empresa_compra, tipo_almacen, id_compra, transportista_nombre, id_venta) VALUES (4, 2, 1, 1, 2, '2018', '0000028', NULL, '2020-06-10 19:50:23', 'A', '2020-06-10 19:50:23.386', 'WZAMORA', NULL, NULL, '', 0, 8, 0, NULL, NULL, 0, 0, 0, 'RE', 0, 0, 0, NULL, NULL, 'VENTA', NULL, NULL, 4);
INSERT INTO isos.transferencia (id_transferencia, id_motivo, id_localidad, id_empresa, id_tipomoneda, serie, correlativo, observacion, fecha, estado, fecha_creacion, usuario_creacion, fecha_modificacion, usuario_modificacion, responsable, tasa_cambio, id_documento, igv, id_localidaddestino, cliente_proveedor, importe_bruto, descuento_bruto, valor_venta, cod_estado, inventario_inicial, igv_monto, total, documento_referencia, empresa_compra, tipo_almacen, id_compra, transportista_nombre, id_venta) VALUES (5, 2, 1, 1, 1, '2018', '0000029', NULL, '2020-06-12 18:28:27', 'A', '2020-06-12 18:28:27.197', 'WZAMORA', NULL, NULL, '', 0, 8, 0, NULL, 'ASERCO EB EMPRESA INDIVIDUAL DE RESPONSABILIDAD LIMITADA', 0, 0, 0, 'RE', 0, 0, 0, NULL, NULL, 'VENTA', NULL, NULL, 3);


--
-- TOC entry 3660 (class 0 OID 21619)
-- Dependencies: 259
-- Data for Name: kardex_transferencia; Type: TABLE DATA; Schema: isos; Owner: uisos
--



--
-- TOC entry 3746 (class 0 OID 22040)
-- Dependencies: 345
-- Data for Name: venta; Type: TABLE DATA; Schema: isos; Owner: uisos
--

INSERT INTO isos.venta (id_venta, fecha, id_empresa, id_cliente, id_tipomoneda, id_documento, id_puntoventa, serie, correlativo, observacion, tasa_cambio, igv, usuario_creacion, fecha_creacion, usuario_modificacion, fecha_modificacion, estado, total, igv_monto, id_proforma, cod_estado, credito_tasa, credito_nombre, cliente_nombre, cliente_direccion, fecha_anulacion, pendiente_entrega, valor_venta, bien_servicio, motivo_anulacion, id_vendedor, importe_bruto, descuento_bruto, uuid_a, uuid_b, fecha_vencimiento, id_tipooperacion, valor_venta_gravado, valor_venta_exonerado, valor_venta_gratuito, valor_venta_inafecto, nro_orden_compra, enviado_cliente, leido_cliente, aceptado_sunat, json_respuesta_ose, descuento_global, sunat_anulado, id_condicionventa, descuento_total, mali_api, anulacion_observacion, id_motivo_anulacion, id_pedido_venta, con_guia, estado_sunat, usuario_anulacion) VALUES (1, '2020-05-19 19:28:05', 1, 394, 1, 9, 1, 'F001', '000306', '', 1, 0.17999999999999999, 'WZAMORA', '2020-05-19 19:28:05.359', 'WZAMORA', '2020-06-22 13:47:02.729', 'A', 100, 15.25, NULL, 'CA', 0, NULL, 'ASERCO EB EMPRESA INDIVIDUAL DE RESPONSABILIDAD LIMITADA', 'AV. PASEO DE LA REPUBLICA NRO. 291 INT. 903 (PLAZA GRAU)-LIMA', NULL, 1, NULL, 'B', NULL, 1, 100, 15.25, '4fe30eae-7f1c-401d-af03-c488156e91ad', '3041bbff-e801-4251-9a44-942984f1630d', '2020-05-19', 1, 84.75, 0.00, 0.00, 0.00, '34534535345', 0, 0, 0, NULL, 0, 0, 1, 15.25, NULL, NULL, NULL, 1, 0, 'AC', NULL);
INSERT INTO isos.venta (id_venta, fecha, id_empresa, id_cliente, id_tipomoneda, id_documento, id_puntoventa, serie, correlativo, observacion, tasa_cambio, igv, usuario_creacion, fecha_creacion, usuario_modificacion, fecha_modificacion, estado, total, igv_monto, id_proforma, cod_estado, credito_tasa, credito_nombre, cliente_nombre, cliente_direccion, fecha_anulacion, pendiente_entrega, valor_venta, bien_servicio, motivo_anulacion, id_vendedor, importe_bruto, descuento_bruto, uuid_a, uuid_b, fecha_vencimiento, id_tipooperacion, valor_venta_gravado, valor_venta_exonerado, valor_venta_gratuito, valor_venta_inafecto, nro_orden_compra, enviado_cliente, leido_cliente, aceptado_sunat, json_respuesta_ose, descuento_global, sunat_anulado, id_condicionventa, descuento_total, mali_api, anulacion_observacion, id_motivo_anulacion, id_pedido_venta, con_guia, estado_sunat, usuario_anulacion) VALUES (2, '2020-05-26 18:23:48', 1, 394, 1, 9, 1, 'F001', '000307', '', 1, 0.17999999999999999, 'WZAMORA', '2020-05-26 18:23:48.303', 'WZAMORA', '2020-06-20 12:28:44.973', 'A', 100, 15.25, NULL, 'PP', 0, NULL, 'ASERCO EB EMPRESA INDIVIDUAL DE RESPONSABILIDAD LIMITADA', 'AV. PASEO DE LA REPUBLICA NRO. 291 INT. 903 (PLAZA GRAU)-LIMA', NULL, 1, NULL, 'B', NULL, 1, 100, 15.25, '01c47c1e-6475-487c-8014-04cd79dd7aba', '786442ea-b451-4cd0-86e5-687f9afcd419', NULL, 1, 84.75, 0.00, 0.00, 0.00, '34534535345', 0, 0, 0, NULL, 0, 0, 1, 15.25, NULL, NULL, NULL, 1, 0, 'AC', NULL);
INSERT INTO isos.venta (id_venta, fecha, id_empresa, id_cliente, id_tipomoneda, id_documento, id_puntoventa, serie, correlativo, observacion, tasa_cambio, igv, usuario_creacion, fecha_creacion, usuario_modificacion, fecha_modificacion, estado, total, igv_monto, id_proforma, cod_estado, credito_tasa, credito_nombre, cliente_nombre, cliente_direccion, fecha_anulacion, pendiente_entrega, valor_venta, bien_servicio, motivo_anulacion, id_vendedor, importe_bruto, descuento_bruto, uuid_a, uuid_b, fecha_vencimiento, id_tipooperacion, valor_venta_gravado, valor_venta_exonerado, valor_venta_gratuito, valor_venta_inafecto, nro_orden_compra, enviado_cliente, leido_cliente, aceptado_sunat, json_respuesta_ose, descuento_global, sunat_anulado, id_condicionventa, descuento_total, mali_api, anulacion_observacion, id_motivo_anulacion, id_pedido_venta, con_guia, estado_sunat, usuario_anulacion) VALUES (3, '2020-05-26 19:35:20', 1, 394, 1, 9, 1, 'F001', '000308', '', 1, 0.17999999999999999, 'WZAMORA', '2020-05-26 19:35:20.362', 'WZAMORA', '2020-10-04 16:37:01.826578', 'A', 100, 15.25, NULL, 'CA', 0, NULL, 'ASERCO EB EMPRESA INDIVIDUAL DE RESPONSABILIDAD LIMITADA', 'AV. PASEO DE LA REPUBLICA NRO. 291 INT. 903 (PLAZA GRAU)-LIMA', NULL, 1, NULL, 'B', NULL, 1, 100, 15.25, 'c34dabec-4ee0-4fcc-8981-08461c937122', '24d0d674-454d-401a-b00b-0178d1706959', '2020-05-26', 1, 84.75, 0.00, 0.00, 0.00, '34534535345', 1, 1, 0, NULL, 0, 0, 1, 15.25, NULL, NULL, NULL, 1, 0, 'AC', NULL);
INSERT INTO isos.venta (id_venta, fecha, id_empresa, id_cliente, id_tipomoneda, id_documento, id_puntoventa, serie, correlativo, observacion, tasa_cambio, igv, usuario_creacion, fecha_creacion, usuario_modificacion, fecha_modificacion, estado, total, igv_monto, id_proforma, cod_estado, credito_tasa, credito_nombre, cliente_nombre, cliente_direccion, fecha_anulacion, pendiente_entrega, valor_venta, bien_servicio, motivo_anulacion, id_vendedor, importe_bruto, descuento_bruto, uuid_a, uuid_b, fecha_vencimiento, id_tipooperacion, valor_venta_gravado, valor_venta_exonerado, valor_venta_gratuito, valor_venta_inafecto, nro_orden_compra, enviado_cliente, leido_cliente, aceptado_sunat, json_respuesta_ose, descuento_global, sunat_anulado, id_condicionventa, descuento_total, mali_api, anulacion_observacion, id_motivo_anulacion, id_pedido_venta, con_guia, estado_sunat, usuario_anulacion) VALUES (4, '2020-05-27 21:48:00', 1, 394, 2, 9, 1, 'F001', '000309', '', 3.5, 0.17999999999999999, 'WZAMORA', '2020-05-27 21:48:01.193', 'WZAMORA', '2020-06-19 23:17:14.191', 'A', 34.289999999999999, 5.2300000000000004, NULL, 'PP', 0, NULL, 'ASERCO EB EMPRESA INDIVIDUAL DE RESPONSABILIDAD LIMITADA', 'AV. PASEO DE LA REPUBLICA NRO. 291 INT. 903 (PLAZA GRAU)-LIMA', NULL, 1, NULL, 'B', NULL, 1, 29.059999999999999, 0, 'ebffa14c-3a0d-4334-a689-f2239607c59d', '8c7362b2-fe24-4fae-a00e-40ee44dc665a', '2020-05-27', 1, 29.06, 0.00, 0.00, 0.00, '', 0, 1, 0, NULL, 0, 0, 1, 0, NULL, NULL, NULL, NULL, 0, 'AC', NULL);
INSERT INTO isos.venta (id_venta, fecha, id_empresa, id_cliente, id_tipomoneda, id_documento, id_puntoventa, serie, correlativo, observacion, tasa_cambio, igv, usuario_creacion, fecha_creacion, usuario_modificacion, fecha_modificacion, estado, total, igv_monto, id_proforma, cod_estado, credito_tasa, credito_nombre, cliente_nombre, cliente_direccion, fecha_anulacion, pendiente_entrega, valor_venta, bien_servicio, motivo_anulacion, id_vendedor, importe_bruto, descuento_bruto, uuid_a, uuid_b, fecha_vencimiento, id_tipooperacion, valor_venta_gravado, valor_venta_exonerado, valor_venta_gratuito, valor_venta_inafecto, nro_orden_compra, enviado_cliente, leido_cliente, aceptado_sunat, json_respuesta_ose, descuento_global, sunat_anulado, id_condicionventa, descuento_total, mali_api, anulacion_observacion, id_motivo_anulacion, id_pedido_venta, con_guia, estado_sunat, usuario_anulacion) VALUES (5, '2020-06-27 19:39:24', 1, 394, 1, 11, 1, '0001', '000261', '', 1, 0.17999999999999999, 'WZAMORA', '2020-06-27 19:39:24.741', NULL, NULL, 'A', 120, 18.309999999999999, NULL, 'PP', 0, NULL, 'ASERCO EB EMPRESA INDIVIDUAL DE RESPONSABILIDAD LIMITADA', 'AV. PASEO DE LA REPUBLICA NRO. 291 INT. 903 (PLAZA GRAU)-LIMA', NULL, 0, NULL, 'B', NULL, 1, 101.69, 0, '80569339-d157-4765-9482-6c41c3045764', '9a81aa3a-fa6f-4084-bbce-5fa6a13d4a71', NULL, 1, 101.69, 0.00, 0.00, 0.00, '', 0, 0, 0, NULL, 0, 0, 1, 0, NULL, NULL, NULL, NULL, 1, 'AC', NULL);


--
-- TOC entry 3661 (class 0 OID 21622)
-- Dependencies: 260
-- Data for Name: kardex_venta; Type: TABLE DATA; Schema: isos; Owner: uisos
--



--
-- TOC entry 3664 (class 0 OID 21635)
-- Dependencies: 263
-- Data for Name: localidad_usuario; Type: TABLE DATA; Schema: isos; Owner: uisos
--

INSERT INTO isos.localidad_usuario (id_localidad, usuario) VALUES (1, 'WZAMORA');
INSERT INTO isos.localidad_usuario (id_localidad, usuario) VALUES (4, 'WZAMORA');
INSERT INTO isos.localidad_usuario (id_localidad, usuario) VALUES (2, 'WZAMORA');
INSERT INTO isos.localidad_usuario (id_localidad, usuario) VALUES (3, 'WZAMORA');
INSERT INTO isos.localidad_usuario (id_localidad, usuario) VALUES (5, 'WZAMORA');


--
-- TOC entry 3665 (class 0 OID 21638)
-- Dependencies: 264
-- Data for Name: maestro; Type: TABLE DATA; Schema: isos; Owner: uisos
--

INSERT INTO isos.maestro (id_maestro, id_grupomaestro, nombre) VALUES (1, 1, 'MERCADERIAS');
INSERT INTO isos.maestro (id_maestro, id_grupomaestro, nombre) VALUES (2, 1, 'PRODUCTOS TERMINADOS');
INSERT INTO isos.maestro (id_maestro, id_grupomaestro, nombre) VALUES (3, 1, 'MATERIAS PRIMAS');
INSERT INTO isos.maestro (id_maestro, id_grupomaestro, nombre) VALUES (4, 1, 'ENVASES');
INSERT INTO isos.maestro (id_maestro, id_grupomaestro, nombre) VALUES (5, 1, 'MATERIALES AUXILIARES');
INSERT INTO isos.maestro (id_maestro, id_grupomaestro, nombre) VALUES (6, 1, 'SUMINISTROS');
INSERT INTO isos.maestro (id_maestro, id_grupomaestro, nombre) VALUES (7, 1, 'REPUESTOS');
INSERT INTO isos.maestro (id_maestro, id_grupomaestro, nombre) VALUES (8, 1, 'EMBALAJES');
INSERT INTO isos.maestro (id_maestro, id_grupomaestro, nombre) VALUES (9, 1, 'DESECHOS Y DESPERDICIOS');
INSERT INTO isos.maestro (id_maestro, id_grupomaestro, nombre) VALUES (10, 1, 'OTROS');


--
-- TOC entry 3667 (class 0 OID 21645)
-- Dependencies: 266
-- Data for Name: menu; Type: TABLE DATA; Schema: isos; Owner: uisos
--

INSERT INTO isos.menu (id_menu, nivel, orden, nombre, modulo, descripcion, id_padre, sec_ini, sec_fin, usuario_creacion, fecha_creacion, usuario_modificacion, fecha_modificacion, icono, etiqueta) VALUES (1, 0, 1, 'WEB', 'RAIZ_ISOS', 'Sistema Integral iSOS', 0, 0, 0, NULL, NULL, 'WZAMORA', '2017-04-08 13:17:32', NULL, NULL);
INSERT INTO isos.menu (id_menu, nivel, orden, nombre, modulo, descripcion, id_padre, sec_ini, sec_fin, usuario_creacion, fecha_creacion, usuario_modificacion, fecha_modificacion, icono, etiqueta) VALUES (4, 2, 5, 'Perfiles', 'PERFIL', 'Mantenimiento de perfiles', 2, 0, 0, NULL, NULL, 'WZAMORA', '2017-04-20 09:50:23', NULL, NULL);
INSERT INTO isos.menu (id_menu, nivel, orden, nombre, modulo, descripcion, id_padre, sec_ini, sec_fin, usuario_creacion, fecha_creacion, usuario_modificacion, fecha_modificacion, icono, etiqueta) VALUES (5, 2, 4, 'Módulos', 'MODULO', 'Mantenimiento de módulos', 2, 0, 0, NULL, NULL, 'WZAMORA', '2017-04-20 09:50:00', NULL, NULL);
INSERT INTO isos.menu (id_menu, nivel, orden, nombre, modulo, descripcion, id_padre, sec_ini, sec_fin, usuario_creacion, fecha_creacion, usuario_modificacion, fecha_modificacion, icono, etiqueta) VALUES (8, 2, 3, 'Sistemas', 'SISTEMA', 'Mantenimiento de sistemas', 2, 0, 0, 'WZAMORA', NULL, 'WZAMORA', '2017-04-20 09:49:38', NULL, NULL);
INSERT INTO isos.menu (id_menu, nivel, orden, nombre, modulo, descripcion, id_padre, sec_ini, sec_fin, usuario_creacion, fecha_creacion, usuario_modificacion, fecha_modificacion, icono, etiqueta) VALUES (9, 2, 2, 'Empresas', 'EMPRESA', 'Mantenimiento de empresas', 2, 0, 0, 'WZAMORA', NULL, 'WZAMORA', '2017-04-20 09:48:29', NULL, NULL);
INSERT INTO isos.menu (id_menu, nivel, orden, nombre, modulo, descripcion, id_padre, sec_ini, sec_fin, usuario_creacion, fecha_creacion, usuario_modificacion, fecha_modificacion, icono, etiqueta) VALUES (12, 2, 1, 'Proveedor', 'PROVEEDOR', 'Proveedor', 14, 0, 0, 'WZAMORA', '2017-01-09 16:46:41', 'WZAMORA', '2017-01-26 12:24:18', NULL, NULL);
INSERT INTO isos.menu (id_menu, nivel, orden, nombre, modulo, descripcion, id_padre, sec_ini, sec_fin, usuario_creacion, fecha_creacion, usuario_modificacion, fecha_modificacion, icono, etiqueta) VALUES (17, 2, 8, 'Tipos de documento', 'TIPODOCUMENTO', 'Mantenimiento de tipos de documento', 24, 0, 0, 'WZAMORA', '2017-02-20 11:27:36', 'WZAMORA', '2017-04-24 10:48:09', NULL, NULL);
INSERT INTO isos.menu (id_menu, nivel, orden, nombre, modulo, descripcion, id_padre, sec_ini, sec_fin, usuario_creacion, fecha_creacion, usuario_modificacion, fecha_modificacion, icono, etiqueta) VALUES (18, 2, 2, 'Solicitud de compra', 'SOLICITUDCOMPRA', 'Solicitud de cotizacion en Proveedor', 10, 0, 0, 'WZAMORA', '2017-03-02 18:04:08', 'WZAMORA', '2017-03-08 09:26:05', NULL, NULL);
INSERT INTO isos.menu (id_menu, nivel, orden, nombre, modulo, descripcion, id_padre, sec_ini, sec_fin, usuario_creacion, fecha_creacion, usuario_modificacion, fecha_modificacion, icono, etiqueta) VALUES (19, 2, 9, 'Tipos de moneda', 'TMONEDA', 'Mantenimiento de tipos de moneda', 24, 0, 0, 'DCRUZ', '2017-03-07 14:51:37', 'WZAMORA', '2017-04-24 10:48:32', NULL, NULL);
INSERT INTO isos.menu (id_menu, nivel, orden, nombre, modulo, descripcion, id_padre, sec_ini, sec_fin, usuario_creacion, fecha_creacion, usuario_modificacion, fecha_modificacion, icono, etiqueta) VALUES (21, 2, 11, 'Unidades de medida', 'UNIDADMEDIDA', 'Mantenimiento de unidades de medida', 24, 0, 0, 'JPINEDA', '2017-03-24 16:12:53', 'WZAMORA', '2017-04-24 10:49:08', NULL, NULL);
INSERT INTO isos.menu (id_menu, nivel, orden, nombre, modulo, descripcion, id_padre, sec_ini, sec_fin, usuario_creacion, fecha_creacion, usuario_modificacion, fecha_modificacion, icono, etiqueta) VALUES (39, 2, 4, 'Configurar Linea Crédito', 'LINEACREDITO', 'Configurar Linea Crédito', 14, 0, 0, 'WZAMORA', '2018-01-25 12:58:57.279', 'WZAMORA', '2018-01-25 13:02:16.485', NULL, NULL);
INSERT INTO isos.menu (id_menu, nivel, orden, nombre, modulo, descripcion, id_padre, sec_ini, sec_fin, usuario_creacion, fecha_creacion, usuario_modificacion, fecha_modificacion, icono, etiqueta) VALUES (29, 1, 3, 'Ventas', 'VENTA', 'Menu Ventas', 1, 0, 0, 'WZAMORA', '2017-08-28 11:52:03.368', 'WZAMORA', '2017-08-28 11:53:07.238', 'fa-credit-card ', NULL);
INSERT INTO isos.menu (id_menu, nivel, orden, nombre, modulo, descripcion, id_padre, sec_ini, sec_fin, usuario_creacion, fecha_creacion, usuario_modificacion, fecha_modificacion, icono, etiqueta) VALUES (31, 2, 3, 'Forma de pago', 'FORMAPAGO', 'Formas de pago', 24, 0, 0, 'WZAMORA', '2017-09-14 12:52:52.364', 'JORTIZ', '2017-12-11 10:22:10.794', NULL, NULL);
INSERT INTO isos.menu (id_menu, nivel, orden, nombre, modulo, descripcion, id_padre, sec_ini, sec_fin, usuario_creacion, fecha_creacion, usuario_modificacion, fecha_modificacion, icono, etiqueta) VALUES (32, 2, 2, 'Bancos', 'ENTIDADFINANCIE', 'Bancos', 24, 0, 0, 'WZAMORA', '2017-09-28 16:57:29.464', 'JORTIZ', '2017-11-03 11:27:13.477', NULL, NULL);
INSERT INTO isos.menu (id_menu, nivel, orden, nombre, modulo, descripcion, id_padre, sec_ini, sec_fin, usuario_creacion, fecha_creacion, usuario_modificacion, fecha_modificacion, icono, etiqueta) VALUES (33, 2, 8, 'Trabajador', 'TRABAJADOR', 'Mantenimiento Trabajador', 2, 0, 0, 'JORTIZ', '2017-10-11 17:10:51.793', NULL, NULL, NULL, NULL);
INSERT INTO isos.menu (id_menu, nivel, orden, nombre, modulo, descripcion, id_padre, sec_ini, sec_fin, usuario_creacion, fecha_creacion, usuario_modificacion, fecha_modificacion, icono, etiqueta) VALUES (36, 2, 12, 'Configuración Impresión', 'CONFIGIMPRESION', 'Configuración de Impresión', 24, 0, 0, 'JORTIZ', '2017-11-04 10:06:41.941', 'JORTIZ', '2017-11-04 10:06:56.71', NULL, NULL);
INSERT INTO isos.menu (id_menu, nivel, orden, nombre, modulo, descripcion, id_padre, sec_ini, sec_fin, usuario_creacion, fecha_creacion, usuario_modificacion, fecha_modificacion, icono, etiqueta) VALUES (27, 2, 5, 'Marca', 'MARCA', 'Mant. de Marca', 24, 0, 0, 'MSANCHEZ', '2017-06-09 16:50:46.427', 'JORTIZ', '2017-11-03 11:28:52.445', NULL, NULL);
INSERT INTO isos.menu (id_menu, nivel, orden, nombre, modulo, descripcion, id_padre, sec_ini, sec_fin, usuario_creacion, fecha_creacion, usuario_modificacion, fecha_modificacion, icono, etiqueta) VALUES (26, 2, 6, 'Tipo de cambio', 'TCAMBIO', 'Tipo de cambio', 24, 0, 0, 'JPINEDA', '2017-05-08 17:03:41', 'JORTIZ', '2017-11-03 11:29:07.926', NULL, NULL);
INSERT INTO isos.menu (id_menu, nivel, orden, nombre, modulo, descripcion, id_padre, sec_ini, sec_fin, usuario_creacion, fecha_creacion, usuario_modificacion, fecha_modificacion, icono, etiqueta) VALUES (22, 2, 7, 'Tipos de cuenta', 'TCUENTA', 'Mantenimiento de tipos de cuenta', 24, 0, 0, 'JPINEDA', '2017-03-31 15:07:30', 'JORTIZ', '2017-11-03 11:29:21.239', NULL, NULL);
INSERT INTO isos.menu (id_menu, nivel, orden, nombre, modulo, descripcion, id_padre, sec_ini, sec_fin, usuario_creacion, fecha_creacion, usuario_modificacion, fecha_modificacion, icono, etiqueta) VALUES (15, 2, 1, 'Consultar Producto', NULL, 'Consultar Producto', 10, 0, 0, 'WZAMORA', '2017-02-16 16:22:14', NULL, NULL, NULL, NULL);
INSERT INTO isos.menu (id_menu, nivel, orden, nombre, modulo, descripcion, id_padre, sec_ini, sec_fin, usuario_creacion, fecha_creacion, usuario_modificacion, fecha_modificacion, icono, etiqueta) VALUES (25, 2, 3, 'Orden de Compra', 'ORDENCOMPRA', 'Orden de Compra', 10, 0, 0, 'WZAMORA', '2017-04-28 17:03:32', 'WZAMORA', '2017-09-25 12:30:04.773', NULL, NULL);
INSERT INTO isos.menu (id_menu, nivel, orden, nombre, modulo, descripcion, id_padre, sec_ini, sec_fin, usuario_creacion, fecha_creacion, usuario_modificacion, fecha_modificacion, icono, etiqueta) VALUES (7, 2, 9, 'Usuarios', 'USUARIO', 'Mantenimiento de usuarios', 2, 0, 0, NULL, NULL, 'JORTIZ', '2017-11-03 11:55:33.848', NULL, NULL);
INSERT INTO isos.menu (id_menu, nivel, orden, nombre, modulo, descripcion, id_padre, sec_ini, sec_fin, usuario_creacion, fecha_creacion, usuario_modificacion, fecha_modificacion, icono, etiqueta) VALUES (11, 2, 3, 'Cliente', 'CLIENTE', 'Mantenimiento de clientes', 14, 0, 0, 'JORTIZ', NULL, 'JORTIZ', '2017-11-03 11:57:00.748', NULL, NULL);
INSERT INTO isos.menu (id_menu, nivel, orden, nombre, modulo, descripcion, id_padre, sec_ini, sec_fin, usuario_creacion, fecha_creacion, usuario_modificacion, fecha_modificacion, icono, etiqueta) VALUES (20, 2, 1, 'Actividades económicas', 'ACTIVIDADECONOM', 'Mantenimiento de actividades económicas', 24, 0, 0, 'JPINEDA', '2017-03-10 16:11:08', 'JORTIZ', '2017-11-03 11:27:53.48', NULL, NULL);
INSERT INTO isos.menu (id_menu, nivel, orden, nombre, modulo, descripcion, id_padre, sec_ini, sec_fin, usuario_creacion, fecha_creacion, usuario_modificacion, fecha_modificacion, icono, etiqueta) VALUES (14, 1, 1, 'Mantenimiento', 'MANTCOMERCIAL', 'Mantenimiento Comercial', 1, 0, 0, 'WZAMORA', '2017-01-26 12:19:57', 'JORTIZ', '2017-11-03 13:05:03.762', NULL, NULL);
INSERT INTO isos.menu (id_menu, nivel, orden, nombre, modulo, descripcion, id_padre, sec_ini, sec_fin, usuario_creacion, fecha_creacion, usuario_modificacion, fecha_modificacion, icono, etiqueta) VALUES (10, 1, 2, 'Compras', 'COMPRA', 'COMPRAS', 1, 0, 0, 'WZAMORA', '2017-01-09 16:40:12', 'WZAMORA', '2017-08-16 12:24:15.835', 'fa-shopping-cart ', NULL);
INSERT INTO isos.menu (id_menu, nivel, orden, nombre, modulo, descripcion, id_padre, sec_ini, sec_fin, usuario_creacion, fecha_creacion, usuario_modificacion, fecha_modificacion, icono, etiqueta) VALUES (44, 2, 2, 'Egresos', 'EGRESO', '0', 42, 0, 0, 'WZAMORA', '2018-03-08 09:35:27.807', 'WZAMORA', '2018-03-08 09:36:41.006', '0', NULL);
INSERT INTO isos.menu (id_menu, nivel, orden, nombre, modulo, descripcion, id_padre, sec_ini, sec_fin, usuario_creacion, fecha_creacion, usuario_modificacion, fecha_modificacion, icono, etiqueta) VALUES (43, 2, 1, 'Cuentas por Pagar', 'DEUDA', 'Deudas a Proveedor', 42, 0, 0, 'WZAMORA', '2018-03-06 17:32:13.979', 'WZAMORA', '2019-03-18 12:17:50.21', '0', NULL);
INSERT INTO isos.menu (id_menu, nivel, orden, nombre, modulo, descripcion, id_padre, sec_ini, sec_fin, usuario_creacion, fecha_creacion, usuario_modificacion, fecha_modificacion, icono, etiqueta) VALUES (50, 2, 3, 'Cuentas por Cobrar', 'CREDITO', '0', 42, 0, 0, 'WZAMORA', '2018-05-26 08:44:09.599', 'WZAMORA', '2019-01-22 17:44:39.287', '0', NULL);
INSERT INTO isos.menu (id_menu, nivel, orden, nombre, modulo, descripcion, id_padre, sec_ini, sec_fin, usuario_creacion, fecha_creacion, usuario_modificacion, fecha_modificacion, icono, etiqueta) VALUES (16, 2, 4, 'Línea/Clase/Subclase', 'LINEA', 'Mantenimiento de línea de productos', 24, 0, 0, 'JPINEDA', '2017-02-18 10:58:07', 'WZAMORA', '2018-04-09 08:32:26.347', '', NULL);
INSERT INTO isos.menu (id_menu, nivel, orden, nombre, modulo, descripcion, id_padre, sec_ini, sec_fin, usuario_creacion, fecha_creacion, usuario_modificacion, fecha_modificacion, icono, etiqueta) VALUES (47, 2, 2, 'Reportes Informes', 'RPTINFORMES', 'Reporte Informes', 45, 0, 0, 'JORTIZ', '2018-04-20 15:53:49.482', NULL, NULL, '', NULL);
INSERT INTO isos.menu (id_menu, nivel, orden, nombre, modulo, descripcion, id_padre, sec_ini, sec_fin, usuario_creacion, fecha_creacion, usuario_modificacion, fecha_modificacion, icono, etiqueta) VALUES (46, 2, 1, 'Reportes Gráficos', 'RPTGRAFICOS', 'Repotes', 45, 0, 0, 'JORTIZ', '2018-03-28 17:28:24.579', 'JORTIZ', '2018-04-20 15:53:59.172', '', NULL);
INSERT INTO isos.menu (id_menu, nivel, orden, nombre, modulo, descripcion, id_padre, sec_ini, sec_fin, usuario_creacion, fecha_creacion, usuario_modificacion, fecha_modificacion, icono, etiqueta) VALUES (49, 2, 1, 'Registro Flete', 'FLETE', '0', 48, 0, 0, 'WZAMORA', '2018-04-24 15:20:27.446', 'WZAMORA', '2018-04-24 15:34:42.245', '0', NULL);
INSERT INTO isos.menu (id_menu, nivel, orden, nombre, modulo, descripcion, id_padre, sec_ini, sec_fin, usuario_creacion, fecha_creacion, usuario_modificacion, fecha_modificacion, icono, etiqueta) VALUES (54, 2, 1, 'Emisión', 'NOTACREDITO_E', 'Emisión', 51, 0, 0, 'WZAMORA', '2018-08-23 12:26:17.586', 'KCARRION', '2019-02-21 17:28:01.8', '0', NULL);
INSERT INTO isos.menu (id_menu, nivel, orden, nombre, modulo, descripcion, id_padre, sec_ini, sec_fin, usuario_creacion, fecha_creacion, usuario_modificacion, fecha_modificacion, icono, etiqueta) VALUES (55, 2, 2, 'Recepción', 'NOTACREDITO_R', 'Recepción', 51, 0, 0, 'WZAMORA', '2018-08-23 12:26:50.522', 'WZAMORA', '2019-02-25 12:24:35.957', '0', NULL);
INSERT INTO isos.menu (id_menu, nivel, orden, nombre, modulo, descripcion, id_padre, sec_ini, sec_fin, usuario_creacion, fecha_creacion, usuario_modificacion, fecha_modificacion, icono, etiqueta) VALUES (68, 2, 1, 'Emisión', 'NOTADEBITO_E', 'Emisión', 67, 0, 0, 'WZAMORA', '2019-04-29 15:24:34.78', NULL, NULL, '0', NULL);
INSERT INTO isos.menu (id_menu, nivel, orden, nombre, modulo, descripcion, id_padre, sec_ini, sec_fin, usuario_creacion, fecha_creacion, usuario_modificacion, fecha_modificacion, icono, etiqueta) VALUES (37, 2, 2, 'Kardex Simple', 'KARDEXSIMPLE', 'Kardex Simple', 34, 0, 0, 'WZAMORA', '2017-12-15 11:50:25.356', 'WZAMORA', '2018-11-06 11:16:55.119', '', NULL);
INSERT INTO isos.menu (id_menu, nivel, orden, nombre, modulo, descripcion, id_padre, sec_ini, sec_fin, usuario_creacion, fecha_creacion, usuario_modificacion, fecha_modificacion, icono, etiqueta) VALUES (57, 1, 1, 'Configuración', 'CONFIGCONTA', 'Configuración', 1, 0, 0, 'WZAMORA', '2018-11-10 11:33:37.565', NULL, NULL, '0', NULL);
INSERT INTO isos.menu (id_menu, nivel, orden, nombre, modulo, descripcion, id_padre, sec_ini, sec_fin, usuario_creacion, fecha_creacion, usuario_modificacion, fecha_modificacion, icono, etiqueta) VALUES (58, 2, 11, 'Tipo de tributo', 'TIPOTRIBUTO', 'Tipo tributo', 24, 0, 0, 'WZAMORA', '2018-12-03 17:00:34.346', 'WZAMORA', '2018-12-03 17:45:35.198', '0', NULL);
INSERT INTO isos.menu (id_menu, nivel, orden, nombre, modulo, descripcion, id_padre, sec_ini, sec_fin, usuario_creacion, fecha_creacion, usuario_modificacion, fecha_modificacion, icono, etiqueta) VALUES (59, 1, 1, 'Caja y Bancos', 'CAJA', 'Caja y Bancos', 1, 0, 0, 'WZAMORA', '2018-12-14 11:35:32.082', 'WZAMORA', '2018-12-14 16:15:45.774', '0', NULL);
INSERT INTO isos.menu (id_menu, nivel, orden, nombre, modulo, descripcion, id_padre, sec_ini, sec_fin, usuario_creacion, fecha_creacion, usuario_modificacion, fecha_modificacion, icono, etiqueta) VALUES (69, 2, 2, 'Recepción', 'NOTADEBITO_R', 'Recepción', 67, 0, 0, 'WZAMORA', '2019-04-29 15:25:06.297', NULL, NULL, '0', NULL);
INSERT INTO isos.menu (id_menu, nivel, orden, nombre, modulo, descripcion, id_padre, sec_ini, sec_fin, usuario_creacion, fecha_creacion, usuario_modificacion, fecha_modificacion, icono, etiqueta) VALUES (28, 2, 4, 'Registro de Compras', 'COMPRA', 'Registro de Compras', 10, 0, 0, 'WZAMORA', '2017-08-12 11:39:22.756', 'WZAMORA', '2020-02-18 10:08:42.251', '', NULL);
INSERT INTO isos.menu (id_menu, nivel, orden, nombre, modulo, descripcion, id_padre, sec_ini, sec_fin, usuario_creacion, fecha_creacion, usuario_modificacion, fecha_modificacion, icono, etiqueta) VALUES (2, 1, 2, 'Configuración General', 'CONFIGURA', 'Menu de configuración general', 1, 0, 0, NULL, NULL, 'WZAMORA', '2019-06-17 10:59:10.801', '', NULL);
INSERT INTO isos.menu (id_menu, nivel, orden, nombre, modulo, descripcion, id_padre, sec_ini, sec_fin, usuario_creacion, fecha_creacion, usuario_modificacion, fecha_modificacion, icono, etiqueta) VALUES (6, 2, 6, 'Menús', 'MENU', 'Mantenimiento de menús', 2, 0, 0, NULL, NULL, 'WZAMORA', '2019-06-17 10:25:20.257', '', NULL);
INSERT INTO isos.menu (id_menu, nivel, orden, nombre, modulo, descripcion, id_padre, sec_ini, sec_fin, usuario_creacion, fecha_creacion, usuario_modificacion, fecha_modificacion, icono, etiqueta) VALUES (35, 2, 1, 'Movimientos', 'TRANSFERENCIA', 'Entrada y salida de almacén', 34, 0, 0, 'JORTIZ', '2017-10-27 15:29:16.794', 'JORTIZ', '2017-12-11 10:10:42.902', NULL, NULL);
INSERT INTO isos.menu (id_menu, nivel, orden, nombre, modulo, descripcion, id_padre, sec_ini, sec_fin, usuario_creacion, fecha_creacion, usuario_modificacion, fecha_modificacion, icono, etiqueta) VALUES (56, 2, 3, 'Kardex Valorado', 'KARDEXVALORADO', 'Kardex Valorado', 34, 0, 0, 'WZAMORA', '2018-11-06 14:46:14.635', NULL, NULL, '', NULL);
INSERT INTO isos.menu (id_menu, nivel, orden, nombre, modulo, descripcion, id_padre, sec_ini, sec_fin, usuario_creacion, fecha_creacion, usuario_modificacion, fecha_modificacion, icono, etiqueta) VALUES (41, 2, 4, 'Reporte Inventario', 'INVENTARIO', 'Inventario', 34, 0, 0, 'JORTIZ', '2018-02-17 08:55:00.201', 'JORTIZ', '2018-02-17 09:18:30.072', '', NULL);
INSERT INTO isos.menu (id_menu, nivel, orden, nombre, modulo, descripcion, id_padre, sec_ini, sec_fin, usuario_creacion, fecha_creacion, usuario_modificacion, fecha_modificacion, icono, etiqueta) VALUES (40, 2, 5, 'Gestionar Guias', 'GUIA', 'Gestionar Guias', 34, 0, 0, 'JORTIZ', '2018-01-29 09:16:18.47', 'WZAMORA', '2018-08-09 18:08:54.63', '', NULL);
INSERT INTO isos.menu (id_menu, nivel, orden, nombre, modulo, descripcion, id_padre, sec_ini, sec_fin, usuario_creacion, fecha_creacion, usuario_modificacion, fecha_modificacion, icono, etiqueta) VALUES (67, 1, 5, 'Nota Débito', 'NOTADEBITO', 'Notas débito', 1, 0, 0, 'WZAMORA', '2019-04-29 15:17:11.567', 'WZAMORA', '2020-01-10 12:43:16.664', '0', NULL);
INSERT INTO isos.menu (id_menu, nivel, orden, nombre, modulo, descripcion, id_padre, sec_ini, sec_fin, usuario_creacion, fecha_creacion, usuario_modificacion, fecha_modificacion, icono, etiqueta) VALUES (42, 1, 7, 'Finanzas', 'FINANZAS', '0', 1, 0, 0, 'WZAMORA', '2018-03-06 17:08:18.74', 'WZAMORA', '2020-01-10 12:44:15.5', '0', NULL);
INSERT INTO isos.menu (id_menu, nivel, orden, nombre, modulo, descripcion, id_padre, sec_ini, sec_fin, usuario_creacion, fecha_creacion, usuario_modificacion, fecha_modificacion, icono, etiqueta) VALUES (48, 1, 10, 'Gastos', 'GASTOS', 'Menu Gastos', 1, 0, 0, 'WZAMORA', '2018-04-24 15:18:07.761', 'WZAMORA', '2020-01-10 12:45:09.155', '0', NULL);
INSERT INTO isos.menu (id_menu, nivel, orden, nombre, modulo, descripcion, id_padre, sec_ini, sec_fin, usuario_creacion, fecha_creacion, usuario_modificacion, fecha_modificacion, icono, etiqueta) VALUES (62, 2, 4, 'Operaciones de Caja', 'CAJA', 'Operaciones de Caja', 59, 0, 0, 'WZAMORA', '2018-12-14 16:16:14.512', 'WZAMORA', '2018-12-14 16:56:53.885', '', NULL);
INSERT INTO isos.menu (id_menu, nivel, orden, nombre, modulo, descripcion, id_padre, sec_ini, sec_fin, usuario_creacion, fecha_creacion, usuario_modificacion, fecha_modificacion, icono, etiqueta) VALUES (63, 2, 1, 'Cuentas', 'EMPRESACUENTA', 'Cuentas', 59, 0, 0, 'WZAMORA', '2018-12-14 16:46:14.773', 'WZAMORA', '2018-12-17 10:29:45.2', '', NULL);
INSERT INTO isos.menu (id_menu, nivel, orden, nombre, modulo, descripcion, id_padre, sec_ini, sec_fin, usuario_creacion, fecha_creacion, usuario_modificacion, fecha_modificacion, icono, etiqueta) VALUES (53, 3, 2, 'Recepción', 'GUIARECEPCION', '0', 40, 0, 0, 'WZAMORA', '2018-08-09 16:21:32.908', 'WZAMORA', '2020-04-16 12:22:09.504', 'fa-sign-in', NULL);
INSERT INTO isos.menu (id_menu, nivel, orden, nombre, modulo, descripcion, id_padre, sec_ini, sec_fin, usuario_creacion, fecha_creacion, usuario_modificacion, fecha_modificacion, icono, etiqueta) VALUES (34, 1, 9, 'Almacén', 'ALMACEN', 'Almacen', 1, 0, 0, 'WZAMORA', '2017-10-27 15:28:16.052', 'WZAMORA', '2020-01-10 12:44:56.909', 'fa-archive', NULL);
INSERT INTO isos.menu (id_menu, nivel, orden, nombre, modulo, descripcion, id_padre, sec_ini, sec_fin, usuario_creacion, fecha_creacion, usuario_modificacion, fecha_modificacion, icono, etiqueta) VALUES (3, 1, 1, 'Mi perfil', 'MIPERFIL', 'Configuración de perfil de usuario', 1, 0, 0, NULL, NULL, 'WZAMORA', '2020-04-18 10:42:12.008', '', NULL);
INSERT INTO isos.menu (id_menu, nivel, orden, nombre, modulo, descripcion, id_padre, sec_ini, sec_fin, usuario_creacion, fecha_creacion, usuario_modificacion, fecha_modificacion, icono, etiqueta) VALUES (45, 1, 7, 'Reportes', 'REPORTES', 'Reportes del Sistema', 1, 0, 0, 'WZAMORA', '2018-03-28 17:16:11.746', 'JORTIZ', '2018-04-07 13:40:02.289', 'fa-bar-chart', NULL);
INSERT INTO isos.menu (id_menu, nivel, orden, nombre, modulo, descripcion, id_padre, sec_ini, sec_fin, usuario_creacion, fecha_creacion, usuario_modificacion, fecha_modificacion, icono, etiqueta) VALUES (51, 1, 6, 'Nota Crédito', 'NOTACREDITO', '0', 1, 0, 0, 'WZAMORA', '2018-06-25 15:38:20.683', 'WZAMORA', '2020-01-10 12:43:24.161', '0', NULL);
INSERT INTO isos.menu (id_menu, nivel, orden, nombre, modulo, descripcion, id_padre, sec_ini, sec_fin, usuario_creacion, fecha_creacion, usuario_modificacion, fecha_modificacion, icono, etiqueta) VALUES (64, 2, 2, 'Diario', 'DIARIO', 'Diario', 59, 0, 0, 'WZAMORA', '2018-12-18 12:05:56.036', 'WZAMORA', '2018-12-19 13:02:39.404', '0', NULL);
INSERT INTO isos.menu (id_menu, nivel, orden, nombre, modulo, descripcion, id_padre, sec_ini, sec_fin, usuario_creacion, fecha_creacion, usuario_modificacion, fecha_modificacion, icono, etiqueta) VALUES (61, 2, 3, 'Movimientos', 'DIARIODETALLE', 'Movimientos', 59, 0, 0, 'WZAMORA', '2018-12-14 16:15:12.998', 'WZAMORA', '2018-12-21 11:00:43.137', '', NULL);
INSERT INTO isos.menu (id_menu, nivel, orden, nombre, modulo, descripcion, id_padre, sec_ini, sec_fin, usuario_creacion, fecha_creacion, usuario_modificacion, fecha_modificacion, icono, etiqueta) VALUES (65, 2, 13, 'Tipo Identidad', 'TIPOIDENTIDAD', '', 24, 0, 0, 'WZAMORA', '2019-01-07 11:24:28.061', NULL, NULL, '0', NULL);
INSERT INTO isos.menu (id_menu, nivel, orden, nombre, modulo, descripcion, id_padre, sec_ini, sec_fin, usuario_creacion, fecha_creacion, usuario_modificacion, fecha_modificacion, icono, etiqueta) VALUES (13, 2, 2, 'Producto / Servicio', 'PRODUCTO', 'Producto', 14, 0, 0, 'WZAMORA', '2017-01-23 15:44:45', 'WZAMORA', '2019-05-14 11:13:51.883', '', NULL);
INSERT INTO isos.menu (id_menu, nivel, orden, nombre, modulo, descripcion, id_padre, sec_ini, sec_fin, usuario_creacion, fecha_creacion, usuario_modificacion, fecha_modificacion, icono, etiqueta) VALUES (23, 2, 10, 'Condición de pago', 'CONDICIONPAGO', 'Mantenimiento de tipos de pago', 24, 0, 0, 'JPINEDA', '2017-03-31 17:25:04', 'WZAMORA', '2019-05-14 12:23:03.079', '', NULL);
INSERT INTO isos.menu (id_menu, nivel, orden, nombre, modulo, descripcion, id_padre, sec_ini, sec_fin, usuario_creacion, fecha_creacion, usuario_modificacion, fecha_modificacion, icono, etiqueta) VALUES (70, 3, 1, 'Condición de Venta', 'CONDICIONVENTA', 'Condición de Venta', 23, 0, 0, 'WZAMORA', '2019-05-14 12:36:59.653', 'WZAMORA', '2019-05-14 12:40:35.023', '0', NULL);
INSERT INTO isos.menu (id_menu, nivel, orden, nombre, modulo, descripcion, id_padre, sec_ini, sec_fin, usuario_creacion, fecha_creacion, usuario_modificacion, fecha_modificacion, icono, etiqueta) VALUES (38, 2, 2, 'Proforma', 'PROFORMA', 'Proforma', 29, 0, 0, 'WZAMORA', '2017-12-16 12:35:26.156', 'WZAMORA', '2019-06-17 10:15:47.345', '', NULL);
INSERT INTO isos.menu (id_menu, nivel, orden, nombre, modulo, descripcion, id_padre, sec_ini, sec_fin, usuario_creacion, fecha_creacion, usuario_modificacion, fecha_modificacion, icono, etiqueta) VALUES (72, 2, 6, 'Recepción', 'RECEPCION', 'Recepción de mercaderia', 34, 0, 0, 'WZAMORA', '2019-07-30 15:29:28.058', 'WZAMORA', '2019-07-30 15:43:36.682', '0', NULL);
INSERT INTO isos.menu (id_menu, nivel, orden, nombre, modulo, descripcion, id_padre, sec_ini, sec_fin, usuario_creacion, fecha_creacion, usuario_modificacion, fecha_modificacion, icono, etiqueta) VALUES (74, 2, 1, 'Compras', 'DETRACCION_C', 'Detracción de compras', 73, 0, 0, 'WZAMORA', '2019-12-30 09:17:36.065', 'WZAMORA', '2019-12-30 09:38:38.299', '', NULL);
INSERT INTO isos.menu (id_menu, nivel, orden, nombre, modulo, descripcion, id_padre, sec_ini, sec_fin, usuario_creacion, fecha_creacion, usuario_modificacion, fecha_modificacion, icono, etiqueta) VALUES (75, 2, 2, 'Ventas', 'DETRACCION_V', 'Detracción de ventas', 73, 0, 0, 'WZAMORA', '2019-12-30 09:18:01.759', 'WZAMORA', '2019-12-30 09:38:46.853', '0', NULL);
INSERT INTO isos.menu (id_menu, nivel, orden, nombre, modulo, descripcion, id_padre, sec_ini, sec_fin, usuario_creacion, fecha_creacion, usuario_modificacion, fecha_modificacion, icono, etiqueta) VALUES (76, 2, 15, 'Concepto detracción', 'CONCEPTODETRACCION', 'Concepto detracción', 24, 0, 0, 'WZAMORA', '2020-01-07 12:25:04.843', NULL, NULL, '0', NULL);
INSERT INTO isos.menu (id_menu, nivel, orden, nombre, modulo, descripcion, id_padre, sec_ini, sec_fin, usuario_creacion, fecha_creacion, usuario_modificacion, fecha_modificacion, icono, etiqueta) VALUES (77, 2, 16, 'Tipo de Operación', 'TIPOOPERACION', 'Tipo de Operación', 24, 0, 0, 'WZAMORA', '2020-01-07 17:18:08.444', NULL, NULL, '0', NULL);
INSERT INTO isos.menu (id_menu, nivel, orden, nombre, modulo, descripcion, id_padre, sec_ini, sec_fin, usuario_creacion, fecha_creacion, usuario_modificacion, fecha_modificacion, icono, etiqueta) VALUES (73, 1, 8, 'Detraccion', 'DETRACCION', 'Detraccion', 1, 0, 0, 'WZAMORA', '2019-12-30 09:03:42.581', 'WZAMORA', '2020-01-10 12:44:32.47', '', NULL);
INSERT INTO isos.menu (id_menu, nivel, orden, nombre, modulo, descripcion, id_padre, sec_ini, sec_fin, usuario_creacion, fecha_creacion, usuario_modificacion, fecha_modificacion, icono, etiqueta) VALUES (78, 1, 4, 'Proyectos', 'PROYECTO', 'Proyectos', 1, 0, 0, 'WZAMORA', '2020-01-10 12:45:56.386', NULL, NULL, '0', NULL);
INSERT INTO isos.menu (id_menu, nivel, orden, nombre, modulo, descripcion, id_padre, sec_ini, sec_fin, usuario_creacion, fecha_creacion, usuario_modificacion, fecha_modificacion, icono, etiqueta) VALUES (79, 2, 4, 'Orden Trabajo/Servicio', 'ORDENTRABAJO', 'Orden Trabajo/Servicio', 29, 0, 0, 'WZAMORA', '2020-01-10 12:46:28.694', 'WZAMORA', '2020-02-14 09:56:55.2', '0', NULL);
INSERT INTO isos.menu (id_menu, nivel, orden, nombre, modulo, descripcion, id_padre, sec_ini, sec_fin, usuario_creacion, fecha_creacion, usuario_modificacion, fecha_modificacion, icono, etiqueta) VALUES (52, 3, 1, 'Emisión', 'GUIAEMISION', '0', 40, 0, 0, 'WZAMORA', '2018-08-09 14:57:45.886', 'WZAMORA', '2020-04-16 12:21:52.457', 'fa-sign-out', NULL);
INSERT INTO isos.menu (id_menu, nivel, orden, nombre, modulo, descripcion, id_padre, sec_ini, sec_fin, usuario_creacion, fecha_creacion, usuario_modificacion, fecha_modificacion, icono, etiqueta) VALUES (24, 1, 1, 'Mantenimiento General', 'MANTENIMIENTO', 'Mantenimiento General', 1, 0, 0, 'WZAMORA', '2017-04-01 10:06:33', 'WZAMORA', '2019-06-17 10:59:33.973', '', NULL);
INSERT INTO isos.menu (id_menu, nivel, orden, nombre, modulo, descripcion, id_padre, sec_ini, sec_fin, usuario_creacion, fecha_creacion, usuario_modificacion, fecha_modificacion, icono, etiqueta) VALUES (80, 2, 17, 'Motivos de Anulación', 'MOTIVOANULACION', 'Motivos de Anulación', 24, 0, 0, 'WZAMORA', '2020-04-18 10:55:07.945', NULL, NULL, '', NULL);
INSERT INTO isos.menu (id_menu, nivel, orden, nombre, modulo, descripcion, id_padre, sec_ini, sec_fin, usuario_creacion, fecha_creacion, usuario_modificacion, fecha_modificacion, icono, etiqueta) VALUES (66, 2, 0, 'Consultar precios', 'CONSULTAPRECIOS', '0', 29, 0, 0, 'KCARRION', '2019-02-18 11:47:10.155', 'WZAMORA', '2020-04-27 12:45:22.441', '0', NULL);
INSERT INTO isos.menu (id_menu, nivel, orden, nombre, modulo, descripcion, id_padre, sec_ini, sec_fin, usuario_creacion, fecha_creacion, usuario_modificacion, fecha_modificacion, icono, etiqueta) VALUES (82, 2, 2, 'Recibo por Honorarios', 'RECIBOHONORARIOS', 'Recibo por Honorarios', 48, 0, 0, 'WZAMORA', '2020-04-30 16:03:31.701', 'WZAMORA', '2020-04-30 16:08:06.236', '', NULL);
INSERT INTO isos.menu (id_menu, nivel, orden, nombre, modulo, descripcion, id_padre, sec_ini, sec_fin, usuario_creacion, fecha_creacion, usuario_modificacion, fecha_modificacion, icono, etiqueta) VALUES (83, 2, 0, 'Reporte de Caja', 'ALERTAS', 'Reporte de Caja', 42, 0, 0, 'WZAMORA', '2020-05-08 12:28:41.023', NULL, NULL, '', NULL);
INSERT INTO isos.menu (id_menu, nivel, orden, nombre, modulo, descripcion, id_padre, sec_ini, sec_fin, usuario_creacion, fecha_creacion, usuario_modificacion, fecha_modificacion, icono, etiqueta) VALUES (81, 2, 1, 'Historial Cliente', 'HISTORIALVENTAS', 'Historial Cliente', 29, 0, 0, 'WZAMORA', '2020-04-27 12:47:06.624', 'WZAMORA', '2020-05-15 16:29:25.074', '', NULL);
INSERT INTO isos.menu (id_menu, nivel, orden, nombre, modulo, descripcion, id_padre, sec_ini, sec_fin, usuario_creacion, fecha_creacion, usuario_modificacion, fecha_modificacion, icono, etiqueta) VALUES (71, 2, 3, 'Gestionar Pedidos', 'PEDIDOVENTA', 'Gestionar Pedidos', 29, 0, 0, 'WZAMORA', '2019-05-27 10:49:14.045', 'WZAMORA', '2020-05-27 17:55:46.369', '0', 'Nuevo');
INSERT INTO isos.menu (id_menu, nivel, orden, nombre, modulo, descripcion, id_padre, sec_ini, sec_fin, usuario_creacion, fecha_creacion, usuario_modificacion, fecha_modificacion, icono, etiqueta) VALUES (30, 2, 5, 'Gestionar Ventas', 'VENTA', 'Realizar Venta', 29, 0, 0, 'WZAMORA', '2017-08-28 11:52:56.017', 'WZAMORA', '2020-05-27 18:49:36.804', '', 'Cambios');
INSERT INTO isos.menu (id_menu, nivel, orden, nombre, modulo, descripcion, id_padre, sec_ini, sec_fin, usuario_creacion, fecha_creacion, usuario_modificacion, fecha_modificacion, icono, etiqueta) VALUES (84, 3, 1, 'Regularización', 'ALMACEN_REGULARIZACION', 'Regularización', 35, 0, 0, 'WZAMORA', '2020-06-12 17:22:28.401', NULL, NULL, '', 'Cambios');
INSERT INTO isos.menu (id_menu, nivel, orden, nombre, modulo, descripcion, id_padre, sec_ini, sec_fin, usuario_creacion, fecha_creacion, usuario_modificacion, fecha_modificacion, icono, etiqueta) VALUES (85, 3, 2, 'Salida por Venta', 'ALMACEN_VENTA', 'Salida por Venta', 35, 0, 0, 'WZAMORA', '2020-06-12 17:24:56.707', NULL, NULL, '', 'Nuevo');
INSERT INTO isos.menu (id_menu, nivel, orden, nombre, modulo, descripcion, id_padre, sec_ini, sec_fin, usuario_creacion, fecha_creacion, usuario_modificacion, fecha_modificacion, icono, etiqueta) VALUES (86, 3, 3, 'Ingreso por Compra', 'ALMACEN_COMPRA', 'Ingreso por Compra', 35, 0, 0, 'WZAMORA', '2020-06-12 17:25:39.477', NULL, NULL, '', 'Nuevo');
INSERT INTO isos.menu (id_menu, nivel, orden, nombre, modulo, descripcion, id_padre, sec_ini, sec_fin, usuario_creacion, fecha_creacion, usuario_modificacion, fecha_modificacion, icono, etiqueta) VALUES (60, 2, 5, 'Conciliación bancaria', 'CAJACHICA', 'Conciliación bancaria', 59, 0, 0, 'WZAMORA', '2018-12-14 16:13:31.865', 'WZAMORA', '2020-06-15 17:03:54.147', '', '');


--
-- TOC entry 3670 (class 0 OID 21655)
-- Dependencies: 269
