-- Data for Name: empresa; Type: TABLE DATA; Schema: isos; Owner: postgres
--

INSERT INTO isos.empresa (id_empresa, ruc, razon_social, nombre_comercial, direccion, telefono, representante, id_actividadeconomica, ubigeo, src_logo, id_lineadefecto, smtp_servidor, smtp_puerto, smtp_correo, smtp_nombre, smtp_usuario, smtp_clave, smtp_autenticacion, costo_flete, igv, usuario_creacion, fecha_creacion, usuario_modificacion, fecha_modificacion, estado, correo, margen_minimo, es_buen_contribuyente, es_agente_percepcion, es_agente_retencion, monto_max_clientesvarios, nro_uit_compras, nro_uit_ventas, sitio_web, pse_ruta, pse_token, url_cpe, id_tipoafectacionigv, id_tipooperacion, uuid, id_tipomoneda, sunat_api_id, sunat_api_clave, celular) VALUES (2, '20480622961', 'FUNDICION CHEPEN S.A.C', 'FUNDICION CHEPEN S.A.C', 'MZA. D LOTE. 21 HABILIT.URB.NOR ORIENTE  (CARRET.CHICLAYO-LAMBAYEQUE KM.774)', '989925239/074-266379', 'DORIS ERLITA CARUAJULCA ORRILLO', 214, '140101', 'recursos/empresa/df2cd7104536553afde9f7d66133d578eccb4606.jpg', NULL, '', '0', '', '', '', '', 1, 0.13, 0.17999999999999999, 'DCRUZ', '2018-01-26 11:33:29.31', 'RHUAMAN', '2018-12-27 12:28:55.133', 'A', '', 0, 0, 0, 0, 1, 150, 150, '', 'https://api.nubefact.com/api/v1/0efbcff3-12c9-45cd-94cb-e7bd96551635', 'f172a1a2ff8c433385591e7428f902f88f92f9d49fe04ef7934fbdb2f6598c6f', '', 0, 0, 'ca62c9c6-dd12-4c3b-992a-dda432c205f4', 1, NULL, NULL, NULL);
INSERT INTO isos.empresa (id_empresa, ruc, razon_social, nombre_comercial, direccion, telefono, representante, id_actividadeconomica, ubigeo, src_logo, id_lineadefecto, smtp_servidor, smtp_puerto, smtp_correo, smtp_nombre, smtp_usuario, smtp_clave, smtp_autenticacion, costo_flete, igv, usuario_creacion, fecha_creacion, usuario_modificacion, fecha_modificacion, estado, correo, margen_minimo, es_buen_contribuyente, es_agente_percepcion, es_agente_retencion, monto_max_clientesvarios, nro_uit_compras, nro_uit_ventas, sitio_web, pse_ruta, pse_token, url_cpe, id_tipoafectacionigv, id_tipooperacion, uuid, id_tipomoneda, sunat_api_id, sunat_api_clave, celular) VALUES (3, '10164318317', 'CARUAJULCA BLANCO HECTOR MISAEL', 'CARUAJULCA BLANCO HECTOR MISAEL', 'CAL.SANTIAGO DE CHUCO NRO. 171 P.J.  UPIS CESAR VALLEJO', '989925239/074-266379', 'HECTOR MISAEL CARUAJULCA BLANCO', 122, '140101', NULL, NULL, '', '0', '', '', '', '', 1, 0, 0.17999999999999999, 'DCRUZ', '2018-01-26 11:53:35.969', 'WZAMORA', '2019-01-17 16:43:00.767', 'A', '', 0, 1, 0, 0, 1, 150, 150, '', '', '', '', 1, 1, '23ce08b7-3884-4cca-9654-e6af8a718f2e', 1, NULL, NULL, NULL);
INSERT INTO isos.empresa (id_empresa, ruc, razon_social, nombre_comercial, direccion, telefono, representante, id_actividadeconomica, ubigeo, src_logo, id_lineadefecto, smtp_servidor, smtp_puerto, smtp_correo, smtp_nombre, smtp_usuario, smtp_clave, smtp_autenticacion, costo_flete, igv, usuario_creacion, fecha_creacion, usuario_modificacion, fecha_modificacion, estado, correo, margen_minimo, es_buen_contribuyente, es_agente_percepcion, es_agente_retencion, monto_max_clientesvarios, nro_uit_compras, nro_uit_ventas, sitio_web, pse_ruta, pse_token, url_cpe, id_tipoafectacionigv, id_tipooperacion, uuid, id_tipomoneda, sunat_api_id, sunat_api_clave, celular) VALUES (1, '20600412788', 'ACEROS DEL NORTE CHICLAYO S.A.C.', 'ACENOR CHICLAYO', 'MZA. D LOTE. 21 UPIS POPULAR NOR ORIENTE (FRENTE A DERRAMA MAGISTERIAL  KM. 774)', '989925239/074-266379', 'JANNINA CARUAJULCA ORRILLO', 227, '140101', 'recursos/empresa/0937afa17f4dc08f3c0e5dc908158370ce64df86.jpg', NULL, 'mail.intitechperu.com', '465', 'isos@intitechperu.com', 'ISOS DEMO', 'isos@intitechperu.com', 'wHT8JBf9l20', 1, 0.13, 0.17999999999999999, 'DCRUZ', '2018-01-26 09:54:00', 'WZAMORA', '2020-10-04 16:34:43.497354', 'A', 'ventas@acenorchiclayo.com', 1.0000000000000001e-005, 0, 0, 0, 700, 150, 150, 'http://www.acenorchiclayo.com/web/', 'http://localhost:8040/igit/mali_api/public/api/v1/7a6878d1-a01e-3230-b865-0ef1f7bfc7dd', 'eeff4d1bcd7b68413c85d06797b16fc8470aac23a6e828c4406f249400e78ac7', 'http://isos-cpe.test:8082/', 1, 1, '0a7708f7-0591-4f17-99e5-6f6fb2567a77', 1, '05ecead4-f5c4-48c3-a74a-2f92a1551685', 'VoMY7gUjaZetm3e7ZG00Kg==', '         ');
INSERT INTO isos.empresa (id_empresa, ruc, razon_social, nombre_comercial, direccion, telefono, representante, id_actividadeconomica, ubigeo, src_logo, id_lineadefecto, smtp_servidor, smtp_puerto, smtp_correo, smtp_nombre, smtp_usuario, smtp_clave, smtp_autenticacion, costo_flete, igv, usuario_creacion, fecha_creacion, usuario_modificacion, fecha_modificacion, estado, correo, margen_minimo, es_buen_contribuyente, es_agente_percepcion, es_agente_retencion, monto_max_clientesvarios, nro_uit_compras, nro_uit_ventas, sitio_web, pse_ruta, pse_token, url_cpe, id_tipoafectacionigv, id_tipooperacion, uuid, id_tipomoneda, sunat_api_id, sunat_api_clave, celular) VALUES (4, '10700611367', 'ZAMORA CERVERA WILLIAN MARCELO', 'ZAMORA CERVERA WILLIAN MARCELO', 'dirección de empresa', '', 'representante', 8, '010101', NULL, NULL, '', '0', '', '', '', '', 0, 0, 0, 'WZAMORA', '2020-10-07 13:48:28.983172', 'WZAMORA', '2020-10-07 13:49:05.36165', 'A', '', 0, 0, 0, 0, 1, NULL, NULL, '', '', '', '', 1, 1, '53e4c5da-a603-4384-8b96-3be4d6b1e2b2', 2, '', '', '         ');


--
-- Data for Name: localidad; Type: TABLE DATA; Schema: isos; Owner: postgres
--

INSERT INTO isos.localidad (id_localidad, id_empresa, nombre, estado, usuario_creacion, fecha_creacion, fecha_modificacion, usuario_modificacion, abreviatura, direccion, ubigeo) VALUES (2, 3, 'LOCAL PRINCIPAL', 'A', 'DCRUZ', '2018-01-26 12:46:34.845', '2018-01-26 12:47:01.436', 'DCRUZ', 'LP', 'CAL.SANTIAGO DE CHUCO NRO. 171 P.J.  UPIS CESAR VALLEJO', NULL);
INSERT INTO isos.localidad (id_localidad, id_empresa, nombre, estado, usuario_creacion, fecha_creacion, fecha_modificacion, usuario_modificacion, abreviatura, direccion, ubigeo) VALUES (3, 2, 'LOCAL PRINCIPAL', 'A', 'DCRUZ', '2018-01-26 12:47:21.2', '2018-01-26 12:49:10.877', 'JORTIZ', 'LP', 'MZA. D LOTE. 21 HABILIT.URB.NOR ORIENTE', '140101');
INSERT INTO isos.localidad (id_localidad, id_empresa, nombre, estado, usuario_creacion, fecha_creacion, fecha_modificacion, usuario_modificacion, abreviatura, direccion, ubigeo) VALUES (1, 1, 'Localidad Principal', 'A', 'DCRUZ', '2018-01-26 09:54:00', '2018-03-22 11:17:40.737', 'JORTIZ', 'LP', 'MZA. D LOTE. 21 UPIS POPULAR NOR ORIENTE', '140101');
INSERT INTO isos.localidad (id_localidad, id_empresa, nombre, estado, usuario_creacion, fecha_creacion, fecha_modificacion, usuario_modificacion, abreviatura, direccion, ubigeo) VALUES (4, 1, 'LOCALIDAD2', 'A', 'WZAMORA', '2020-01-28 11:33:18.699', NULL, NULL, 'L2', '', '140101');
INSERT INTO isos.localidad (id_localidad, id_empresa, nombre, estado, usuario_creacion, fecha_creacion, fecha_modificacion, usuario_modificacion, abreviatura, direccion, ubigeo) VALUES (5, 4, 'LOCALIDAD 1', 'A', 'WZAMORA', '2020-10-07 13:49:59.19927', NULL, NULL, 'L1', 'DIRECCIÓN LOCALIDAD', '010103');


--
-- Data for Name: perfil; Type: TABLE DATA; Schema: isos; Owner: postgres
--

INSERT INTO isos.perfil (cod_perfil, nombre) VALUES ('SY', 'ADMSYS');
INSERT INTO isos.perfil (cod_perfil, nombre) VALUES ('JT', 'JEFE DE TALLER');
INSERT INTO isos.perfil (cod_perfil, nombre) VALUES ('GG', 'GERENTE GENERAL');
INSERT INTO isos.perfil (cod_perfil, nombre) VALUES ('AD', 'ADMINISTRADOR');
INSERT INTO isos.perfil (cod_perfil, nombre) VALUES ('VE', 'VENDEDOR');
INSERT INTO isos.perfil (cod_perfil, nombre) VALUES ('ST', 'SOPORTE TECNICO');


--
-- Data for Name: punto_venta; Type: TABLE DATA; Schema: isos; Owner: postgres
--

INSERT INTO isos.punto_venta (id_puntoventa, id_localidad, nombre, estado, usuario_creacion, fecha_creacion, usuario_modificacion, fecha_modificacion) VALUES (1, 1, 'PV1', 'A', 'WZAMORA', '2018-01-26 12:07:57.556', 'JORTIZ', '2018-03-22 13:07:52.132');
INSERT INTO isos.punto_venta (id_puntoventa, id_localidad, nombre, estado, usuario_creacion, fecha_creacion, usuario_modificacion, fecha_modificacion) VALUES (2, 2, 'PV1', 'A', 'RHUAMAN', '2018-12-27 11:25:03.338', NULL, NULL);
INSERT INTO isos.punto_venta (id_puntoventa, id_localidad, nombre, estado, usuario_creacion, fecha_creacion, usuario_modificacion, fecha_modificacion) VALUES (3, 3, 'PV1', 'A', 'RHUAMAN', '2018-12-27 11:38:28.516', 'WZAMORA', '2019-02-15 15:53:07.723');
INSERT INTO isos.punto_venta (id_puntoventa, id_localidad, nombre, estado, usuario_creacion, fecha_creacion, usuario_modificacion, fecha_modificacion) VALUES (4, 5, 'PV1', 'A', 'WZAMORA', '2020-10-07 13:50:24.084892', NULL, NULL);


--
-- Data for Name: tipo_identidad; Type: TABLE DATA; Schema: isos; Owner: postgres
--

INSERT INTO isos.tipo_identidad (codigo_sunat, nombre, nombre_corto, id_tipoidentidad, codigo_ose, usuario_creacion, fecha_creacion, usuario_modificacion, fecha_modificacion, estado) VALUES ('7', 'PASAPORTE', 'PASAPORTE', 4, '7', NULL, NULL, 'WZAMORA', '2019-01-07 16:05:14.792', 'A');
INSERT INTO isos.tipo_identidad (codigo_sunat, nombre, nombre_corto, id_tipoidentidad, codigo_ose, usuario_creacion, fecha_creacion, usuario_modificacion, fecha_modificacion, estado) VALUES ('6', 'REG. UNICO DE CONTRIBUYENTES', 'RUC', 3, '6', NULL, NULL, 'WZAMORA', '2019-01-07 16:05:20.435', 'A');
INSERT INTO isos.tipo_identidad (codigo_sunat, nombre, nombre_corto, id_tipoidentidad, codigo_ose, usuario_creacion, fecha_creacion, usuario_modificacion, fecha_modificacion, estado) VALUES ('4', 'CARNET DE EXTRANJERIA', 'CARNET EXT.', 2, '4', NULL, NULL, 'WZAMORA', '2019-01-07 16:05:25.025', 'A');
INSERT INTO isos.tipo_identidad (codigo_sunat, nombre, nombre_corto, id_tipoidentidad, codigo_ose, usuario_creacion, fecha_creacion, usuario_modificacion, fecha_modificacion, estado) VALUES ('1', 'Doc. Nacional de identidad', 'L.E/DNI', 1, '1', NULL, NULL, 'WZAMORA', '2019-01-07 16:05:29.711', 'A');
INSERT INTO isos.tipo_identidad (codigo_sunat, nombre, nombre_corto, id_tipoidentidad, codigo_ose, usuario_creacion, fecha_creacion, usuario_modificacion, fecha_modificacion, estado) VALUES ('A', 'Ced. Diplomática de identidad', 'AB', 8, '4', 'KCARRION', '2019-03-15 17:08:28.804', 'KCARRION', '2019-03-15 17:42:50.281', 'A');
INSERT INTO isos.tipo_identidad (codigo_sunat, nombre, nombre_corto, id_tipoidentidad, codigo_ose, usuario_creacion, fecha_creacion, usuario_modificacion, fecha_modificacion, estado) VALUES ('B', 'Documento identidad país residencia-no.d', NULL, 9, NULL, NULL, NULL, NULL, NULL, 'A');
INSERT INTO isos.tipo_identidad (codigo_sunat, nombre, nombre_corto, id_tipoidentidad, codigo_ose, usuario_creacion, fecha_creacion, usuario_modificacion, fecha_modificacion, estado) VALUES ('-', 'VARIOS - VENTAS MENORES A S/.700.00 Y OTROS', 'VARIOS/OTROS', 7, '-', 'WZAMORA', '2019-01-07 14:48:40.478', 'WZAMORA', '2019-01-07 16:04:42.93', 'I');
INSERT INTO isos.tipo_identidad (codigo_sunat, nombre, nombre_corto, id_tipoidentidad, codigo_ose, usuario_creacion, fecha_creacion, usuario_modificacion, fecha_modificacion, estado) VALUES ('0', 'NO DOMICILIADO, SIN RUC (EXPORTACIÓN)', 'NO DOMICILIADO', 6, '0', NULL, NULL, 'WZAMORA', '2019-01-07 16:02:01.412', 'I');
INSERT INTO isos.tipo_identidad (codigo_sunat, nombre, nombre_corto, id_tipoidentidad, codigo_ose, usuario_creacion, fecha_creacion, usuario_modificacion, fecha_modificacion, estado) VALUES ('11', 'PART. DE NACIMIENTO-IDENTIDAD', 'P. NAC.', 5, NULL, NULL, NULL, 'WZAMORA', '2019-01-07 16:05:04.911', 'I');
INSERT INTO isos.tipo_identidad (codigo_sunat, nombre, nombre_corto, id_tipoidentidad, codigo_ose, usuario_creacion, fecha_creacion, usuario_modificacion, fecha_modificacion, estado) VALUES ('D', 'Identification Number - IN – Doc Trib PP. JJ', NULL, 11, NULL, NULL, NULL, NULL, NULL, 'A');
INSERT INTO isos.tipo_identidad (codigo_sunat, nombre, nombre_corto, id_tipoidentidad, codigo_ose, usuario_creacion, fecha_creacion, usuario_modificacion, fecha_modificacion, estado) VALUES ('C', 'Tax Identification Number - TIN – Doc Trib PP.NN', NULL, 10, NULL, NULL, NULL, NULL, NULL, 'A');
INSERT INTO isos.tipo_identidad (codigo_sunat, nombre, nombre_corto, id_tipoidentidad, codigo_ose, usuario_creacion, fecha_creacion, usuario_modificacion, fecha_modificacion, estado) VALUES ('E', 'TAM- Tarjeta Andina de Migración', 'tam', 12, '', NULL, NULL, 'WZAMORA', '2020-04-21 09:29:32.808', 'A');


--
-- Data for Name: trabajador; Type: TABLE DATA; Schema: isos; Owner: postgres
--

INSERT INTO isos.trabajador (numero_identidad, nombre, apellido_paterno, apellido_materno, sexo, fecha_nacimiento, correo, telefono, direccion, usuario_creacion, fecha_creacion, usuario_modificacion, fecha_modificacion, estado, area, cargo, ubigeo, id_tipoidentidad, id_trabajador, licencia_numero) VALUES ('70061136', 'WILLIAN MARCELO', 'ZAMORA ', 'CERVERA', 'M', '1992-09-15', 'willianmzc@gmail.com', '074-203277', 'Mogrovejo Mz L 44', 'DCRUZ', NULL, 'WZAMORA', '2020-02-10 09:51:49.041', 'A', 'Sistemas', '', '140101', 1, 1, NULL);
INSERT INTO isos.trabajador (numero_identidad, nombre, apellido_paterno, apellido_materno, sexo, fecha_nacimiento, correo, telefono, direccion, usuario_creacion, fecha_creacion, usuario_modificacion, fecha_modificacion, estado, area, cargo, ubigeo, id_tipoidentidad, id_trabajador, licencia_numero) VALUES ('42193492', 'DANNY IVAN', 'CRUZ', 'CARDOZO', 'M', '1983-08-10', 'danny.cruz@icixtec.com', NULL, NULL, 'DCRUZ', NULL, 'WZAMORA', '2018-04-19 17:02:14.034', 'A', NULL, NULL, NULL, 1, 2, NULL);


--
-- Data for Name: usuario; Type: TABLE DATA; Schema: isos; Owner: postgres
--

INSERT INTO isos.usuario (usuario, cod_perfil, nombre, correo, token_web, f_modificacionclave, usuario_creacion, fecha_creacion, usuario_modificacion, fecha_modificacion, estado, ultima_conexion, id_empresa_default, id_localidad_default, id_puntoventa_default, id_usuario, firma_correo, celular, password, api_token, chat_estado, uuid, id_trabajador) VALUES ('DCRUZ', 'AD', 'DANNY IVAN CRUZ CARDOZO', 'dicc19@gmail.com', '$2y$10$XwfGURuxUfOw1FSmU9nqTeqY0Ha2FjB8uBSw/qbdmYnTgsQt1nN0C', '2019-11-20 11:57:10.638', 'WZAMORA', '2017-01-09 16:49:07', 'WZAMORA', '2019-11-20 11:56:27.932', 'A', '2019-11-20 16:31:03.587', 1, 1, 1, 3, '<p>&nbsp;</p>
 

<table border="0" cellpadding="0" style="border-top-color:#a2c3e3; border-top-style:solid; border-top-width:3px">
               <tbody>
                              <tr>
                                            <td style="vertical-align:top"><img alt="Logo" src="{{empresa_isotipo}}" /></td>
                                            <td style="vertical-align:top">
                                            <p><span style="color:#05233d; font-family:Verdana,Geneva,sans-serif; font-size:18px">{{usuario_nombre_completo}}</span><br />
                                            <span style="color:#90a7b5; font-family:Verdana,Geneva,sans-serif"><em>Asesora De Ventas</em></span><br />
                                            <span style="font-family:Verdana,Geneva,sans-serif; font-size:12px"><strong><span style="color:#1b4260">989925239 / 979657365&nbsp;</span></strong>&nbsp;&middot; {{empresa_email}} </span></p>
 

                                            <p><span style="color:#05233d; font-family:Verdana,Geneva,sans-serif; font-size:14px">{{empresa_razon_social}}</span><br />
                                            <span style="color:#416886; font-family:Verdana,Geneva,sans-serif; font-size:12px">{{empresa_direccion}}</span><br />
                                            <span style="font-size:11pt"><span style="font-family:Calibri,sans-serif"><span style="font-size:9.0pt"><span style="color:#416886">CHICLAYO - LAMBAYEQUE</span></span></span></span><br />
                                            <span style="color:#416886; font-family:Verdana,Geneva,sans-serif; font-size:undefined">Tlf: <strong><span style="color:#1b4260">{{empresa_telefono}}</span></strong> &middot; <span style="color:#1b4260; font-family:Verdana,Geneva,sans-serif; font-size:undefined">{{empresa_sitio_web}}</span></span></p>
                                            </td>
                              </tr>
                              <tr>
                                            <td colspan="2"><span style="color:green; font-family:Verdana,Geneva,sans-serif; font-size:12px">No imprimas este correo si no es necesario. Protejamos el medio ambiente</span></td>
                              </tr>
               </tbody>
</table>', NULL, '$2y$10$XwfGURuxUfOw1FSmU9nqTeqY0Ha2FjB8uBSw/qbdmYnTgsQt1nN0C', NULL, 'ONLINE', 'fc8bc530-1fa4-4ecd-82a6-99507cf64007', 2);
INSERT INTO isos.usuario (usuario, cod_perfil, nombre, correo, token_web, f_modificacionclave, usuario_creacion, fecha_creacion, usuario_modificacion, fecha_modificacion, estado, ultima_conexion, id_empresa_default, id_localidad_default, id_puntoventa_default, id_usuario, firma_correo, celular, password, api_token, chat_estado, uuid, id_trabajador) VALUES ('WZAMORA', 'SY', 'WILLIAN MARCELO ZAMORA  CERVERA', NULL, '$2y$10$k.Tdxk7WJbgxowUZS47RIuPPoQNN5H0UovT6IPC3qUEJK1OIIHhRm', '2019-10-21 12:05:49.89', NULL, NULL, 'WZAMORA', '2020-06-26 16:37:50.303', 'A', '2020-11-21 16:24:58.074403', 1, 1, 1, 1, '<p>&nbsp;</p>

<table border="0" cellpadding="0" cellspacing="10" style="border-top-color:#a2c3e3; border-top-style:solid; border-top-width:3px; width:100%">
	<tbody>
		<tr>
			<td style="vertical-align:top">
			<p><img alt="Imagen" src="{{empresa_isotipo}}" style="width:200px" /></p>
			</td>
			<td style="vertical-align:top">
			<p><span style="color:#05233d; font-family:Verdana,Geneva,sans-serif; font-size:18px">{{usuario_nombre_completo}}</span></p>

			<p><strong><span style="color:#05233d; font-family:Verdana,Geneva,sans-serif; font-size:14px">{{empresa_razon_social}}</span></strong><br />
			<span style="color:#416886; font-family:Verdana,Geneva,sans-serif; font-size:12px">{{empresa_direccion}}</span><br />
			<span style="color:#416886; font-family:Verdana,Geneva,sans-serif; font-size:undefined">Tlf: <span style="color:#1b4260">{{empresa_telefono}}</span> &middot; <span style="color:#1b4260; font-family:Verdana,Geneva,sans-serif; font-size:undefined">{{empresa_sitio_web}}</span></span></p>
			</td>
		</tr>
		<tr>
			<td colspan="2"><span style="color:green; font-family:Verdana,Geneva,sans-serif; font-size:12px">No imprimas este correo si no es necesario. Protejamos el medio ambiente</span></td>
		</tr>
	</tbody>
</table>
', '         ', '$2y$10$k.Tdxk7WJbgxowUZS47RIuPPoQNN5H0UovT6IPC3qUEJK1OIIHhRm', '6abdfb1f7e48904880a411b624776e488c36f36c6a9eaa4c9118f0fbb772dd4f', 'ONLINE', '16c30a94-ce6c-42fe-9ecb-1be0933d0fac', 1);


--
-- Data for Name: contacto; Type: TABLE DATA; Schema: chat; Owner: postgres
--



--
-- Data for Name: regimen; Type: TABLE DATA; Schema: conta; Owner: postgres
--

INSERT INTO conta.regimen (id_regimen, nombre, siglas) VALUES (1, 'Nuevo Régimen Único Simplificado', 'NRUS');
INSERT INTO conta.regimen (id_regimen, nombre, siglas) VALUES (2, 'Régimen Especial de Renta', 'RER');
INSERT INTO conta.regimen (id_regimen, nombre, siglas) VALUES (3, 'Nuevo Régimen MYPE Tributario', 'RMT');
INSERT INTO conta.regimen (id_regimen, nombre, siglas) VALUES (4, 'Régimen General de Renta', 'RG');


--
-- Data for Name: empresa_contabilidad; Type: TABLE DATA; Schema: conta; Owner: postgres
--



--
-- Data for Name: tipo_documento; Type: TABLE DATA; Schema: cpe; Owner: postgres
--

INSERT INTO cpe.tipo_documento (id_tipodocumento, nombre, codigo_sunat, estado) VALUES (3, 'NOTA DE CRÉDITO', '07', 'A');
INSERT INTO cpe.tipo_documento (id_tipodocumento, nombre, codigo_sunat, estado) VALUES (4, 'NOTA DE DÉBITO', '08', 'A');
INSERT INTO cpe.tipo_documento (id_tipodocumento, nombre, codigo_sunat, estado) VALUES (5, 'GUIA REMISIÓN REMITENTE', '09', 'A');
INSERT INTO cpe.tipo_documento (id_tipodocumento, nombre, codigo_sunat, estado) VALUES (1, 'FACTURA ELECTRÓNICA', '01', 'A');
INSERT INTO cpe.tipo_documento (id_tipodocumento, nombre, codigo_sunat, estado) VALUES (2, 'BOLETA DE VENTA ELECTRÓNICA', '03', 'A');


--
-- Data for Name: file; Type: TABLE DATA; Schema: file; Owner: postgres
--

INSERT INTO file.file (id_file, nombre, tipo_mime, ruta, fecha_creacion, usuario_creacion, uuid_a, uuid_b, thumb) VALUES (1, 'web_hi_res_512.png', 'image/png', '/recursos/0a7708f7-0591-4f17-99e5-6f6fb2567a77/e84b4f38-d1e1-4cf9-8cb2-fc7c2f2146f1-36169b06-c907-4977-b738-d514642aba8c.png', '2019-12-12 11:34:47.374', 'WZAMORA', 'e84b4f38-d1e1-4cf9-8cb2-fc7c2f2146f1', '36169b06-c907-4977-b738-d514642aba8c', '/recursos/0a7708f7-0591-4f17-99e5-6f6fb2567a77/thumb_e84b4f38-d1e1-4cf9-8cb2-fc7c2f2146f1-36169b06-c907-4977-b738-d514642aba8c.jpg');
INSERT INTO file.file (id_file, nombre, tipo_mime, ruta, fecha_creacion, usuario_creacion, uuid_a, uuid_b, thumb) VALUES (2, 'IMG_20200312_164423_357.png', 'image/png', '/recursos/0a7708f7-0591-4f17-99e5-6f6fb2567a77/compra/4e35d574-d54e-49c7-b161-e525acacc65c-48c1be15-aeea-4d1c-bc35-d4ed721adb3f.png', '2020-03-13 18:00:07.425', 'WZAMORA', '4e35d574-d54e-49c7-b161-e525acacc65c', '48c1be15-aeea-4d1c-bc35-d4ed721adb3f', NULL);
INSERT INTO file.file (id_file, nombre, tipo_mime, ruta, fecha_creacion, usuario_creacion, uuid_a, uuid_b, thumb) VALUES (3, 'IMG_20200312_161642_167.png', 'image/png', '/recursos/0a7708f7-0591-4f17-99e5-6f6fb2567a77/compra/e772027e-a963-49b3-990e-4b7eda033afa-f995b2ae-78c8-4f68-8a3a-8ed5ee9581ac.png', '2020-03-13 18:07:51.795', 'WZAMORA', 'e772027e-a963-49b3-990e-4b7eda033afa', 'f995b2ae-78c8-4f68-8a3a-8ed5ee9581ac', NULL);
INSERT INTO file.file (id_file, nombre, tipo_mime, ruta, fecha_creacion, usuario_creacion, uuid_a, uuid_b, thumb) VALUES (4, 'IMG_20200312_164423_357 (1).png', 'image/png', '/recursos/0a7708f7-0591-4f17-99e5-6f6fb2567a77/movimiento_pago/b2a7f9b0-9f45-4f84-88d2-6e1366d14ebb-439c9c34-8942-43d0-8a71-fbaf14f61a2d.png', '2020-03-13 18:20:32.894', 'WZAMORA', 'b2a7f9b0-9f45-4f84-88d2-6e1366d14ebb', '439c9c34-8942-43d0-8a71-fbaf14f61a2d', NULL);
INSERT INTO file.file (id_file, nombre, tipo_mime, ruta, fecha_creacion, usuario_creacion, uuid_a, uuid_b, thumb) VALUES (5, 'IMG_20200312_164423_357.png', 'image/png', '/recursos/0a7708f7-0591-4f17-99e5-6f6fb2567a77/compra/d598e363-a47e-4ac8-b5f8-d59a2d80b357-54a31d68-7bf8-488a-a116-9eafa49a6be0.png', '2020-03-14 09:47:25.62', 'WZAMORA', 'd598e363-a47e-4ac8-b5f8-d59a2d80b357', '54a31d68-7bf8-488a-a116-9eafa49a6be0', NULL);
INSERT INTO file.file (id_file, nombre, tipo_mime, ruta, fecha_creacion, usuario_creacion, uuid_a, uuid_b, thumb) VALUES (6, 'IMG_20200312_161642_167.png', 'image/png', '/recursos/0a7708f7-0591-4f17-99e5-6f6fb2567a77/compra/c9692b34-a4ad-43ea-84b4-36e51ff233f6-3e7799bd-bd24-498c-9c09-af7433e1f974.png', '2020-03-14 10:56:05.057', 'WZAMORA', 'c9692b34-a4ad-43ea-84b4-36e51ff233f6', '3e7799bd-bd24-498c-9c09-af7433e1f974', NULL);
INSERT INTO file.file (id_file, nombre, tipo_mime, ruta, fecha_creacion, usuario_creacion, uuid_a, uuid_b, thumb) VALUES (7, 'modelo_kardex.jpeg', 'image/jpeg', '/recursos/0a7708f7-0591-4f17-99e5-6f6fb2567a77/movimiento_pago/01bafefe-4a9a-4bdf-9523-bfb083f37a81-b0ddf2d2-5739-416c-8e70-bd81e7b705a1.jpeg', '2020-03-27 11:26:57.697', 'WZAMORA', '01bafefe-4a9a-4bdf-9523-bfb083f37a81', 'b0ddf2d2-5739-416c-8e70-bd81e7b705a1', NULL);
INSERT INTO file.file (id_file, nombre, tipo_mime, ruta, fecha_creacion, usuario_creacion, uuid_a, uuid_b, thumb) VALUES (8, 'WhatsApp Image 2020-03-30 at 9.36.15 PM.jpeg', 'image/jpeg', '/recursos/0a7708f7-0591-4f17-99e5-6f6fb2567a77/movimiento_pago/7188857b-21a6-4785-91ae-49184433ea00-d50271f4-5af6-4ccd-8be4-0749c90d8681.jpeg', '2020-05-06 11:14:44.761', 'WZAMORA', '7188857b-21a6-4785-91ae-49184433ea00', 'd50271f4-5af6-4ccd-8be4-0749c90d8681', NULL);
INSERT INTO file.file (id_file, nombre, tipo_mime, ruta, fecha_creacion, usuario_creacion, uuid_a, uuid_b, thumb) VALUES (9, 'WhatsApp Image 2020-05-06 at 10.58.18.jpeg', 'image/jpeg', '/recursos/0a7708f7-0591-4f17-99e5-6f6fb2567a77/movimiento_pago/4f517e71-78e9-40a8-9f48-4f99fb6aef60-5c8c5f6c-70ce-47dc-8745-950b52db1126.jpeg', '2020-05-06 11:48:42.536', 'WZAMORA', '4f517e71-78e9-40a8-9f48-4f99fb6aef60', '5c8c5f6c-70ce-47dc-8745-950b52db1126', NULL);
INSERT INTO file.file (id_file, nombre, tipo_mime, ruta, fecha_creacion, usuario_creacion, uuid_a, uuid_b, thumb) VALUES (10, 'WhatsApp Image 2020-05-06 at 10.58.18.jpeg', 'image/jpeg', '/recursos/0a7708f7-0591-4f17-99e5-6f6fb2567a77/movimiento_pago/0135236f-069e-408d-afe3-8f1354ae834d-47167ea6-ca7a-4371-8ebb-0b9eebece725.jpeg', '2020-05-06 11:50:14.316', 'WZAMORA', '0135236f-069e-408d-afe3-8f1354ae834d', '47167ea6-ca7a-4371-8ebb-0b9eebece725', NULL);
INSERT INTO file.file (id_file, nombre, tipo_mime, ruta, fecha_creacion, usuario_creacion, uuid_a, uuid_b, thumb) VALUES (11, 'WhatsApp Image 2020-05-06 at 10.58.18.jpeg', 'image/jpeg', '/recursos/0a7708f7-0591-4f17-99e5-6f6fb2567a77/compra/e3f1eff2-f9d5-42c3-ac9c-8d640737b789-9edf88da-013a-45c7-a322-4b3487066072.jpeg', '2020-05-06 12:08:59.019', 'WZAMORA', 'e3f1eff2-f9d5-42c3-ac9c-8d640737b789', '9edf88da-013a-45c7-a322-4b3487066072', NULL);
INSERT INTO file.file (id_file, nombre, tipo_mime, ruta, fecha_creacion, usuario_creacion, uuid_a, uuid_b, thumb) VALUES (12, 'WhatsApp Image 2020-05-06 at 10.58.18.jpeg', 'image/jpeg', '/recursos/0a7708f7-0591-4f17-99e5-6f6fb2567a77/compra/067008a2-98d9-4661-b7d4-b010e5a72982-52276cb7-4365-4c46-9811-0e8140e91306.jpeg', '2020-05-06 12:14:45.402', 'WZAMORA', '067008a2-98d9-4661-b7d4-b010e5a72982', '52276cb7-4365-4c46-9811-0e8140e91306', NULL);
INSERT INTO file.file (id_file, nombre, tipo_mime, ruta, fecha_creacion, usuario_creacion, uuid_a, uuid_b, thumb) VALUES (13, 'WhatsApp Image 2020-05-06 at 10.58.18.jpeg', 'image/jpeg', '/recursos/0a7708f7-0591-4f17-99e5-6f6fb2567a77/compra/08f2d51c-0bde-4c8b-a769-d32352c1d677-c96ecc64-bb8e-42ea-925e-d0da00474bee.jpeg', '2020-05-06 12:15:01.093', 'WZAMORA', '08f2d51c-0bde-4c8b-a769-d32352c1d677', 'c96ecc64-bb8e-42ea-925e-d0da00474bee', NULL);
INSERT INTO file.file (id_file, nombre, tipo_mime, ruta, fecha_creacion, usuario_creacion, uuid_a, uuid_b, thumb) VALUES (14, 'WhatsApp Image 2020-05-06 at 10.58.18.jpeg', 'image/jpeg', '/recursos/0a7708f7-0591-4f17-99e5-6f6fb2567a77/compra/9539e2b9-89ae-4a30-b9c8-de8f5710e670-5a1f18b3-1ffa-47db-946e-258aa651cda6.jpeg', '2020-05-06 12:17:06.325', 'WZAMORA', '9539e2b9-89ae-4a30-b9c8-de8f5710e670', '5a1f18b3-1ffa-47db-946e-258aa651cda6', NULL);
INSERT INTO file.file (id_file, nombre, tipo_mime, ruta, fecha_creacion, usuario_creacion, uuid_a, uuid_b, thumb) VALUES (15, 'WhatsApp Image 2020-05-06 at 10.58.18.jpeg', 'image/jpeg', '/recursos/0a7708f7-0591-4f17-99e5-6f6fb2567a77/compra/1b46bc62-8dab-49c6-94e1-745d5bd8a78d-1729fee0-20f2-4624-a8e0-5e715174eb43.jpeg', '2020-05-06 12:25:00.17', 'WZAMORA', '1b46bc62-8dab-49c6-94e1-745d5bd8a78d', '1729fee0-20f2-4624-a8e0-5e715174eb43', NULL);
INSERT INTO file.file (id_file, nombre, tipo_mime, ruta, fecha_creacion, usuario_creacion, uuid_a, uuid_b, thumb) VALUES (16, 'WhatsApp Image 2020-05-06 at 10.58.18.jpeg', 'image/jpeg', '/recursos/0a7708f7-0591-4f17-99e5-6f6fb2567a77/compra/a59fa4b1-303f-46d6-85a0-169706a00dc2-66a61731-5074-4637-b4c3-671242b6a4b9.jpeg', '2020-05-06 12:26:26.726', 'WZAMORA', 'a59fa4b1-303f-46d6-85a0-169706a00dc2', '66a61731-5074-4637-b4c3-671242b6a4b9', NULL);
INSERT INTO file.file (id_file, nombre, tipo_mime, ruta, fecha_creacion, usuario_creacion, uuid_a, uuid_b, thumb) VALUES (17, 'WhatsApp Image 2020-05-06 at 10.58.18.jpeg', 'image/jpeg', '/recursos/0a7708f7-0591-4f17-99e5-6f6fb2567a77/compra/19961b09-baf7-498b-8104-da8d46444962-d4e9fe7b-483e-47d5-a140-2290bf446476.jpeg', '2020-05-06 12:34:33.903', 'WZAMORA', '19961b09-baf7-498b-8104-da8d46444962', 'd4e9fe7b-483e-47d5-a140-2290bf446476', NULL);
INSERT INTO file.file (id_file, nombre, tipo_mime, ruta, fecha_creacion, usuario_creacion, uuid_a, uuid_b, thumb) VALUES (18, '20131609290-01-F006-00035763 (3).pdf', 'application/pdf', '/recursos/0a7708f7-0591-4f17-99e5-6f6fb2567a77/movimiento_pago/7d642820-b817-4827-bae1-2f1108874c0d-62862ff3-671b-4551-97b8-51b54608ff12.pdf', '2020-05-12 15:19:44.511', 'WZAMORA', '7d642820-b817-4827-bae1-2f1108874c0d', '62862ff3-671b-4551-97b8-51b54608ff12', NULL);
INSERT INTO file.file (id_file, nombre, tipo_mime, ruta, fecha_creacion, usuario_creacion, uuid_a, uuid_b, thumb) VALUES (19, 'FLECHA VERDE-2.png', 'image/png', '/recursos/0a7708f7-0591-4f17-99e5-6f6fb2567a77/compra/6195e9d9-4abd-4fa5-8142-5c2220d34b5a-0091fac0-2e9f-4acf-b0ca-0e4939df8395.png', '2020-05-19 12:39:28.657', 'WZAMORA', '6195e9d9-4abd-4fa5-8142-5c2220d34b5a', '0091fac0-2e9f-4acf-b0ca-0e4939df8395', NULL);
INSERT INTO file.file (id_file, nombre, tipo_mime, ruta, fecha_creacion, usuario_creacion, uuid_a, uuid_b, thumb) VALUES (20, 'FLECHA VERDE IZQUIERDA.png', 'image/png', '/recursos/0a7708f7-0591-4f17-99e5-6f6fb2567a77/compra/226457c9-69ad-4f24-b0b2-d308097c6f2a-db820c86-a101-46d5-a1fd-838d8a087e79.png', '2020-05-19 13:02:46.125', 'WZAMORA', '226457c9-69ad-4f24-b0b2-d308097c6f2a', 'db820c86-a101-46d5-a1fd-838d8a087e79', NULL);
INSERT INTO file.file (id_file, nombre, tipo_mime, ruta, fecha_creacion, usuario_creacion, uuid_a, uuid_b, thumb) VALUES (21, 'WhatsApp Image 2020-05-06 at 10.58.18.jpeg', 'image/jpeg', '/recursos/0a7708f7-0591-4f17-99e5-6f6fb2567a77/compra/004acc05-600b-4036-a813-36e07706ea72-01612621-0fca-484a-9856-ce7867b22283.jpeg', '2020-05-19 13:04:11.631', 'WZAMORA', '004acc05-600b-4036-a813-36e07706ea72', '01612621-0fca-484a-9856-ce7867b22283', NULL);
INSERT INTO file.file (id_file, nombre, tipo_mime, ruta, fecha_creacion, usuario_creacion, uuid_a, uuid_b, thumb) VALUES (22, 'WhatsApp Image 2020-04-11 at 9.15.21 PM.jpeg', 'image/jpeg', '/recursos/0a7708f7-0591-4f17-99e5-6f6fb2567a77/compra/fa9ad440-c36a-4754-9d7c-83c4a4791817-8992354e-5183-4e9f-8179-2e72282a4f9e.jpeg', '2020-05-19 13:17:27.847', 'WZAMORA', 'fa9ad440-c36a-4754-9d7c-83c4a4791817', '8992354e-5183-4e9f-8179-2e72282a4f9e', NULL);
INSERT INTO file.file (id_file, nombre, tipo_mime, ruta, fecha_creacion, usuario_creacion, uuid_a, uuid_b, thumb) VALUES (23, 'modelo_kardex.jpeg', 'image/jpeg', '/recursos/0a7708f7-0591-4f17-99e5-6f6fb2567a77/compra/adeabbad-5517-42e2-bae7-d6155cea6112-bb157088-ab7b-4bb0-b136-3051e5b50ef2.jpeg', '2020-05-19 13:18:27.562', 'WZAMORA', 'adeabbad-5517-42e2-bae7-d6155cea6112', 'bb157088-ab7b-4bb0-b136-3051e5b50ef2', NULL);
INSERT INTO file.file (id_file, nombre, tipo_mime, ruta, fecha_creacion, usuario_creacion, uuid_a, uuid_b, thumb) VALUES (24, 'logouss.png', 'image/png', '/recursos/0a7708f7-0591-4f17-99e5-6f6fb2567a77/compra/ff0e98ca-064b-4eb4-a24f-1468be2f1597-4bc5e9c9-e7a3-42ef-9367-fad5ec54af1e.png', '2020-05-19 13:23:43.337', 'WZAMORA', 'ff0e98ca-064b-4eb4-a24f-1468be2f1597', '4bc5e9c9-e7a3-42ef-9367-fad5ec54af1e', NULL);
INSERT INTO file.file (id_file, nombre, tipo_mime, ruta, fecha_creacion, usuario_creacion, uuid_a, uuid_b, thumb) VALUES (25, 'img20191226_22412076.jpg', 'image/jpeg', '/recursos/0a7708f7-0591-4f17-99e5-6f6fb2567a77/compra/1ff1f2da-9fff-4d0c-b9ec-623f3103c02d-9755ec2c-081e-401c-8ae5-df8d272873ff.jpg', '2020-05-22 11:38:50.013', 'WZAMORA', '1ff1f2da-9fff-4d0c-b9ec-623f3103c02d', '9755ec2c-081e-401c-8ae5-df8d272873ff', NULL);
INSERT INTO file.file (id_file, nombre, tipo_mime, ruta, fecha_creacion, usuario_creacion, uuid_a, uuid_b, thumb) VALUES (26, 'img20191226_23251741.jpg', 'image/jpeg', '/recursos/0a7708f7-0591-4f17-99e5-6f6fb2567a77/compra/b9926afc-b4b3-47d4-88c4-706a4139edc0-9dcb664b-6230-4a5f-8815-d9b84a47e99e.jpg', '2020-05-22 11:40:25.829', 'WZAMORA', 'b9926afc-b4b3-47d4-88c4-706a4139edc0', '9dcb664b-6230-4a5f-8815-d9b84a47e99e', NULL);
INSERT INTO file.file (id_file, nombre, tipo_mime, ruta, fecha_creacion, usuario_creacion, uuid_a, uuid_b, thumb) VALUES (27, 'Screenshot_5.png', 'image/png', '/recursos/0a7708f7-0591-4f17-99e5-6f6fb2567a77/compra/99209aca-f4d8-482f-b3f5-01314adc32e0-dc9a9524-da45-487c-8bd3-854e22d886fe.png', '2020-06-12 11:21:00.389', 'WZAMORA', '99209aca-f4d8-482f-b3f5-01314adc32e0', 'dc9a9524-da45-487c-8bd3-854e22d886fe', NULL);


--
-- Data for Name: clasificacion_compra; Type: TABLE DATA; Schema: isos; Owner: postgres
--

INSERT INTO isos.clasificacion_compra (id_clasificacion_compra, numero_tabla, codigo, nombre, descripcion, fecha_creacion, usuario_creacion, fecha_modificacion, usuario_modificacion) VALUES (1, 30, '1', 'MERCADERIA, MATERIA PRIMA, SUMINISTRO, ENVASES Y EMBALAJES', NULL, '2020-04-07 10:16:08.263', 'WZAMORA', NULL, NULL);
INSERT INTO isos.clasificacion_compra (id_clasificacion_compra, numero_tabla, codigo, nombre, descripcion, fecha_creacion, usuario_creacion, fecha_modificacion, usuario_modificacion) VALUES (2, 30, '2', 'ACTIVO FIJO', NULL, '2020-04-07 10:16:08.263', 'WZAMORA', NULL, NULL);
INSERT INTO isos.clasificacion_compra (id_clasificacion_compra, numero_tabla, codigo, nombre, descripcion, fecha_creacion, usuario_creacion, fecha_modificacion, usuario_modificacion) VALUES (3, 30, '3', 'OTROS ACTIVOS NO CONSIDERADOS EN LOS NUMERALES 1 Y 2', NULL, '2020-04-07 10:16:08.263', 'WZAMORA', NULL, NULL);
INSERT INTO isos.clasificacion_compra (id_clasificacion_compra, numero_tabla, codigo, nombre, descripcion, fecha_creacion, usuario_creacion, fecha_modificacion, usuario_modificacion) VALUES (4, 30, '4', 'GASTOS DE EDUCACIÓN, RECREACIÓN, SALUD, CULTURALES. REPRESENTACIÓN, CAPACITACIÓN, DE VIAJE, MANTENIMIENTO DE VEHICULO Y  DE PREMIOS', NULL, '2020-04-07 10:16:08.263', 'WZAMORA', NULL, NULL);
INSERT INTO isos.clasificacion_compra (id_clasificacion_compra, numero_tabla, codigo, nombre, descripcion, fecha_creacion, usuario_creacion, fecha_modificacion, usuario_modificacion) VALUES (5, 30, '5', 'OTROS GASTOS NO INCLUIDOS EN EL NUMERAL 4', NULL, '2020-04-07 10:16:08.263', 'WZAMORA', NULL, NULL);


--
-- Data for Name: proveedor; Type: TABLE DATA; Schema: isos; Owner: postgres
--

INSERT INTO isos.proveedor (ruc, razon_social, nombre_comercial, direccion, id_actividadeconomica, codigo_ubigeo, representante, telefono, correo, comentario, fecha_creacion, usuario_creacion, fecha_modificacion, usuario_modificacion, estado, es_transportista, es_agente_percepcion, id_proveedor) VALUES ('20470742748', 'ABASTECIMIENTOS INDUSTRIALES DEL SUR SAC', 'ABINSUR', 'AV. GUILLERMO DANSEY NRO. 1247 URB. LIMA INDUSTRIAL', 0, '150101', 'TEJADA RODRIGUEZ AGAPITO EDGART', '6513854 / 6513852 / 991807726 / 959309582', '', '', '2018-03-05 16:36:54.74', 'DCRUZ', '2018-03-05 16:49:38.744', 'DCRUZ', 'A', 0, 0, 1);
INSERT INTO isos.proveedor (ruc, razon_social, nombre_comercial, direccion, id_actividadeconomica, codigo_ubigeo, representante, telefono, correo, comentario, fecha_creacion, usuario_creacion, fecha_modificacion, usuario_modificacion, estado, es_transportista, es_agente_percepcion, id_proveedor) VALUES ('20100036101', 'VOESTALPINE HIGH PERFORMANCE METALS DEL PERU SOCIEDAD ANONIMA', 'BOEHLER', 'CAL.LUIS CASTRO RONCEROS NRO. 777 INT. 3', 0, '150101', 'MORENO DAGUERRE RAFAEL MARTIN', '6193250 / 6193231 / 986473349 / 995609943', '', '', '2018-03-05 16:39:44.014', 'DCRUZ', '2018-03-05 17:36:21.243', 'DCRUZ', 'A', 0, 0, 2);
INSERT INTO isos.proveedor (ruc, razon_social, nombre_comercial, direccion, id_actividadeconomica, codigo_ubigeo, representante, telefono, correo, comentario, fecha_creacion, usuario_creacion, fecha_modificacion, usuario_modificacion, estado, es_transportista, es_agente_percepcion, id_proveedor) VALUES ('20122979637', 'ACEROS ESPECIALES PERU SOCIEDAD ANONIMA', 'ACEPSA', 'CAL.CHAVIN NRO. 121 URB. C.C. MONTERRICO (ALT. ANGAMOS Y AV LA ENCALADA)', 0, '150140', 'CORDOVA NEYRA AUGUSTO', '3726268', '', '', '2018-03-05 16:52:19.109', 'DCRUZ', '2018-03-05 16:54:34.556', 'JORTIZ', 'A', 0, 0, 3);
INSERT INTO isos.proveedor (ruc, razon_social, nombre_comercial, direccion, id_actividadeconomica, codigo_ubigeo, representante, telefono, correo, comentario, fecha_creacion, usuario_creacion, fecha_modificacion, usuario_modificacion, estado, es_transportista, es_agente_percepcion, id_proveedor) VALUES ('20480246960', 'DISTRIBUIDORA ACEROS LAMBAYEQUE E.I.R.L.', 'DISTRIBUIDORA ACEROS LAMBAYEQUE E.I.R.L.', 'AV. MEXICO NRO. 1688 P.J. GARCES', 0, '140105', 'NUÑEZ ROJAS MARINO', '253637 / 979694242 / 979455450', '', '', '2018-03-05 16:56:00.59', 'DCRUZ', '2018-03-05 16:56:17.087', 'DCRUZ', 'A', 0, 0, 4);
INSERT INTO isos.proveedor (ruc, razon_social, nombre_comercial, direccion, id_actividadeconomica, codigo_ubigeo, representante, telefono, correo, comentario, fecha_creacion, usuario_creacion, fecha_modificacion, usuario_modificacion, estado, es_transportista, es_agente_percepcion, id_proveedor) VALUES ('20552096429', 'ACERHOS E IMPORTACIONES S.A.C', 'ACERHOS E IMPORTACIONES S.A.C', 'JR. RAMON CARCAMO NRO. 443 INT. B105 C.C UDAMPE CALLE 13 (ENTRE AV. CARCAMO Y AV. ARGENTINA)', 0, '150101', 'OYOLA FLORES LUIS FERNANDO', '3329493 / 998265289', '', '', '2018-03-05 17:38:53.357', 'DCRUZ', NULL, NULL, 'A', 0, 0, 5);
INSERT INTO isos.proveedor (ruc, razon_social, nombre_comercial, direccion, id_actividadeconomica, codigo_ubigeo, representante, telefono, correo, comentario, fecha_creacion, usuario_creacion, fecha_modificacion, usuario_modificacion, estado, es_transportista, es_agente_percepcion, id_proveedor) VALUES ('20477913599', 'ALTERA - ACEROS E INVERSIONES SOCIEDAD COMERCIAL DE RESPONSABILIDAD LIMITADA', 'ALTERA-ACEROS E INVERS. S.R.L.', 'MZA. A LOTE. 1A URB. VIRGEN DE LA SOLEDAD', 0, '150117', 'SANCHEZ RODRIGUEZ GUSTAVO MARCO', '5217227 / 5210943 / 994173224', '', '', '2018-03-05 17:43:32.696', 'DCRUZ', '2018-03-05 17:45:42.531', 'DCRUZ', 'A', 0, 0, 6);
INSERT INTO isos.proveedor (ruc, razon_social, nombre_comercial, direccion, id_actividadeconomica, codigo_ubigeo, representante, telefono, correo, comentario, fecha_creacion, usuario_creacion, fecha_modificacion, usuario_modificacion, estado, es_transportista, es_agente_percepcion, id_proveedor) VALUES ('20103493898', 'CARPINTERIA METALICA PISFIL SRL', 'CARPINTERIA METALICA PISFIL SRL', 'AV. NACIONALISMO NRO. 571 URB. LAS BRISAS (FRENTE A GRIFO LAS BRISAS)', 0, '140101', 'PISFIL SUCLUPE DOLORES', '/ 205019 / 951644603', '', '', '2018-03-05 17:52:01.653', 'DCRUZ', NULL, NULL, 'A', 0, 0, 7);
INSERT INTO isos.proveedor (ruc, razon_social, nombre_comercial, direccion, id_actividadeconomica, codigo_ubigeo, representante, telefono, correo, comentario, fecha_creacion, usuario_creacion, fecha_modificacion, usuario_modificacion, estado, es_transportista, es_agente_percepcion, id_proveedor) VALUES ('20156446301', 'C & T  REPRESENTACIONES S.A.', 'C & T', 'CAL.SANTA CECILIA NRO. 527 URB. LOS SAUCES', 0, '150103', 'CALDERON BUITRON CARLOS EDUARDO', '7197544 / 7197543 / 997363296', '', '', '2018-03-05 17:53:29.474', 'DCRUZ', NULL, NULL, 'A', 0, 0, 8);
INSERT INTO isos.proveedor (ruc, razon_social, nombre_comercial, direccion, id_actividadeconomica, codigo_ubigeo, representante, telefono, correo, comentario, fecha_creacion, usuario_creacion, fecha_modificacion, usuario_modificacion, estado, es_transportista, es_agente_percepcion, id_proveedor) VALUES ('20308429521', 'COMERCIAL CAPILLO SOCIEDAD COMERCIAL DE RESPONSABILIDAD LIMITADA', 'COMERCIAL CAPILLO S.R.L.', 'AV. NICOLAS DUENAS NRO. 1074', 0, '150101', 'CAPILLO HUERTA PAULINO', '4253687 / 968665552', '', '', '2018-03-05 17:55:28.037', 'DCRUZ', NULL, NULL, 'A', 0, 0, 9);
INSERT INTO isos.proveedor (ruc, razon_social, nombre_comercial, direccion, id_actividadeconomica, codigo_ubigeo, representante, telefono, correo, comentario, fecha_creacion, usuario_creacion, fecha_modificacion, usuario_modificacion, estado, es_transportista, es_agente_percepcion, id_proveedor) VALUES ('20370146994', 'CORPORACION ACEROS AREQUIPA S.A.', 'ACEROS AREQUIPA', 'CAR.PANAMERICANA SUR NRO. 241 PANAMERICANA SUR', 0, '110505', '', '5171800 / 945172619 / 945173270', '', '', '2018-03-05 18:21:18.887', 'DCRUZ', NULL, NULL, 'A', 0, 0, 10);
INSERT INTO isos.proveedor (ruc, razon_social, nombre_comercial, direccion, id_actividadeconomica, codigo_ubigeo, representante, telefono, correo, comentario, fecha_creacion, usuario_creacion, fecha_modificacion, usuario_modificacion, estado, es_transportista, es_agente_percepcion, id_proveedor) VALUES ('20299742840', 'DISTRIBUIDORA E IMPORTADORA DE METALES SAC', 'DIMET S.A.', 'CAL.EL UNIVERSO NRO. 297 URB. LA CAMPIÑA', 0, '150108', '', '2523177 / 4671787 / 998378479', '', '', '2018-03-05 18:22:31.697', 'DCRUZ', '2018-03-05 18:23:50.913', 'DCRUZ', 'A', 0, 0, 11);
INSERT INTO isos.proveedor (ruc, razon_social, nombre_comercial, direccion, id_actividadeconomica, codigo_ubigeo, representante, telefono, correo, comentario, fecha_creacion, usuario_creacion, fecha_modificacion, usuario_modificacion, estado, es_transportista, es_agente_percepcion, id_proveedor) VALUES ('20131719559', 'DEPOSITO PAKATNAMU E.I.R.L.', 'DEPOSITO PAKATNAMU E.I.R.L.', 'AV. AUGUSTO B. LEGUIA NRO. 1050 URB. SAN LORENZO', 0, '140105', '', '254406 / 320104 / 978185815 / 979802882', '', '', '2018-03-07 16:31:29.166', 'RHUAMAN', '2018-03-07 16:36:08.356', 'RHUAMAN', 'A', 0, 0, 12);
INSERT INTO isos.proveedor (ruc, razon_social, nombre_comercial, direccion, id_actividadeconomica, codigo_ubigeo, representante, telefono, correo, comentario, fecha_creacion, usuario_creacion, fecha_modificacion, usuario_modificacion, estado, es_transportista, es_agente_percepcion, id_proveedor) VALUES ('20101392369', 'JAHESA S.A.', 'JAHESA S.A.', 'CAL.LAMBDA NRO. 180 URB. PARQUE INTERN. IND', 0, '070101', '', '014524849 / 4522173 / 995126759', '', '', '2018-03-07 16:38:45.978', 'RHUAMAN', NULL, NULL, 'A', 0, 0, 13);
INSERT INTO isos.proveedor (ruc, razon_social, nombre_comercial, direccion, id_actividadeconomica, codigo_ubigeo, representante, telefono, correo, comentario, fecha_creacion, usuario_creacion, fecha_modificacion, usuario_modificacion, estado, es_transportista, es_agente_percepcion, id_proveedor) VALUES ('20131609290', 'COMERCIAL RC S.A.C.', 'COMERCIAL RC S.A.C.', 'AV. TEODORO VALCARCEL NRO. 1093 URB. SANTA LEONOR', 0, '130101', '', '263454 / 220510 / 982576661', '', '', '2018-03-07 16:44:20.17', 'RHUAMAN', NULL, NULL, 'A', 0, 0, 15);
INSERT INTO isos.proveedor (ruc, razon_social, nombre_comercial, direccion, id_actividadeconomica, codigo_ubigeo, representante, telefono, correo, comentario, fecha_creacion, usuario_creacion, fecha_modificacion, usuario_modificacion, estado, es_transportista, es_agente_percepcion, id_proveedor) VALUES ('20100020361', 'COMERCIAL DEL ACERO S A', 'COMERCIAL DEL ACERO S A', 'AV. ARGENTINA NRO. 2051', 0, '150101', '', '6193000 / 989251247', '', '', '2018-03-07 16:46:42.233', 'RHUAMAN', NULL, NULL, 'A', 0, 0, 16);
INSERT INTO isos.proveedor (ruc, razon_social, nombre_comercial, direccion, id_actividadeconomica, codigo_ubigeo, representante, telefono, correo, comentario, fecha_creacion, usuario_creacion, fecha_modificacion, usuario_modificacion, estado, es_transportista, es_agente_percepcion, id_proveedor) VALUES ('20600412788', 'ACEROS DEL NORTE CHICLAYO S.A.C.', 'ACEROS DEL NORTE CHICLAYO S.A.C.', 'MZA. D LOTE. 21 UPIS POPULAR NOR ORIENTE', 0, '140101', '', '266379 / 944803855', '', '', '2018-03-07 16:49:47.224', 'RHUAMAN', NULL, NULL, 'A', 0, 0, 17);
INSERT INTO isos.proveedor (ruc, razon_social, nombre_comercial, direccion, id_actividadeconomica, codigo_ubigeo, representante, telefono, correo, comentario, fecha_creacion, usuario_creacion, fecha_modificacion, usuario_modificacion, estado, es_transportista, es_agente_percepcion, id_proveedor) VALUES ('20100779740', 'J N ACEROS S A', 'J N ACEROS S A', 'CAL.FELIPE SALAVERRY NRO. 176 URB. EL PINO', 0, '150134', '', '7061000 / 981003837 / 981003850', '', '', '2018-03-07 16:51:52.452', 'RHUAMAN', NULL, NULL, 'A', 0, 0, 18);
INSERT INTO isos.proveedor (ruc, razon_social, nombre_comercial, direccion, id_actividadeconomica, codigo_ubigeo, representante, telefono, correo, comentario, fecha_creacion, usuario_creacion, fecha_modificacion, usuario_modificacion, estado, es_transportista, es_agente_percepcion, id_proveedor) VALUES ('20315738823', '3A S.A.', '3A S.A.', 'AV. PROLONG UNION NRO. 2320 URB. LA RINCONADA', 0, '130101', '', '471144 / 216060 / 942300160 / 987204627', '', '', '2018-03-07 16:52:47.524', 'RHUAMAN', '2018-03-08 08:59:30.495', 'JORTIZ', 'A', 0, 0, 19);
INSERT INTO isos.proveedor (ruc, razon_social, nombre_comercial, direccion, id_actividadeconomica, codigo_ubigeo, representante, telefono, correo, comentario, fecha_creacion, usuario_creacion, fecha_modificacion, usuario_modificacion, estado, es_transportista, es_agente_percepcion, id_proveedor) VALUES ('20441053658', 'REPRESENTACIONES DORA BEATRIZ S.R.L.', 'REPRESENTACIONES DORA BEATRIZ S.R.L.', 'CAL.MORROPE NRO. 128 URB. SAN LORENZO', 0, '140105', '', '255343 / 250434 / 979685171', '', '', '2018-03-07 16:54:06.59', 'RHUAMAN', NULL, NULL, 'A', 0, 0, 20);
INSERT INTO isos.proveedor (ruc, razon_social, nombre_comercial, direccion, id_actividadeconomica, codigo_ubigeo, representante, telefono, correo, comentario, fecha_creacion, usuario_creacion, fecha_modificacion, usuario_modificacion, estado, es_transportista, es_agente_percepcion, id_proveedor) VALUES ('20600763343', 'GRUAS Y TRANSPORTES SANTA ROSA E.I.R.L.', 'GRUAS Y TRANSPORTES SANTA ROSA E.I.R.L.', 'CAL.LOS AMAUTAS NRO. 945 SEC. 3599', 0, '140106', '', '433533 / 949837832', '', '', '2018-03-07 16:55:02.458', 'RHUAMAN', '2018-03-07 16:55:23.492', 'RHUAMAN', 'A', 1, 0, 21);
INSERT INTO isos.proveedor (ruc, razon_social, nombre_comercial, direccion, id_actividadeconomica, codigo_ubigeo, representante, telefono, correo, comentario, fecha_creacion, usuario_creacion, fecha_modificacion, usuario_modificacion, estado, es_transportista, es_agente_percepcion, id_proveedor) VALUES ('20543416011', 'MUCASA IMPORTACIONES PERU S.A.C', 'MUCASA IMPORTACIONES PERU S.A.C', 'AV. ARGENTINA NRO. 523 INT. D-4', 0, '150101', '', '3663662 / 6046255 / 999088671', '', '', '2018-03-07 16:59:22.957', 'RHUAMAN', NULL, NULL, 'A', 0, 0, 23);
INSERT INTO isos.proveedor (ruc, razon_social, nombre_comercial, direccion, id_actividadeconomica, codigo_ubigeo, representante, telefono, correo, comentario, fecha_creacion, usuario_creacion, fecha_modificacion, usuario_modificacion, estado, es_transportista, es_agente_percepcion, id_proveedor) VALUES ('20492363104', 'ACERHOS E INVERSIONES S.A.C.', 'ACERHOS E INVERSIONES S.A.C.', 'JR. RAMON CARCAMO NRO. 443 INT. B105 C.C. UDAMPE CALLE 13', 0, '150101', '', '3329493 / 998265289', '', '', '2018-03-07 17:02:48.984', 'RHUAMAN', NULL, NULL, 'A', 0, 0, 25);
INSERT INTO isos.proveedor (ruc, razon_social, nombre_comercial, direccion, id_actividadeconomica, codigo_ubigeo, representante, telefono, correo, comentario, fecha_creacion, usuario_creacion, fecha_modificacion, usuario_modificacion, estado, es_transportista, es_agente_percepcion, id_proveedor) VALUES ('20100080932', 'YOHERSA YOSHIMOTO HERMANOS S.A.C.', 'YOHERSA YOSHIMOTO HERMANOS S.A.C.', 'AV. AV MEXICO NRO. 1830 URB. URB SAN GERMAN', 0, '150115', '', '015005555 / 3230022 / 998351981', '', '', '2018-03-07 17:09:36.375', 'RHUAMAN', NULL, NULL, 'A', 0, 0, 26);
INSERT INTO isos.proveedor (ruc, razon_social, nombre_comercial, direccion, id_actividadeconomica, codigo_ubigeo, representante, telefono, correo, comentario, fecha_creacion, usuario_creacion, fecha_modificacion, usuario_modificacion, estado, es_transportista, es_agente_percepcion, id_proveedor) VALUES ('20100031214', 'EQUIPOS MECANICOS S.A.', 'EQUIPOS MECANICOS S.A.', 'AV. O R BENAVIDES NRO. 2078 URB. TRINIDAD', 0, '150101', '', '3366722 / 3366593 / 998378016', '', '', '2018-03-07 17:11:26.558', 'RHUAMAN', NULL, NULL, 'A', 0, 0, 28);
INSERT INTO isos.proveedor (ruc, razon_social, nombre_comercial, direccion, id_actividadeconomica, codigo_ubigeo, representante, telefono, correo, comentario, fecha_creacion, usuario_creacion, fecha_modificacion, usuario_modificacion, estado, es_transportista, es_agente_percepcion, id_proveedor) VALUES ('20505506481', 'PRECOR S.A.', 'PRECOR S.A.', 'AV. MANUEL OLGUIN NRO. 373 INT. 901 URB. LOS GRANADOS', 0, '150140', '', '017050000/ 4181920 / 940269039 / 989174237', '', '', '2018-03-07 17:13:32.457', 'RHUAMAN', NULL, NULL, 'A', 0, 0, 29);
INSERT INTO isos.proveedor (ruc, razon_social, nombre_comercial, direccion, id_actividadeconomica, codigo_ubigeo, representante, telefono, correo, comentario, fecha_creacion, usuario_creacion, fecha_modificacion, usuario_modificacion, estado, es_transportista, es_agente_percepcion, id_proveedor) VALUES ('20386659959', 'DUCASSE COMERCIAL S.A.', 'DUCASSE COMERCIAL S.A.', 'AV. ROOSEVELT ANTES REPUBLICA DE PANAMA NRO. 6426 URB. SAN ANTONIO', 0, '150122', '', '6118080 / 6178502 / 998707999 / 998265964', '', '', '2018-03-07 17:14:45.023', 'RHUAMAN', NULL, NULL, 'A', 0, 0, 30);
INSERT INTO isos.proveedor (ruc, razon_social, nombre_comercial, direccion, id_actividadeconomica, codigo_ubigeo, representante, telefono, correo, comentario, fecha_creacion, usuario_creacion, fecha_modificacion, usuario_modificacion, estado, es_transportista, es_agente_percepcion, id_proveedor) VALUES ('20600849019', 'STEELMARK S.A.', 'STEELMARK S.A.', 'AV. AVIACION 142B MZA. 19 LOTE. 10B URB. MANZANILLA', 0, '150101', '', '948329448 / 978378118', '', '', '2018-03-07 17:32:15.752', 'RHUAMAN', NULL, NULL, 'A', 0, 0, 31);
INSERT INTO isos.proveedor (ruc, razon_social, nombre_comercial, direccion, id_actividadeconomica, codigo_ubigeo, representante, telefono, correo, comentario, fecha_creacion, usuario_creacion, fecha_modificacion, usuario_modificacion, estado, es_transportista, es_agente_percepcion, id_proveedor) VALUES ('20561114171', 'A Y M SERVICIOS CONSTRUCCIONES METALICAS E.I.R.L.', 'A Y M SERVICIOS CONSTRUCCIONES METALICAS E.I.R.L.', 'CAL.ESPAÑA NRO. 1065 P.J. URRUNAGA', 0, '140105', '', '996228952 / 074-265407', '', '', '2018-03-07 17:35:17.593', 'RHUAMAN', NULL, NULL, 'A', 0, 0, 32);
INSERT INTO isos.proveedor (ruc, razon_social, nombre_comercial, direccion, id_actividadeconomica, codigo_ubigeo, representante, telefono, correo, comentario, fecha_creacion, usuario_creacion, fecha_modificacion, usuario_modificacion, estado, es_transportista, es_agente_percepcion, id_proveedor) VALUES ('20102562322', 'ELEODORO QUIROGA RAMOS SOCIEDAD ANONIMA CERRADA-ELEODORO QUIROGA RAMOS S.A.C.', 'ELEODORO QUIROGA RAMOS SOCIEDAD ANONIMA CERRADA-ELEODORO QUIROGA RAMOS S.A.C.', 'AV. JOSE DE LAMA NRO. 123', 0, '200601', '', '074507456 / 968960540 / 969938686', '', '', '2018-03-07 17:38:03.409', 'RHUAMAN', NULL, NULL, 'A', 0, 0, 33);
INSERT INTO isos.proveedor (ruc, razon_social, nombre_comercial, direccion, id_actividadeconomica, codigo_ubigeo, representante, telefono, correo, comentario, fecha_creacion, usuario_creacion, fecha_modificacion, usuario_modificacion, estado, es_transportista, es_agente_percepcion, id_proveedor) VALUES ('20479636215', 'WILSNORTH E.I.R.L.', 'WILSNORTH E.I.R.L.', 'CAL.EUROPA NRO. 135 URB. SANTA MARIA', 0, '140105', '', '265634 / 957966602 / 994098230', '', '', '2018-03-07 17:39:14.221', 'RHUAMAN', NULL, NULL, 'A', 0, 0, 34);
INSERT INTO isos.proveedor (ruc, razon_social, nombre_comercial, direccion, id_actividadeconomica, codigo_ubigeo, representante, telefono, correo, comentario, fecha_creacion, usuario_creacion, fecha_modificacion, usuario_modificacion, estado, es_transportista, es_agente_percepcion, id_proveedor) VALUES ('20100456495', 'POLIMETALES S.A.C.', 'POLIMETALES S.A.C.', 'AV. ARGENTINA NRO. 2787 Z.I. ZONA INDUSTRIAL', 0, '150101', '', '7119674 / 4523404 / 985153312 / 987513784', '', '', '2018-03-07 17:40:22.759', 'RHUAMAN', '2018-03-15 14:37:58.298', 'WZAMORA', 'A', 0, 0, 35);
INSERT INTO isos.proveedor (ruc, razon_social, nombre_comercial, direccion, id_actividadeconomica, codigo_ubigeo, representante, telefono, correo, comentario, fecha_creacion, usuario_creacion, fecha_modificacion, usuario_modificacion, estado, es_transportista, es_agente_percepcion, id_proveedor) VALUES ('20518422198', 'SOLUCIONES EN TRANSMISIONES Y AFINES S.A.C. - SOLTRANSA S.A.C.', 'SOLUCIONES EN TRANSMISIONES Y AFINES S.A.C. - SOLTRANSA S.A.C.', 'AV. PASEO DE LA REPUBLICA NRO. 6465 INT. 405 URB. LA VIÑITA', 0, '150104', '', '4475704 / 989024075', '', '', '2018-03-07 17:41:02.947', 'RHUAMAN', NULL, NULL, 'A', 0, 0, 36);
INSERT INTO isos.proveedor (ruc, razon_social, nombre_comercial, direccion, id_actividadeconomica, codigo_ubigeo, representante, telefono, correo, comentario, fecha_creacion, usuario_creacion, fecha_modificacion, usuario_modificacion, estado, es_transportista, es_agente_percepcion, id_proveedor) VALUES ('10180844363', 'VERA MENDEZ ANTONIO ENRIQUE', 'VERA MENDEZ ANTONIO ENRIQUE', 'CALLE SAN JOSE N°917', 0, '140101', '', '232884 / 978825573', '', '', '2018-04-04 15:03:38.169', 'RHUAMAN', NULL, NULL, 'A', 0, 0, 38);
INSERT INTO isos.proveedor (ruc, razon_social, nombre_comercial, direccion, id_actividadeconomica, codigo_ubigeo, representante, telefono, correo, comentario, fecha_creacion, usuario_creacion, fecha_modificacion, usuario_modificacion, estado, es_transportista, es_agente_percepcion, id_proveedor) VALUES ('20600004892', 'JM SEGURIDAD LOGISTICA E.I.R.L.', 'JM SEGURIDAD LOGISTICA E.I.R.L.', 'AV. AMAUTAS NRO. 945', 0, '140106', '', '/ 963710149', '', '', '2018-04-04 15:25:21.026', 'RHUAMAN', NULL, NULL, 'A', 1, 0, 39);
INSERT INTO isos.proveedor (ruc, razon_social, nombre_comercial, direccion, id_actividadeconomica, codigo_ubigeo, representante, telefono, correo, comentario, fecha_creacion, usuario_creacion, fecha_modificacion, usuario_modificacion, estado, es_transportista, es_agente_percepcion, id_proveedor) VALUES ('10167251361', 'BANCES GONZALES JUAN BALTAZAR', 'BANCES GONZALES JUAN BALTAZAR', 'CALLE 7 DE ENERO N°1441', 0, '140101', '', '226051 / 978807111', '', '', '2018-04-04 15:33:14.637', 'RHUAMAN', NULL, NULL, 'A', 0, 0, 40);
INSERT INTO isos.proveedor (ruc, razon_social, nombre_comercial, direccion, id_actividadeconomica, codigo_ubigeo, representante, telefono, correo, comentario, fecha_creacion, usuario_creacion, fecha_modificacion, usuario_modificacion, estado, es_transportista, es_agente_percepcion, id_proveedor) VALUES ('20480691424', 'PERUCOM@INFORMAT S.R.L.', 'PERUCOM@INFORMAT S.R.L.', 'AV. PEDRO RUIZ NRO. 920 INT. 504', 0, '140101', '', '215415 / 979602809', '', '', '2018-04-04 16:53:18.055', 'RHUAMAN', NULL, NULL, 'A', 0, 0, 41);
INSERT INTO isos.proveedor (ruc, razon_social, nombre_comercial, direccion, id_actividadeconomica, codigo_ubigeo, representante, telefono, correo, comentario, fecha_creacion, usuario_creacion, fecha_modificacion, usuario_modificacion, estado, es_transportista, es_agente_percepcion, id_proveedor) VALUES ('10165436411', 'TORRES MELENDEZ CRUZ ESPERANZA', 'TORRES MELENDEZ CRUZ ESPERANZA', 'AV.JOSE BALTA N°1371', 0, '140101', '', '451344 / 976118965 / 977191634', '', '', '2018-04-04 17:43:11.889', 'RHUAMAN', NULL, NULL, 'A', 0, 0, 42);
INSERT INTO isos.proveedor (ruc, razon_social, nombre_comercial, direccion, id_actividadeconomica, codigo_ubigeo, representante, telefono, correo, comentario, fecha_creacion, usuario_creacion, fecha_modificacion, usuario_modificacion, estado, es_transportista, es_agente_percepcion, id_proveedor) VALUES ('20517930998', 'PROSEGUR ACTIVA PERU S.A.', 'PROSEGUR ACTIVA PERU S.A.', 'AV. REPUBLICA DE PANAMA NRO. 3890', 0, '150141', '', '5138600 / 942519192', '', '', '2018-04-18 15:05:48.921', 'RHUAMAN', NULL, NULL, 'A', 0, 0, 45);
INSERT INTO isos.proveedor (ruc, razon_social, nombre_comercial, direccion, id_actividadeconomica, codigo_ubigeo, representante, telefono, correo, comentario, fecha_creacion, usuario_creacion, fecha_modificacion, usuario_modificacion, estado, es_transportista, es_agente_percepcion, id_proveedor) VALUES ('10445237723', 'CHANGANAQUE RAMOS YVON ELIZABETH', 'CHANGANAQUE RAMOS YVON ELIZABETH', 'LORA Y CORDERO N° 939 ', 0, '140101', '', '325707 / 969524415', '', '', '2018-04-18 17:53:54.97', 'RHUAMAN', NULL, NULL, 'A', 0, 0, 46);
INSERT INTO isos.proveedor (ruc, razon_social, nombre_comercial, direccion, id_actividadeconomica, codigo_ubigeo, representante, telefono, correo, comentario, fecha_creacion, usuario_creacion, fecha_modificacion, usuario_modificacion, estado, es_transportista, es_agente_percepcion, id_proveedor) VALUES ('20523572921', 'COMPAÑIA GENERAL DE COMBUSTIBLES GRANEL S.R.L. - COGECO GRANEL S.R.L.', 'COMPAÑIA GENERAL DE COMBUSTIBLES GRANEL S.R.L. - COGECO GRANEL S.R.L.', 'AV. TUPAC AMARU NRO. 1488 URB. ALTO MOCHICA SC. 2 LA', 0, '130101', '', '230165 / 940493678 / 949969406', '', '', '2018-04-27 15:46:27.114', 'RHUAMAN', NULL, NULL, 'A', 0, 0, 48);
INSERT INTO isos.proveedor (ruc, razon_social, nombre_comercial, direccion, id_actividadeconomica, codigo_ubigeo, representante, telefono, correo, comentario, fecha_creacion, usuario_creacion, fecha_modificacion, usuario_modificacion, estado, es_transportista, es_agente_percepcion, id_proveedor) VALUES ('20115990951', 'GRIFO NOR ORIENTE S.A. EN LIQUIDACION', 'GRIFO NOR ORIENTE S.A. EN LIQUIDACION', 'CAR.PANAMERICANA NORTE NRO. 774 INT. 5', 0, '140101', '', '266114 / 978193036', '', '', '2018-04-27 16:15:10.581', 'RHUAMAN', NULL, NULL, 'A', 0, 0, 50);
INSERT INTO isos.proveedor (ruc, razon_social, nombre_comercial, direccion, id_actividadeconomica, codigo_ubigeo, representante, telefono, correo, comentario, fecha_creacion, usuario_creacion, fecha_modificacion, usuario_modificacion, estado, es_transportista, es_agente_percepcion, id_proveedor) VALUES ('20103322732', 'ESTACION DE SERVICIOS NOR PERU SAC', 'ESTACION DE SERVICIOS NOR PERU SAC', 'AV. AUGUSTO B LEGUIA NRO. 1600 URB. 12 DE OCTUBRE', 0, '140105', '', '/ 257458 / 979633100', '', '', '2018-04-27 17:38:46.82', 'RHUAMAN', NULL, NULL, 'A', 0, 0, 51);
INSERT INTO isos.proveedor (ruc, razon_social, nombre_comercial, direccion, id_actividadeconomica, codigo_ubigeo, representante, telefono, correo, comentario, fecha_creacion, usuario_creacion, fecha_modificacion, usuario_modificacion, estado, es_transportista, es_agente_percepcion, id_proveedor) VALUES ('20487832287', 'GRIFOS GRAN PRIX S.A.C.', 'GRIFOS GRAN PRIX S.A.C.', 'AV. JOSE QUIÑONES NRO. 1025', 0, '140105', '', '433888 / 976954001 / 976636760', '', '', '2018-04-27 17:47:07.023', 'RHUAMAN', NULL, NULL, 'A', 0, 0, 52);
INSERT INTO isos.proveedor (ruc, razon_social, nombre_comercial, direccion, id_actividadeconomica, codigo_ubigeo, representante, telefono, correo, comentario, fecha_creacion, usuario_creacion, fecha_modificacion, usuario_modificacion, estado, es_transportista, es_agente_percepcion, id_proveedor) VALUES ('20507642731', 'LIBANO OPERADORES LOGISTICOS SOCIEDAD ANONIMA CERRADA', 'LIBANO OPERADORES LOGISTICOS SOCIEDAD ANONIMA CERRADA', 'CAL.CALLE 31 MZA. C6 LOTE. 13', 0, '150137', '', '3540310 / 989155110 / 989155086', '', '', '2018-04-27 18:00:25.892', 'RHUAMAN', '2018-04-27 18:02:32.066', 'RHUAMAN', 'A', 1, 0, 53);
INSERT INTO isos.proveedor (ruc, razon_social, nombre_comercial, direccion, id_actividadeconomica, codigo_ubigeo, representante, telefono, correo, comentario, fecha_creacion, usuario_creacion, fecha_modificacion, usuario_modificacion, estado, es_transportista, es_agente_percepcion, id_proveedor) VALUES ('20487784452', 'INGENET S.R.L.', 'INGENET S.R.L.', 'CAL.MANUEL MENDEZ NRO. 140 URB. REMIGIO SILVA', 0, '140101', '', '/ 979297544', '', '', '2018-05-02 15:39:44.991', 'RHUAMAN', NULL, NULL, 'A', 0, 0, 54);
INSERT INTO isos.proveedor (ruc, razon_social, nombre_comercial, direccion, id_actividadeconomica, codigo_ubigeo, representante, telefono, correo, comentario, fecha_creacion, usuario_creacion, fecha_modificacion, usuario_modificacion, estado, es_transportista, es_agente_percepcion, id_proveedor) VALUES ('20103125317', 'SERVICIOS AGRO INDUST.Y DE CONSTRUCC.SRL', 'SERVICIOS AGRO INDUST.Y DE CONSTRUCC.SRL', 'AV. AUGUSTO B. LEGUIA NRO. 2273 URB. SANTA MARIA', 0, '140105', '', '265555 / 271800 / 979684035 / 978959505', '', '', '2018-05-02 15:44:56.713', 'RHUAMAN', NULL, NULL, 'A', 0, 0, 55);
INSERT INTO isos.proveedor (ruc, razon_social, nombre_comercial, direccion, id_actividadeconomica, codigo_ubigeo, representante, telefono, correo, comentario, fecha_creacion, usuario_creacion, fecha_modificacion, usuario_modificacion, estado, es_transportista, es_agente_percepcion, id_proveedor) VALUES ('20487609537', 'APPLE SYSTEM S.A.C.', 'APPLE SYSTEM S.A.C.', 'CAL.SAN JOSE NRO. 717', 0, '140101', '', '490034 / 231243 / 979663050', '', '', '2018-05-02 15:54:18.95', 'RHUAMAN', NULL, NULL, 'A', 0, 0, 56);
INSERT INTO isos.proveedor (ruc, razon_social, nombre_comercial, direccion, id_actividadeconomica, codigo_ubigeo, representante, telefono, correo, comentario, fecha_creacion, usuario_creacion, fecha_modificacion, usuario_modificacion, estado, es_transportista, es_agente_percepcion, id_proveedor) VALUES ('10477694506', 'PEÑA PACHAS CRISTHIAN ELIAS', 'PEÑA PACHAS CRISTHIAN ELIAS', 'PSJ LOS LABRADORES N°124 URB.SAN LORENZO ', 0, '140105', '', '/ 974012451', '', '', '2018-05-02 16:08:51.894', 'RHUAMAN', NULL, NULL, 'A', 0, 0, 57);
INSERT INTO isos.proveedor (ruc, razon_social, nombre_comercial, direccion, id_actividadeconomica, codigo_ubigeo, representante, telefono, correo, comentario, fecha_creacion, usuario_creacion, fecha_modificacion, usuario_modificacion, estado, es_transportista, es_agente_percepcion, id_proveedor) VALUES ('20112273922', 'MAESTRO PERU SOCIEDAD ANONIMA', 'MAESTRO PERU SOCIEDAD ANONIMA', 'JR. SAN LORENZO NRO. 881', 0, '150141', '', '6161000 / 942737832 / 977438325', '', '', '2018-05-02 16:17:15.319', 'RHUAMAN', NULL, NULL, 'A', 0, 0, 58);
INSERT INTO isos.proveedor (ruc, razon_social, nombre_comercial, direccion, id_actividadeconomica, codigo_ubigeo, representante, telefono, correo, comentario, fecha_creacion, usuario_creacion, fecha_modificacion, usuario_modificacion, estado, es_transportista, es_agente_percepcion, id_proveedor) VALUES ('20600421001', 'GRUPO IMAN CORPORATION S.R.L.', 'GRUPO IMAN CORPORATION S.R.L.', 'AV. LUIS GONZALES NRO. 1572 URB. SAN LUIS', 0, '140101', '', '235458 / 943315254', '', '', '2018-05-02 16:43:47.175', 'RHUAMAN', NULL, NULL, 'A', 0, 0, 59);
INSERT INTO isos.proveedor (ruc, razon_social, nombre_comercial, direccion, id_actividadeconomica, codigo_ubigeo, representante, telefono, correo, comentario, fecha_creacion, usuario_creacion, fecha_modificacion, usuario_modificacion, estado, es_transportista, es_agente_percepcion, id_proveedor) VALUES ('20116121485', 'PRODUCTORES Y COMERCIANTES ASOCIADOS S .R.L.', 'PRODUCTORES Y COMERCIANTES ASOCIADOS S .R.L.', 'JR. ELIAS AGUIRRE NRO. 628', 0, '021801', '', '351068 / 326909 / 985174755 / 998151629', '', '', '2018-05-02 16:48:40.006', 'RHUAMAN', NULL, NULL, 'A', 0, 0, 60);
INSERT INTO isos.proveedor (ruc, razon_social, nombre_comercial, direccion, id_actividadeconomica, codigo_ubigeo, representante, telefono, correo, comentario, fecha_creacion, usuario_creacion, fecha_modificacion, usuario_modificacion, estado, es_transportista, es_agente_percepcion, id_proveedor) VALUES ('20546464700', 'ARAISA INDUSTRIAL S.A.C.', 'ARAISA INDUSTRIAL S.A.C.', 'AV. ARGENTINA NRO. 327', 0, '150101', '', '/ 980042724', '', '', '2018-05-02 17:26:36.956', 'RHUAMAN', NULL, NULL, 'A', 0, 0, 64);
INSERT INTO isos.proveedor (ruc, razon_social, nombre_comercial, direccion, id_actividadeconomica, codigo_ubigeo, representante, telefono, correo, comentario, fecha_creacion, usuario_creacion, fecha_modificacion, usuario_modificacion, estado, es_transportista, es_agente_percepcion, id_proveedor) VALUES ('20396466768', 'HUEMURA SOCIEDAD ANONIMA CERRADA', 'HUEMURA SOCIEDAD ANONIMA CERRADA', 'AV. ESPAÑA NRO. 2419 INT. 201', 0, '130101', '', '482125 / 482129 / 949375248', '', '', '2018-05-02 17:57:30.759', 'RHUAMAN', NULL, NULL, 'A', 0, 0, 66);
INSERT INTO isos.proveedor (ruc, razon_social, nombre_comercial, direccion, id_actividadeconomica, codigo_ubigeo, representante, telefono, correo, comentario, fecha_creacion, usuario_creacion, fecha_modificacion, usuario_modificacion, estado, es_transportista, es_agente_percepcion, id_proveedor) VALUES ('10164558652', 'AVALO DE DONGO MARIA EMPERATRIZ', 'AVALO DE DONGO MARIA EMPERATRIZ', 'AV.ELVIRA GARCIA Y GARCIA N°696', 0, '140101', '', '/ 979357874', '', '', '2018-05-02 18:00:16.461', 'RHUAMAN', NULL, NULL, 'A', 0, 0, 67);
INSERT INTO isos.proveedor (ruc, razon_social, nombre_comercial, direccion, id_actividadeconomica, codigo_ubigeo, representante, telefono, correo, comentario, fecha_creacion, usuario_creacion, fecha_modificacion, usuario_modificacion, estado, es_transportista, es_agente_percepcion, id_proveedor) VALUES ('20100247497', 'MODEPSA S.A.C.', 'MODEPSA S.A.C.', 'CAL.DELTA NRO. 185', 0, '070101', '', '2038000 / 4645532 / 994067794', '', '', '2018-05-03 12:01:51.981', 'RHUAMAN', NULL, NULL, 'A', 0, 0, 71);
INSERT INTO isos.proveedor (ruc, razon_social, nombre_comercial, direccion, id_actividadeconomica, codigo_ubigeo, representante, telefono, correo, comentario, fecha_creacion, usuario_creacion, fecha_modificacion, usuario_modificacion, estado, es_transportista, es_agente_percepcion, id_proveedor) VALUES ('20479904759', 'ESTACION DE SERVICIOS EL OSCAR S.R.L.', 'ESTACION DE SERVICIOS EL OSCAR S.R.L.', 'CAL.PROL. GRAN CHIMU KM. 3', 0, '140106', '', '/ 953587871 / 979482780', '', '', '2018-05-09 09:28:09.728', 'RHUAMAN', NULL, NULL, 'A', 0, 0, 73);
INSERT INTO isos.proveedor (ruc, razon_social, nombre_comercial, direccion, id_actividadeconomica, codigo_ubigeo, representante, telefono, correo, comentario, fecha_creacion, usuario_creacion, fecha_modificacion, usuario_modificacion, estado, es_transportista, es_agente_percepcion, id_proveedor) VALUES ('20389230724', 'SODIMAC PERU S.A.', 'SODIMAC PERU S.A.', 'AV. ANGAMOS ESTE NRO. 1805', 0, '150141', '', '6161000 / 2119500 / 942737832 / 977438325', '', '', '2018-05-09 09:53:40.956', 'RHUAMAN', NULL, NULL, 'A', 0, 0, 77);
INSERT INTO isos.proveedor (ruc, razon_social, nombre_comercial, direccion, id_actividadeconomica, codigo_ubigeo, representante, telefono, correo, comentario, fecha_creacion, usuario_creacion, fecha_modificacion, usuario_modificacion, estado, es_transportista, es_agente_percepcion, id_proveedor) VALUES ('10434806939', 'PALOMINO BERNAL MAYRA JUDITH', 'PALOMINO BERNAL MAYRA JUDITH', 'MANUEL SUAREZ N°490 URB.SAN LUIS ', 0, '140101', '', '979315350', '', '', '2018-05-09 10:31:51.257', 'RHUAMAN', NULL, NULL, 'A', 0, 0, 78);
INSERT INTO isos.proveedor (ruc, razon_social, nombre_comercial, direccion, id_actividadeconomica, codigo_ubigeo, representante, telefono, correo, comentario, fecha_creacion, usuario_creacion, fecha_modificacion, usuario_modificacion, estado, es_transportista, es_agente_percepcion, id_proveedor) VALUES ('20103124779', 'MAVECO S.R.L.', 'MAVECO S.R.L.', 'CAL.ALFONSO UGARTE NRO. 1736 URB. SAN LUIS', 0, '140101', '', '224100 / 995413092', '', '', '2018-05-09 15:02:10.748', 'RHUAMAN', NULL, NULL, 'A', 0, 0, 81);
INSERT INTO isos.proveedor (ruc, razon_social, nombre_comercial, direccion, id_actividadeconomica, codigo_ubigeo, representante, telefono, correo, comentario, fecha_creacion, usuario_creacion, fecha_modificacion, usuario_modificacion, estado, es_transportista, es_agente_percepcion, id_proveedor) VALUES ('20100041953', 'RIMAC SEGUROS Y REASEGUROS', 'RIMAC SEGUROS Y REASEGUROS', 'AV. PASEO DE LA REPUBLICA NRO. 3505 URB. LIMATAMBO', 0, '150131', '', '4111000 / 4210555 / 987733280 / 997729736', 'katherinecarrion@outlook.com', '', '2018-05-09 15:06:08.919', 'RHUAMAN', '2019-03-12 10:56:55.821', 'KCARRION', 'A', 0, 0, 82);
INSERT INTO isos.proveedor (ruc, razon_social, nombre_comercial, direccion, id_actividadeconomica, codigo_ubigeo, representante, telefono, correo, comentario, fecha_creacion, usuario_creacion, fecha_modificacion, usuario_modificacion, estado, es_transportista, es_agente_percepcion, id_proveedor) VALUES ('20492092313', 'MAKRO SUPERMAYORISTA S.A.', 'MAKRO SUPERMAYORISTA S.A.', 'AV. JORGE CHAVEZ NRO. 1218', 0, '150140', '', '6348000 / 982003006', 'katherinecarrion@outlook.com', '', '2018-05-28 16:14:49.821', 'DCRUZ', '2019-03-12 10:49:30.461', NULL, 'A', 0, 0, 84);
INSERT INTO isos.proveedor (ruc, razon_social, nombre_comercial, direccion, id_actividadeconomica, codigo_ubigeo, representante, telefono, correo, comentario, fecha_creacion, usuario_creacion, fecha_modificacion, usuario_modificacion, estado, es_transportista, es_agente_percepcion, id_proveedor) VALUES ('20511004251', 'CONCESIONARIA IIRSA NORTE S.A.', 'CONCESIONARIA IIRSA NORTE S.A.', 'AV. VICTOR ANDRES BELAUNDE NRO. 280 INT. 502', 0, '150131', '', '2022059 / 2031907 / 987135068 / 976321941', 'katherinecarrion@outlook.com', '', '2018-05-28 16:28:11.909', 'DCRUZ', '2019-04-16 17:41:13.773', 'KCARRION', 'A', 0, 0, 85);
INSERT INTO isos.proveedor (ruc, razon_social, nombre_comercial, direccion, id_actividadeconomica, codigo_ubigeo, representante, telefono, correo, comentario, fecha_creacion, usuario_creacion, fecha_modificacion, usuario_modificacion, estado, es_transportista, es_agente_percepcion, id_proveedor) VALUES ('20480405278', 'CIX - CAR S.R.L.', 'CIX - CAR S.R.L.', 'CAR.POMALCA KM. 2.5 (FRENTE A INSPECCIONES TECNICAS VEHICULAR)', 0, '140101', '', '271128 / 969825571', '', '', '2018-05-29 12:25:07.76', 'DCRUZ', '2018-06-08 09:34:40.455', 'WZAMORA', 'A', 0, 0, 87);
INSERT INTO isos.proveedor (ruc, razon_social, nombre_comercial, direccion, id_actividadeconomica, codigo_ubigeo, representante, telefono, correo, comentario, fecha_creacion, usuario_creacion, fecha_modificacion, usuario_modificacion, estado, es_transportista, es_agente_percepcion, id_proveedor) VALUES ('20602802087', 'RODAMIENTOS REPUESTOS Y SERVICIOS LEGUIA E.I.R.L', 'RODAMIENTOS REPUESTOS Y SERVICIOS LEGUIA E.I.R.L', 'AV. AUGUSTO B LEGUIA NRO. 920 INT. A URB. SAN LORENZO', 0, '140105', '', '', 'katherinecarrion@outlook.com', '', '2018-12-20 15:04:09.308', 'RHUAMAN', '2019-03-12 10:33:23.121', NULL, 'A', 0, 0, 88);
INSERT INTO isos.proveedor (ruc, razon_social, nombre_comercial, direccion, id_actividadeconomica, codigo_ubigeo, representante, telefono, correo, comentario, fecha_creacion, usuario_creacion, fecha_modificacion, usuario_modificacion, estado, es_transportista, es_agente_percepcion, id_proveedor) VALUES ('10714133000', 'CARRION NECIOSUP KATHERINE MERCEDES', 'CARRION NECIOSUP KATHERINE MERCEDES', 'ALLLL', 0, '140103', '', '', '', '', '2019-02-07 15:33:42.928', 'KCARRION', '2019-02-07 15:39:57.513', 'KCARRION', 'I', 0, 0, 89);
INSERT INTO isos.proveedor (ruc, razon_social, nombre_comercial, direccion, id_actividadeconomica, codigo_ubigeo, representante, telefono, correo, comentario, fecha_creacion, usuario_creacion, fecha_modificacion, usuario_modificacion, estado, es_transportista, es_agente_percepcion, id_proveedor) VALUES ('20571131545', 'MAESTRO B & E E.I.R.L.', 'MAESTRO B & E E.I.R.L.', 'MZA. M LOTE. 16 URB. LAS PALMAS (FRENTE A LOSA DEPORTIVA)', 1, '150805', '', '', '', '', '2019-04-16 17:21:04.22', 'KCARRION', '2019-11-08 16:22:43.523', 'WZAMORA', 'A', 0, 0, 93);
INSERT INTO isos.proveedor (ruc, razon_social, nombre_comercial, direccion, id_actividadeconomica, codigo_ubigeo, representante, telefono, correo, comentario, fecha_creacion, usuario_creacion, fecha_modificacion, usuario_modificacion, estado, es_transportista, es_agente_percepcion, id_proveedor) VALUES ('20552103816', 'AGROLIGHT PERU S.A.C.', 'AGROLIGHT PERU S.A.C.', 'PJ. JORGE BASADRE NRO. 158 URB. POP LA UNIVERSAL 2DA ET.', 0, '150137', '', '0', '', '', '2019-02-27 20:23:00.773', 'WZAMORA', '2019-02-27 20:27:41.591', 'WZAMORA', 'A', 1, 1, 90);
INSERT INTO isos.proveedor (ruc, razon_social, nombre_comercial, direccion, id_actividadeconomica, codigo_ubigeo, representante, telefono, correo, comentario, fecha_creacion, usuario_creacion, fecha_modificacion, usuario_modificacion, estado, es_transportista, es_agente_percepcion, id_proveedor) VALUES ('20492230058', 'PROMARTEX E.I.R.L.1', 'PROMARTEX E.I.R.L.', 'MZA. A3 LOTE. 1 URB. MARISC CACERES (FTE AL INSTITUTO MANUEL SEOANE CORRALES)', 417, '150132', '', '564165165', '', '', '2019-04-16 16:53:16.543', 'KCARRION', '2019-04-16 16:57:02.056', 'KCARRION', 'I', 0, 0, 91);
INSERT INTO isos.proveedor (ruc, razon_social, nombre_comercial, direccion, id_actividadeconomica, codigo_ubigeo, representante, telefono, correo, comentario, fecha_creacion, usuario_creacion, fecha_modificacion, usuario_modificacion, estado, es_transportista, es_agente_percepcion, id_proveedor) VALUES ('20257549641', 'D PROMART EIRL', 'D PROMART EIRL', 'AV. PETIT THOUARS NRO. 2341 DPTO. 1 A', 0, '150116', '', '', '', '', '2019-04-16 17:18:01.175', 'KCARRION', NULL, NULL, 'A', 0, 0, 92);
INSERT INTO isos.proveedor (ruc, razon_social, nombre_comercial, direccion, id_actividadeconomica, codigo_ubigeo, representante, telefono, correo, comentario, fecha_creacion, usuario_creacion, fecha_modificacion, usuario_modificacion, estado, es_transportista, es_agente_percepcion, id_proveedor) VALUES ('20393854651', 'SODIMAC PERU ORIENTE S.A.C.', 'SODIMAC PERU ORIENTE S.A.C.', 'AV. CENTENARIO NRO. 2086 INT. 3 (INTERIOR ANCLA 3)', 0, '250105', 'SODIMAC', '', 'sodimac@peru.com', '', '2019-04-24 14:22:07.142', 'KCARRION', '2019-11-08 11:55:50.319', 'WZAMORA', 'A', 0, 0, 94);
INSERT INTO isos.proveedor (ruc, razon_social, nombre_comercial, direccion, id_actividadeconomica, codigo_ubigeo, representante, telefono, correo, comentario, fecha_creacion, usuario_creacion, fecha_modificacion, usuario_modificacion, estado, es_transportista, es_agente_percepcion, id_proveedor) VALUES ('20600853318', 'AMSEQ S.A.', 'AMSEQ S.A.', 'CAL.SANTA TERESA DE JESUS NRO. 139 URB. LA MERCED ET. 1', 0, '130101', '', '994612862', '', '', '2018-03-07 16:56:21.932', 'RHUAMAN', NULL, NULL, 'A', 0, 0, 22);
INSERT INTO isos.proveedor (ruc, razon_social, nombre_comercial, direccion, id_actividadeconomica, codigo_ubigeo, representante, telefono, correo, comentario, fecha_creacion, usuario_creacion, fecha_modificacion, usuario_modificacion, estado, es_transportista, es_agente_percepcion, id_proveedor) VALUES ('20430039254', 'ACEROS DEL PERU SOCIEDAD ANONIMA CERRADA ACEPESAC', 'ACEROS DEL PERU SOCIEDAD ANONIMA CERRADA ACEPESAC', 'AV. OSCAR R. BENAVIDES NRO. 1244', 0, '150101', '', '7198989 / 6060100 / 953091325', '', '', '2018-03-07 17:41:29.407', 'RHUAMAN', NULL, NULL, 'A', 0, 0, 37);
INSERT INTO isos.proveedor (ruc, razon_social, nombre_comercial, direccion, id_actividadeconomica, codigo_ubigeo, representante, telefono, correo, comentario, fecha_creacion, usuario_creacion, fecha_modificacion, usuario_modificacion, estado, es_transportista, es_agente_percepcion, id_proveedor) VALUES ('10166246038', 'MONTALVO MONTALVO FRANCO', 'MONTALVO MONTALVO FRANCO', 'CALLE MANCO CAPAC N°485', 0, '140101', '', '325707 / 985360047', '', '', '2018-04-25 16:55:11.815', 'RHUAMAN', NULL, NULL, 'A', 0, 0, 47);
INSERT INTO isos.proveedor (ruc, razon_social, nombre_comercial, direccion, id_actividadeconomica, codigo_ubigeo, representante, telefono, correo, comentario, fecha_creacion, usuario_creacion, fecha_modificacion, usuario_modificacion, estado, es_transportista, es_agente_percepcion, id_proveedor) VALUES ('20100087198', 'TRADI S A', 'TRADI S A', 'JR. PROLONGACION HUAMANGA NRO. 1500', 0, '150115', '', '7122222 / 4730357 / 998306488', '', '', '2018-03-07 16:42:36.694', 'RHUAMAN', NULL, NULL, 'A', 0, 0, 14);
INSERT INTO isos.proveedor (ruc, razon_social, nombre_comercial, direccion, id_actividadeconomica, codigo_ubigeo, representante, telefono, correo, comentario, fecha_creacion, usuario_creacion, fecha_modificacion, usuario_modificacion, estado, es_transportista, es_agente_percepcion, id_proveedor) VALUES ('10166378597', 'CHIRINOS YNCIO YESICA YULIANA', 'CHIRINOS YNCIO YESICA YULIANA', 'AV. LOS AMAUTAS NRO. 945', 0, '140106', '', '433533 / 961541848', '', '', '2018-03-07 17:00:29.083', 'RHUAMAN', NULL, NULL, 'A', 1, 0, 24);
INSERT INTO isos.proveedor (ruc, razon_social, nombre_comercial, direccion, id_actividadeconomica, codigo_ubigeo, representante, telefono, correo, comentario, fecha_creacion, usuario_creacion, fecha_modificacion, usuario_modificacion, estado, es_transportista, es_agente_percepcion, id_proveedor) VALUES ('20517670392', 'ORTEGA WELDING S.A.C.', 'ORTEGA WELDING S.A.C.', 'JR. MIGUEL ZAMORA NRO. 139', 0, '150101', '', '4236071 / 990298807', '', '', '2018-03-07 17:10:41.952', 'RHUAMAN', NULL, NULL, 'A', 0, 0, 27);
INSERT INTO isos.proveedor (ruc, razon_social, nombre_comercial, direccion, id_actividadeconomica, codigo_ubigeo, representante, telefono, correo, comentario, fecha_creacion, usuario_creacion, fecha_modificacion, usuario_modificacion, estado, es_transportista, es_agente_percepcion, id_proveedor) VALUES ('10164596686', 'CALDERON LEON DORALIZA', 'CALDERON LEON DORALIZA', 'AV.PEDRO RUIZ #948', 0, '140101', '', '/ 945733366', '', '', '2018-04-04 17:59:35.659', 'RHUAMAN', NULL, NULL, 'A', 0, 0, 43);
INSERT INTO isos.proveedor (ruc, razon_social, nombre_comercial, direccion, id_actividadeconomica, codigo_ubigeo, representante, telefono, correo, comentario, fecha_creacion, usuario_creacion, fecha_modificacion, usuario_modificacion, estado, es_transportista, es_agente_percepcion, id_proveedor) VALUES ('20378890161', 'RASH PERU S.A.C.', 'RASH PERU S.A.C.', 'AV. SALAVERRY NRO. 3310', 0, '150120', '', '2642600 / 980730854', '', '', '2018-04-05 11:47:58.773', 'RHUAMAN', NULL, NULL, 'A', 0, 0, 44);
INSERT INTO isos.proveedor (ruc, razon_social, nombre_comercial, direccion, id_actividadeconomica, codigo_ubigeo, representante, telefono, correo, comentario, fecha_creacion, usuario_creacion, fecha_modificacion, usuario_modificacion, estado, es_transportista, es_agente_percepcion, id_proveedor) VALUES ('20480619154', 'SAUSA PRODUCCIONES E.I.R.L.', 'SAUSA PRODUCCIONES E.I.R.L.', 'CAL.LA PAZ NRO. 227', 0, '140113', '', '/ 944491210', '', '', '2018-05-02 17:30:00.752', 'RHUAMAN', NULL, NULL, 'A', 0, 0, 65);
INSERT INTO isos.proveedor (ruc, razon_social, nombre_comercial, direccion, id_actividadeconomica, codigo_ubigeo, representante, telefono, correo, comentario, fecha_creacion, usuario_creacion, fecha_modificacion, usuario_modificacion, estado, es_transportista, es_agente_percepcion, id_proveedor) VALUES ('20479464686', 'SISTEMAS 2000 S.R.L', 'SISTEMAS 2000 S.R.L', 'PJ. WOYKE NRO. 189', 0, '140101', '', '228110 / 951452723', '', '', '2018-05-09 09:04:21.696', 'RHUAMAN', NULL, NULL, 'A', 0, 0, 72);
INSERT INTO isos.proveedor (ruc, razon_social, nombre_comercial, direccion, id_actividadeconomica, codigo_ubigeo, representante, telefono, correo, comentario, fecha_creacion, usuario_creacion, fecha_modificacion, usuario_modificacion, estado, es_transportista, es_agente_percepcion, id_proveedor) VALUES ('20103456933', 'MULTISERVICIOS CHICLAYO S.R.L.', 'MULTISERVICIOS CHICLAYO S.R.L.', 'AV. FRANCISCO BOLOGNESI NRO. 690', 0, '140101', '', '222003 / 979060070', 'willianmzc@gmail.com', '', '2018-04-27 15:59:32.386', 'RHUAMAN', '2019-03-08 18:19:43.076', NULL, 'A', 0, 0, 49);
INSERT INTO isos.proveedor (ruc, razon_social, nombre_comercial, direccion, id_actividadeconomica, codigo_ubigeo, representante, telefono, correo, comentario, fecha_creacion, usuario_creacion, fecha_modificacion, usuario_modificacion, estado, es_transportista, es_agente_percepcion, id_proveedor) VALUES ('10167058472', 'SALAZAR CASTAÑEDA MARIELA DEL ROSARIO', 'SALAZAR CASTAÑEDA MARIELA DEL ROSARIO', 'AV.AMERICA N°181', 0, '140105', '', '256484 / 994109381', '', '', '2018-05-02 16:57:56.822', 'RHUAMAN', NULL, NULL, 'A', 0, 0, 61);
INSERT INTO isos.proveedor (ruc, razon_social, nombre_comercial, direccion, id_actividadeconomica, codigo_ubigeo, representante, telefono, correo, comentario, fecha_creacion, usuario_creacion, fecha_modificacion, usuario_modificacion, estado, es_transportista, es_agente_percepcion, id_proveedor) VALUES ('20539236076', 'INVERSIONES Y NEGOCIOS GENERALES CASA BLANCA SAC', 'INVERSIONES Y NEGOCIOS GENERALES CASA BLANCA SAC', 'CAL.JUAN CUGLIEVAN NRO. 1869', 0, '140101', '', '251458 / 978913994', '', '', '2018-05-02 17:11:31.376', 'RHUAMAN', NULL, NULL, 'A', 0, 0, 62);
INSERT INTO isos.proveedor (ruc, razon_social, nombre_comercial, direccion, id_actividadeconomica, codigo_ubigeo, representante, telefono, correo, comentario, fecha_creacion, usuario_creacion, fecha_modificacion, usuario_modificacion, estado, es_transportista, es_agente_percepcion, id_proveedor) VALUES ('20553303797', 'SEGURIDAD INDUSTRIAL FERRETERA ALBERTO & SONIA E.I.R.L. - SIFAS E.I.R.L.', 'SEGURIDAD INDUSTRIAL FERRETERA ALBERTO & SONIA E.I.R.L. - SIFAS E.I.R.L.', 'AV. REP.ARGENTINA NRO. 301 ', 0, '150101', '', '/ 977396415', '', '', '2018-05-02 17:21:40.444', 'RHUAMAN', NULL, NULL, 'A', 0, 0, 63);
INSERT INTO isos.proveedor (ruc, razon_social, nombre_comercial, direccion, id_actividadeconomica, codigo_ubigeo, representante, telefono, correo, comentario, fecha_creacion, usuario_creacion, fecha_modificacion, usuario_modificacion, estado, es_transportista, es_agente_percepcion, id_proveedor) VALUES ('20512528458', 'SHALOM EMPRESARIAL S.A.C.', 'SHALOM EMPRESARIAL S.A.C.', 'JR. ANTONIO RAYMONDI NRO. 113', 0, '150115', '', '7191732 / 5007878 / 993085007', '', '', '2018-05-02 18:06:40.663', 'RHUAMAN', NULL, NULL, 'A', 1, 0, 68);
INSERT INTO isos.proveedor (ruc, razon_social, nombre_comercial, direccion, id_actividadeconomica, codigo_ubigeo, representante, telefono, correo, comentario, fecha_creacion, usuario_creacion, fecha_modificacion, usuario_modificacion, estado, es_transportista, es_agente_percepcion, id_proveedor) VALUES ('20100023891', 'IMPORTADORA INDUSTRIAL CORPUS S.R.L.', 'IMPORTADORA INDUSTRIAL CORPUS S.R.L.', 'AV. OSCAR R. BENAVIDES NRO. 1473 Z.I. CHACRA RIOS', 0, '150101', '', '2026000 / 981127825', '', '', '2018-05-03 10:00:16.74', 'RHUAMAN', '2018-05-03 10:00:29.034', 'RHUAMAN', 'A', 0, 0, 69);
INSERT INTO isos.proveedor (ruc, razon_social, nombre_comercial, direccion, id_actividadeconomica, codigo_ubigeo, representante, telefono, correo, comentario, fecha_creacion, usuario_creacion, fecha_modificacion, usuario_modificacion, estado, es_transportista, es_agente_percepcion, id_proveedor) VALUES ('20278540449', 'MULTICENTRO SANTA CATALINA S.A.', 'MULTICENTRO SANTA CATALINA S.A.', 'AV. TACNA NRO. 139 URB. CERCADO DE WANCHAQ', 0, '080108', '', '224298 / 224909 / 974996289', '', '', '2018-05-03 11:08:57.594', 'RHUAMAN', NULL, NULL, 'A', 0, 0, 70);
INSERT INTO isos.proveedor (ruc, razon_social, nombre_comercial, direccion, id_actividadeconomica, codigo_ubigeo, representante, telefono, correo, comentario, fecha_creacion, usuario_creacion, fecha_modificacion, usuario_modificacion, estado, es_transportista, es_agente_percepcion, id_proveedor) VALUES ('20487629309', 'FERRETERIA & NEGOCIOS UNIVERSO SOCIEDAD ANONIMA CERRADA', 'FERRETERIA & NEGOCIOS UNIVERSO SOCIEDAD ANONIMA CERRADA', 'PJ. LOS LABRADORES NRO. 124A URB. SAN LORENZO', 0, '140105', '', '/ 978912190', '', '', '2018-05-09 09:38:21.774', 'RHUAMAN', NULL, NULL, 'A', 0, 0, 74);
INSERT INTO isos.proveedor (ruc, razon_social, nombre_comercial, direccion, id_actividadeconomica, codigo_ubigeo, representante, telefono, correo, comentario, fecha_creacion, usuario_creacion, fecha_modificacion, usuario_modificacion, estado, es_transportista, es_agente_percepcion, id_proveedor) VALUES ('20479365602', 'COMERCIAL FERRETERA MILAGRITOS EIRL', 'COMERCIAL FERRETERA MILAGRITOS EIRL', 'AV. LUIS GONZALES NRO. 1548 URB. SAN LUIS', 0, '140101', '', '214182 / 207104 / 978831522 / 970062477', '', '', '2018-05-09 09:42:34.84', 'RHUAMAN', NULL, NULL, 'A', 0, 0, 75);
INSERT INTO isos.proveedor (ruc, razon_social, nombre_comercial, direccion, id_actividadeconomica, codigo_ubigeo, representante, telefono, correo, comentario, fecha_creacion, usuario_creacion, fecha_modificacion, usuario_modificacion, estado, es_transportista, es_agente_percepcion, id_proveedor) VALUES ('20480328427', 'INDUSTRIAS & DERIVADOS SOCIEDAD ANONIMA CERRADA', 'INDUSTRIAS & DERIVADOS SOCIEDAD ANONIMA CERRADA', 'AV. MIGUEL GRAU NRO. 1359', 0, '140106', '', '224321 / 235522 / 979685417 / 980305305', '', '', '2018-05-09 09:47:13.47', 'RHUAMAN', NULL, NULL, 'A', 0, 0, 76);
INSERT INTO isos.proveedor (ruc, razon_social, nombre_comercial, direccion, id_actividadeconomica, codigo_ubigeo, representante, telefono, correo, comentario, fecha_creacion, usuario_creacion, fecha_modificacion, usuario_modificacion, estado, es_transportista, es_agente_percepcion, id_proveedor) VALUES ('20437097802', 'VIDRIERIA SARITA COLONIA S.R.L.', 'VIDRIERIA SARITA COLONIA S.R.L.', 'CAL.ALFONSO UGARTE NRO. 1098', 0, '140101', '', '221882 / 974949983', '', '', '2018-05-09 11:26:30.656', 'RHUAMAN', NULL, NULL, 'A', 0, 0, 79);
INSERT INTO isos.proveedor (ruc, razon_social, nombre_comercial, direccion, id_actividadeconomica, codigo_ubigeo, representante, telefono, correo, comentario, fecha_creacion, usuario_creacion, fecha_modificacion, usuario_modificacion, estado, es_transportista, es_agente_percepcion, id_proveedor) VALUES ('20480670770', 'AGRUPACION TECNICA AUTOMOTRIZ IRH S.A.C.', 'AGRUPACION TECNICA AUTOMOTRIZ IRH S.A.C.', 'JR. ULISES REATEGUI NRO. 294', 0, '220901', '', '215393 / 215517 / 978055062', '', '', '2018-05-09 14:56:36.407', 'RHUAMAN', NULL, NULL, 'A', 0, 0, 80);
INSERT INTO isos.proveedor (ruc, razon_social, nombre_comercial, direccion, id_actividadeconomica, codigo_ubigeo, representante, telefono, correo, comentario, fecha_creacion, usuario_creacion, fecha_modificacion, usuario_modificacion, estado, es_transportista, es_agente_percepcion, id_proveedor) VALUES ('20480175680', 'JACAMI E.I.R.L', 'JACAMI E.I.R.L', 'CAL.MARISCAL CASTILLA NRO. 208', 0, '140101', '', '208711 / 968160890 / 999019536', '', '', '2018-05-17 16:27:49.572', 'RHUAMAN', '2018-05-17 16:28:34.397', 'RHUAMAN', 'A', 1, 0, 83);
INSERT INTO isos.proveedor (ruc, razon_social, nombre_comercial, direccion, id_actividadeconomica, codigo_ubigeo, representante, telefono, correo, comentario, fecha_creacion, usuario_creacion, fecha_modificacion, usuario_modificacion, estado, es_transportista, es_agente_percepcion, id_proveedor) VALUES ('20600515765', 'PIEDRANOR INDUSTRIAL S.A.C.', 'PIEDRANOR INDUSTRIAL S.A.C.', 'MZA. Q LOTE. 15 P.J. CHOSICA DEL NORTE (COSTADO DEL GRIFO REPSOL)', 0, '140106', '', '236476 / 984081670', 'katherinecarrion@outlook.com', '', '2018-05-29 09:09:37.861', 'DCRUZ', '2019-03-18 09:19:32.714', 'KCARRION', 'A', 0, 0, 86);


--
-- Data for Name: tipo_documento; Type: TABLE DATA; Schema: isos; Owner: postgres
--

INSERT INTO isos.tipo_documento (id_tipodocumento, id_empresa, descripcion, siglas, codigo_sunat, es_documento_electronico, cxc, cxp, form_compra, form_venta, form_nota_credito, form_nota_debito, form_solic_compra, form_orden_compra, form_liqui_compra, form_proforma, form_serv_diversos, form_orden_trabajo, form_guia, estado, usuario_creacion, fecha_creacion, usuario_modificacion, fecha_modificacion, condiciones, form_transferencia, crystal_report, nombre_pdf, codigo_ose, para_cliente_general, form_pedido_venta, emision, recepcion, pdf_termico, form_almacen_recepcion, form_recibo_honorarios) VALUES (9, 1, 'FACTURA DOLARES', 'FD', '01', 0, '0', '0', '1', '1', '0', '0', '0', '0', '0', '0', '0', '0', '0', 'A', 'WZAMORA', '2018-04-06 11:13:48.808', 'WZAMORA', '2019-01-16 15:54:36.789', '', '0', '', 'FacturaElectronica.php', NULL, 0, NULL, NULL, NULL, NULL, '0', 0);
INSERT INTO isos.tipo_documento (id_tipodocumento, id_empresa, descripcion, siglas, codigo_sunat, es_documento_electronico, cxc, cxp, form_compra, form_venta, form_nota_credito, form_nota_debito, form_solic_compra, form_orden_compra, form_liqui_compra, form_proforma, form_serv_diversos, form_orden_trabajo, form_guia, estado, usuario_creacion, fecha_creacion, usuario_modificacion, fecha_modificacion, condiciones, form_transferencia, crystal_report, nombre_pdf, codigo_ose, para_cliente_general, form_pedido_venta, emision, recepcion, pdf_termico, form_almacen_recepcion, form_recibo_honorarios) VALUES (1, 1, 'SOLICITUD COMPRA', 'SC', '34', 0, '0', '0', '0', '0', '0', '0', '1', '0', '0', '0', '0', '0', '0', 'A', 'WZAMORA', '2018-01-26 15:22:53.69', 'KCARRION', '2019-03-01 18:07:03.281', 'entrega y pago ', '0', '', 'SolicitudCompra.php', NULL, 0, NULL, NULL, NULL, NULL, '0', 0);
INSERT INTO isos.tipo_documento (id_tipodocumento, id_empresa, descripcion, siglas, codigo_sunat, es_documento_electronico, cxc, cxp, form_compra, form_venta, form_nota_credito, form_nota_debito, form_solic_compra, form_orden_compra, form_liqui_compra, form_proforma, form_serv_diversos, form_orden_trabajo, form_guia, estado, usuario_creacion, fecha_creacion, usuario_modificacion, fecha_modificacion, condiciones, form_transferencia, crystal_report, nombre_pdf, codigo_ose, para_cliente_general, form_pedido_venta, emision, recepcion, pdf_termico, form_almacen_recepcion, form_recibo_honorarios) VALUES (20, 1, 'NOTA DE DÉBITO ELECTRÓNICA', 'NDF', '08', 1, '0', '0', '0', '0', '0', '1', '0', '0', '0', '0', '0', '0', '0', 'A', 'WZAMORA', '2019-07-18 09:49:12.629', 'WZAMORA', '2019-08-28 10:39:25.98', '', '0', '', 'NotaDebitoF.php', '4', 0, '0', 1, 1, '0', '0', 0);
INSERT INTO isos.tipo_documento (id_tipodocumento, id_empresa, descripcion, siglas, codigo_sunat, es_documento_electronico, cxc, cxp, form_compra, form_venta, form_nota_credito, form_nota_debito, form_solic_compra, form_orden_compra, form_liqui_compra, form_proforma, form_serv_diversos, form_orden_trabajo, form_guia, estado, usuario_creacion, fecha_creacion, usuario_modificacion, fecha_modificacion, condiciones, form_transferencia, crystal_report, nombre_pdf, codigo_ose, para_cliente_general, form_pedido_venta, emision, recepcion, pdf_termico, form_almacen_recepcion, form_recibo_honorarios) VALUES (19, 1, 'NOTA DE DÉBITO ELECTRÓNICA', 'NDB', '08', 1, '0', '0', '0', '0', '0', '1', '0', '0', '0', '0', '0', '0', '0', 'A', 'WZAMORA', '2019-07-18 09:48:30.863', 'WZAMORA', '2019-08-28 10:39:17.674', '', '0', '', 'NotaDebitoB.php', '4', 0, '0', 1, 1, '0', '0', 0);
INSERT INTO isos.tipo_documento (id_tipodocumento, id_empresa, descripcion, siglas, codigo_sunat, es_documento_electronico, cxc, cxp, form_compra, form_venta, form_nota_credito, form_nota_debito, form_solic_compra, form_orden_compra, form_liqui_compra, form_proforma, form_serv_diversos, form_orden_trabajo, form_guia, estado, usuario_creacion, fecha_creacion, usuario_modificacion, fecha_modificacion, condiciones, form_transferencia, crystal_report, nombre_pdf, codigo_ose, para_cliente_general, form_pedido_venta, emision, recepcion, pdf_termico, form_almacen_recepcion, form_recibo_honorarios) VALUES (2, 1, 'ORDEN DE COMPRA', 'OC', '00', 0, '0', '0', '0', '0', '0', '0', '0', '1', '0', '0', '0', '0', '0', 'A', 'WZAMORA', '2018-01-26 15:32:26.563', 'WZAMORA', '2020-02-07 16:51:32.941', 'It is a long established fact that a reader will be distracted by the readable content of a page when looking at its layout. The point of using Lorem Ipsum is that it has a more-or-less normal distribution of letters, as opposed to using ''Content here, content here'', making it look like readable English. Many desktop publishing packages and web page editors now use Lorem Ipsum as their default model text, and a search for ''lorem ipsum'' will uncover many web sites still in their infancy. Various versions have evolved over the years, sometimes by accident, sometimes on purpose (injected humour and the like).', '0', '', 'OrdenCompra.php', NULL, 0, '0', 0, 0, '0', '0', 0);
INSERT INTO isos.tipo_documento (id_tipodocumento, id_empresa, descripcion, siglas, codigo_sunat, es_documento_electronico, cxc, cxp, form_compra, form_venta, form_nota_credito, form_nota_debito, form_solic_compra, form_orden_compra, form_liqui_compra, form_proforma, form_serv_diversos, form_orden_trabajo, form_guia, estado, usuario_creacion, fecha_creacion, usuario_modificacion, fecha_modificacion, condiciones, form_transferencia, crystal_report, nombre_pdf, codigo_ose, para_cliente_general, form_pedido_venta, emision, recepcion, pdf_termico, form_almacen_recepcion, form_recibo_honorarios) VALUES (23, 1, 'ORDEN DE TRABAJO', 'OT', '--', 0, '0', '0', '0', '0', '0', '0', '0', '0', '0', '0', '0', '1', '0', 'A', 'WZAMORA', '2020-01-13 18:08:53.853', 'WZAMORA', '2020-02-11 10:39:27.51', 'ORDEN TRABAJO', '0', '', 'interno_OrdenTrabajo.php', NULL, 1, '0', 0, 0, 'OrdenTrabajo.php', '0', 0);
INSERT INTO isos.tipo_documento (id_tipodocumento, id_empresa, descripcion, siglas, codigo_sunat, es_documento_electronico, cxc, cxp, form_compra, form_venta, form_nota_credito, form_nota_debito, form_solic_compra, form_orden_compra, form_liqui_compra, form_proforma, form_serv_diversos, form_orden_trabajo, form_guia, estado, usuario_creacion, fecha_creacion, usuario_modificacion, fecha_modificacion, condiciones, form_transferencia, crystal_report, nombre_pdf, codigo_ose, para_cliente_general, form_pedido_venta, emision, recepcion, pdf_termico, form_almacen_recepcion, form_recibo_honorarios) VALUES (22, 1, 'ALMACÉN RECEPCIÓN', 'AR', '--', 0, '0', '0', '0', '0', '0', '0', '0', '0', '0', '0', '0', '0', '0', 'A', 'WZAMORA', '2019-11-04 17:31:45.284', 'WZAMORA', '2020-04-21 09:18:54.933', '', '0', '', '0', NULL, 0, '0', 0, 0, '0', '1', 0);
INSERT INTO isos.tipo_documento (id_tipodocumento, id_empresa, descripcion, siglas, codigo_sunat, es_documento_electronico, cxc, cxp, form_compra, form_venta, form_nota_credito, form_nota_debito, form_solic_compra, form_orden_compra, form_liqui_compra, form_proforma, form_serv_diversos, form_orden_trabajo, form_guia, estado, usuario_creacion, fecha_creacion, usuario_modificacion, fecha_modificacion, condiciones, form_transferencia, crystal_report, nombre_pdf, codigo_ose, para_cliente_general, form_pedido_venta, emision, recepcion, pdf_termico, form_almacen_recepcion, form_recibo_honorarios) VALUES (24, 1, 'RECIBO POR HONORARIOS', 'RH', '--', 0, '0', '0', '0', '0', '0', '0', '0', '0', '0', '0', '0', '0', '0', 'A', 'WZAMORA', '2020-05-05 12:38:50.783', NULL, NULL, '', '0', '', '0', NULL, 0, '0', 0, 0, NULL, '0', 1);
INSERT INTO isos.tipo_documento (id_tipodocumento, id_empresa, descripcion, siglas, codigo_sunat, es_documento_electronico, cxc, cxp, form_compra, form_venta, form_nota_credito, form_nota_debito, form_solic_compra, form_orden_compra, form_liqui_compra, form_proforma, form_serv_diversos, form_orden_trabajo, form_guia, estado, usuario_creacion, fecha_creacion, usuario_modificacion, fecha_modificacion, condiciones, form_transferencia, crystal_report, nombre_pdf, codigo_ose, para_cliente_general, form_pedido_venta, emision, recepcion, pdf_termico, form_almacen_recepcion, form_recibo_honorarios) VALUES (18, 1, 'PEDIDO VENTA', 'PE', '00', 0, '0', '0', '0', '0', '0', '0', '0', '0', '0', '0', '0', '0', '0', 'A', 'WZAMORA', '2019-06-03 09:58:36.854', 'WZAMORA', '2020-05-30 09:54:49.217', 'Documento en fase de pruebas', '0', '', 'PedidoVenta.php', NULL, 0, '1', 0, 0, 'ticket_pedido_venta.php', '0', 0);
INSERT INTO isos.tipo_documento (id_tipodocumento, id_empresa, descripcion, siglas, codigo_sunat, es_documento_electronico, cxc, cxp, form_compra, form_venta, form_nota_credito, form_nota_debito, form_solic_compra, form_orden_compra, form_liqui_compra, form_proforma, form_serv_diversos, form_orden_trabajo, form_guia, estado, usuario_creacion, fecha_creacion, usuario_modificacion, fecha_modificacion, condiciones, form_transferencia, crystal_report, nombre_pdf, codigo_ose, para_cliente_general, form_pedido_venta, emision, recepcion, pdf_termico, form_almacen_recepcion, form_recibo_honorarios) VALUES (7, 1, 'PROFORMA', 'PRF', '00', 0, '0', '0', '0', '0', '0', '0', '0', '0', '0', '1', '0', '0', '0', 'A', 'WZAMORA', '2018-02-02 11:01:52.602', 'WZAMORA', '2019-03-06 17:28:42.007', 'EXONERADO DE RETENCIÓN DEL IMPUESTO GENERAL A LAS VENTAS SEGÚN RESOLUCIÓN N° 0730050011287
--------------------------------------------------------------------------
FORMA DE PAGO: Efectivo, Cheque o Depósito en:
  - CUENTA CORRIENTE BCP: 305-1835668-0-07 (SOLES)
                                               305-2451938-1-66 (DOLARES)
  - CUENTA INTERBANCARIA: 00230500183566800716 (SOLES)
                                               00230500245193816619 (DOLARES)
  - CUENTA DETRACCIONES BN: 00-231-170960
VALIDEZ DE LA COTIZACIÓN: 05 días.', '0', '', 'Proforma.php', NULL, 0, NULL, NULL, NULL, NULL, '0', 0);
INSERT INTO isos.tipo_documento (id_tipodocumento, id_empresa, descripcion, siglas, codigo_sunat, es_documento_electronico, cxc, cxp, form_compra, form_venta, form_nota_credito, form_nota_debito, form_solic_compra, form_orden_compra, form_liqui_compra, form_proforma, form_serv_diversos, form_orden_trabajo, form_guia, estado, usuario_creacion, fecha_creacion, usuario_modificacion, fecha_modificacion, condiciones, form_transferencia, crystal_report, nombre_pdf, codigo_ose, para_cliente_general, form_pedido_venta, emision, recepcion, pdf_termico, form_almacen_recepcion, form_recibo_honorarios) VALUES (4, 1, 'BOLETA ELECTRÓNICA', 'BV', '03', 1, '0', '0', '1', '1', '0', '0', '0', '0', '0', '0', '0', '0', '0', 'A', 'WZAMORA', '2018-01-26 18:04:57.583', 'WZAMORA', '2019-12-14 13:54:46.604', '', '0', 'crpt_boleta.rpt', 'BoletaElectronica.php', '2', 1, '0', 0, 0, 'ticket_boleta.php', '0', 0);
INSERT INTO isos.tipo_documento (id_tipodocumento, id_empresa, descripcion, siglas, codigo_sunat, es_documento_electronico, cxc, cxp, form_compra, form_venta, form_nota_credito, form_nota_debito, form_solic_compra, form_orden_compra, form_liqui_compra, form_proforma, form_serv_diversos, form_orden_trabajo, form_guia, estado, usuario_creacion, fecha_creacion, usuario_modificacion, fecha_modificacion, condiciones, form_transferencia, crystal_report, nombre_pdf, codigo_ose, para_cliente_general, form_pedido_venta, emision, recepcion, pdf_termico, form_almacen_recepcion, form_recibo_honorarios) VALUES (3, 1, 'FACTURA ELECTRÓNICA', 'FS', '01', 1, '0', '0', '1', '1', '0', '0', '0', '0', '0', '0', '0', '0', '0', 'A', 'WZAMORA', '2018-01-26 17:51:50.482', 'WZAMORA', '2019-12-14 13:54:19.488', 'BANCO DE CREDITO DEL PERU(BCP): 

 CUENTA CORRIENTE: 3052224603044 CCI: 002305222460304413

BBVA Continental:

 CUENTA CORRIENTE: 350654646545

INTERBANK:

 CUENTA CORRIENTE: 3554656454561

PARA VENTAS EN DÓLARES, SI EL PAGO SE EFECTÚA EN S/ REGIRÁ EL TIPO DE CAMBIO VENTA US$ DE LA FECHA DE CANCELACIÓN ', '0', 'cr_TicketFactura.rpt', 'FacturaElectronica.php', '1', 0, '0', 0, 0, 'ticket_factura.php', '0', 0);
INSERT INTO isos.tipo_documento (id_tipodocumento, id_empresa, descripcion, siglas, codigo_sunat, es_documento_electronico, cxc, cxp, form_compra, form_venta, form_nota_credito, form_nota_debito, form_solic_compra, form_orden_compra, form_liqui_compra, form_proforma, form_serv_diversos, form_orden_trabajo, form_guia, estado, usuario_creacion, fecha_creacion, usuario_modificacion, fecha_modificacion, condiciones, form_transferencia, crystal_report, nombre_pdf, codigo_ose, para_cliente_general, form_pedido_venta, emision, recepcion, pdf_termico, form_almacen_recepcion, form_recibo_honorarios) VALUES (17, 1, 'NOTA DE CREDITO ELECTRÓNICA', 'NCF', '07', 1, '0', '0', '0', '0', '1', '0', '0', '0', '0', '0', '0', '0', '0', 'A', 'WZAMORA', '2019-02-26 09:26:26.132', 'WZAMORA', '2020-02-27 18:14:12.599', '', '0', '', 'NotaCreditoF.php', '3', 0, '0', 1, 1, 'NotaCreditoF.php', '0', 0);
INSERT INTO isos.tipo_documento (id_tipodocumento, id_empresa, descripcion, siglas, codigo_sunat, es_documento_electronico, cxc, cxp, form_compra, form_venta, form_nota_credito, form_nota_debito, form_solic_compra, form_orden_compra, form_liqui_compra, form_proforma, form_serv_diversos, form_orden_trabajo, form_guia, estado, usuario_creacion, fecha_creacion, usuario_modificacion, fecha_modificacion, condiciones, form_transferencia, crystal_report, nombre_pdf, codigo_ose, para_cliente_general, form_pedido_venta, emision, recepcion, pdf_termico, form_almacen_recepcion, form_recibo_honorarios) VALUES (13, 1, 'RECIBO', 'RE', '00', 0, '0', '0', '0', '1', '0', '0', '0', '0', '0', '0', '0', '0', '0', 'A', 'WZAMORA', '2018-05-05 16:22:40.987', 'WZAMORA', '2020-09-20 14:54:07.226', 'gfdfg dgdf dfg dgdfg dg dgdfg dfgdfg dfdg dgdg  fghfghgf hfgh



fgh fg



h fgh fgh', '0', '', 'Recibo.php', NULL, 1, '0', 0, 0, 'ticket_Recibo.php', '0', 0);
INSERT INTO isos.tipo_documento (id_tipodocumento, id_empresa, descripcion, siglas, codigo_sunat, es_documento_electronico, cxc, cxp, form_compra, form_venta, form_nota_credito, form_nota_debito, form_solic_compra, form_orden_compra, form_liqui_compra, form_proforma, form_serv_diversos, form_orden_trabajo, form_guia, estado, usuario_creacion, fecha_creacion, usuario_modificacion, fecha_modificacion, condiciones, form_transferencia, crystal_report, nombre_pdf, codigo_ose, para_cliente_general, form_pedido_venta, emision, recepcion, pdf_termico, form_almacen_recepcion, form_recibo_honorarios) VALUES (5, 1, 'GUÍA DE REMISIÓN REMITENTE ELECTRÓNICA', 'GU', '00', 1, '0', '0', '0', '0', '0', '0', '0', '0', '0', '0', '0', '0', '1', 'A', 'WZAMORA', '2018-01-29 10:06:41.563', 'WZAMORA', '2019-10-29 18:21:11.75', '', '0', 'crpt_GuiaSalida_FC.rpt', 'GuiaElectronica.php', '7', 0, '0', 0, 0, 'GuiaElectronica.php', '0', 0);
INSERT INTO isos.tipo_documento (id_tipodocumento, id_empresa, descripcion, siglas, codigo_sunat, es_documento_electronico, cxc, cxp, form_compra, form_venta, form_nota_credito, form_nota_debito, form_solic_compra, form_orden_compra, form_liqui_compra, form_proforma, form_serv_diversos, form_orden_trabajo, form_guia, estado, usuario_creacion, fecha_creacion, usuario_modificacion, fecha_modificacion, condiciones, form_transferencia, crystal_report, nombre_pdf, codigo_ose, para_cliente_general, form_pedido_venta, emision, recepcion, pdf_termico, form_almacen_recepcion, form_recibo_honorarios) VALUES (14, 1, 'NOTA DE CRÉDITO ELECTRÓNICA', 'NCB', '07', 0, '0', '0', '0', '0', '1', '0', '0', '0', '0', '0', '0', '0', '0', 'A', 'WZAMORA', '2018-06-26 12:16:35.751', 'WZAMORA', '2019-06-11 11:58:20.029', '', '0', '', 'NotaCreditoB.php', '3', 0, '0', 1, 1, NULL, '0', 0);
INSERT INTO isos.tipo_documento (id_tipodocumento, id_empresa, descripcion, siglas, codigo_sunat, es_documento_electronico, cxc, cxp, form_compra, form_venta, form_nota_credito, form_nota_debito, form_solic_compra, form_orden_compra, form_liqui_compra, form_proforma, form_serv_diversos, form_orden_trabajo, form_guia, estado, usuario_creacion, fecha_creacion, usuario_modificacion, fecha_modificacion, condiciones, form_transferencia, crystal_report, nombre_pdf, codigo_ose, para_cliente_general, form_pedido_venta, emision, recepcion, pdf_termico, form_almacen_recepcion, form_recibo_honorarios) VALUES (15, 2, 'FACTURA ELECTRÓNICA', 'FE', '01', 1, '0', '0', '0', '1', '0', '0', '0', '0', '0', '0', '0', '0', '0', 'A', 'WZAMORA', '2018-12-27 11:53:28.219', 'WZAMORA', '2019-11-26 16:49:11.859', '', '0', '', '0', '1', 0, '0', 0, 0, '0', '0', 0);
INSERT INTO isos.tipo_documento (id_tipodocumento, id_empresa, descripcion, siglas, codigo_sunat, es_documento_electronico, cxc, cxp, form_compra, form_venta, form_nota_credito, form_nota_debito, form_solic_compra, form_orden_compra, form_liqui_compra, form_proforma, form_serv_diversos, form_orden_trabajo, form_guia, estado, usuario_creacion, fecha_creacion, usuario_modificacion, fecha_modificacion, condiciones, form_transferencia, crystal_report, nombre_pdf, codigo_ose, para_cliente_general, form_pedido_venta, emision, recepcion, pdf_termico, form_almacen_recepcion, form_recibo_honorarios) VALUES (11, 1, 'TICKET', 'TCK', '12', 0, '0', '1', '1', '0', '0', '0', '0', '0', '0', '0', '0', '0', '0', 'A', 'WZAMORA', '2018-04-18 17:42:45.014', NULL, NULL, '', '0', '', NULL, NULL, 0, NULL, NULL, NULL, NULL, '0', 0);
INSERT INTO isos.tipo_documento (id_tipodocumento, id_empresa, descripcion, siglas, codigo_sunat, es_documento_electronico, cxc, cxp, form_compra, form_venta, form_nota_credito, form_nota_debito, form_solic_compra, form_orden_compra, form_liqui_compra, form_proforma, form_serv_diversos, form_orden_trabajo, form_guia, estado, usuario_creacion, fecha_creacion, usuario_modificacion, fecha_modificacion, condiciones, form_transferencia, crystal_report, nombre_pdf, codigo_ose, para_cliente_general, form_pedido_venta, emision, recepcion, pdf_termico, form_almacen_recepcion, form_recibo_honorarios) VALUES (10, 1, 'RECIBO POR SERVICIOS PÚBLICOS', 'RSP', '14', 0, '0', '1', '1', '0', '0', '0', '0', '0', '0', '0', '0', '0', '0', 'A', 'WZAMORA', '2018-04-18 15:00:09.861', 'WZAMORA', '2018-06-07 16:57:05.887', '', '0', '', NULL, NULL, 0, NULL, NULL, NULL, NULL, '0', 0);
INSERT INTO isos.tipo_documento (id_tipodocumento, id_empresa, descripcion, siglas, codigo_sunat, es_documento_electronico, cxc, cxp, form_compra, form_venta, form_nota_credito, form_nota_debito, form_solic_compra, form_orden_compra, form_liqui_compra, form_proforma, form_serv_diversos, form_orden_trabajo, form_guia, estado, usuario_creacion, fecha_creacion, usuario_modificacion, fecha_modificacion, condiciones, form_transferencia, crystal_report, nombre_pdf, codigo_ose, para_cliente_general, form_pedido_venta, emision, recepcion, pdf_termico, form_almacen_recepcion, form_recibo_honorarios) VALUES (8, 1, 'SOLICITUD', 'SOL', '99', 0, '0', '0', '0', '0', '0', '0', '1', '0', '0', '0', '0', '0', '0', 'A', 'WZAMORA', '2018-03-15 11:15:38.303', 'WZAMORA', '2019-03-08 11:08:02.08', 'It is a long established fact that a reader will be distracted by the readable content of a page when looking at its layout. The point of using Lorem Ipsum is that it has a more-or-less normal distribution of letters, as opposed to using ''Content here, content here'', making it look like readable English. Many desktop publishing packages and web page editors now use Lorem Ipsum as their default model text, and a search for ''lorem ipsum'' will uncover many web sites still in their infancy. Various versions have evolved over the years, sometimes by accident, sometimes on purpose (injected humour and the like).', '0', '', 'SolicitudCompra.php', NULL, 0, NULL, NULL, NULL, NULL, '0', 0);
INSERT INTO isos.tipo_documento (id_tipodocumento, id_empresa, descripcion, siglas, codigo_sunat, es_documento_electronico, cxc, cxp, form_compra, form_venta, form_nota_credito, form_nota_debito, form_solic_compra, form_orden_compra, form_liqui_compra, form_proforma, form_serv_diversos, form_orden_trabajo, form_guia, estado, usuario_creacion, fecha_creacion, usuario_modificacion, fecha_modificacion, condiciones, form_transferencia, crystal_report, nombre_pdf, codigo_ose, para_cliente_general, form_pedido_venta, emision, recepcion, pdf_termico, form_almacen_recepcion, form_recibo_honorarios) VALUES (6, 1, 'MOVIMIENTOS ALMACEN', 'MA', '00', 0, '0', '0', '0', '0', '0', '0', '0', '0', '0', '0', '0', '0', '0', 'A', 'WZAMORA', '2018-02-02 10:12:25.373', 'WZAMORA', '2018-07-26 16:04:33.746', '', '1', '', NULL, NULL, 0, NULL, NULL, NULL, NULL, '0', 0);
INSERT INTO isos.tipo_documento (id_tipodocumento, id_empresa, descripcion, siglas, codigo_sunat, es_documento_electronico, cxc, cxp, form_compra, form_venta, form_nota_credito, form_nota_debito, form_solic_compra, form_orden_compra, form_liqui_compra, form_proforma, form_serv_diversos, form_orden_trabajo, form_guia, estado, usuario_creacion, fecha_creacion, usuario_modificacion, fecha_modificacion, condiciones, form_transferencia, crystal_report, nombre_pdf, codigo_ose, para_cliente_general, form_pedido_venta, emision, recepcion, pdf_termico, form_almacen_recepcion, form_recibo_honorarios) VALUES (16, 2, 'SOLICITUD DE COMPRA', 'SC', '00', 0, '0', '1', '0', '0', '0', '0', '1', '0', '0', '0', '0', '0', '0', 'A', 'WZAMORA', '2018-12-27 14:58:56.764', NULL, NULL, '', '0', '', '0', NULL, 0, NULL, NULL, NULL, NULL, '0', 0);


--
-- Data for Name: tipo_pago; Type: TABLE DATA; Schema: isos; Owner: postgres
--

INSERT INTO isos.tipo_pago (id_tipopago, nombre, fecha_creacion, usuario_creacion, fecha_modificacion, usuario_modificacion, estado) VALUES (1, 'CONTADO', '2018-01-17 10:33:41.612', NULL, '2018-06-07 16:57:48.394', 'WZAMORA', 'A');
INSERT INTO isos.tipo_pago (id_tipopago, nombre, fecha_creacion, usuario_creacion, fecha_modificacion, usuario_modificacion, estado) VALUES (2, 'CREDITO', '2018-01-17 10:33:41.612', NULL, '2018-03-22 18:01:33.123', 'WZAMORA', 'A');


--
-- Data for Name: compra; Type: TABLE DATA; Schema: isos; Owner: postgres
--

INSERT INTO isos.compra (id_compra, serie, correlativo, id_empresa, id_tipomoneda, id_tipopago, id_tipodocumento, observacion, fecha_creacion, usuario_creacion, fecha_modificacion, usuario_modificacion, igv, cod_estado, estado, id_ordencompra, tasa_cambio, igv_monto, total, fecha, id_localidad, proveedor_nombre, proveedor_direccion, fecha_anulacion, fecha_vencimiento, fecha_recepcion, bien_servicio, es_flete, es_fleteprocesado, id_compraflete, procesado_sunat, id_clasificacion_compra, tipo_almacen, con_flete, importe_bruto, descuento_bruto, id_declaracion, valor_venta_gravado, valor_venta_exonerado, valor_venta_gratuito, valor_venta_inafecto, motivo_anulacion, uuid_a, uuid_b, total_otros_cargos, aceptado_sunat, tipo_cambio_sunat, descuento_global, descuento_total, id_proveedor, en_transito, cierre_transito) VALUES (3, '222', '333333', 1, 1, 1, 3, NULL, '2020-03-12 11:35:57.525', 'WZAMORA', '2020-03-14 13:45:06.588', 'WZAMORA', 0.17999999999999999, 'PP', 'A', NULL, 1, 76.269999999999996, 500, '2020-03-12', 1, 'JM SEGURIDAD LOGISTICA E.I.R.L.', 'AV. AMAUTAS NRO. 945', NULL, NULL, NULL, 'S', 1, 1, NULL, 0, 5, 'CONSUMO', 0, 423.73000000000002, 0, NULL, 423.73, 0.00, 0.00, 0.00, NULL, 'b15083c2-d5d8-40bc-899d-2cb52baf41ca', '9dd5bf05-d211-4cb4-9732-b1e3f348ba70', 0, NULL, 1, 0, 0, 39, 0, NULL);
INSERT INTO isos.compra (id_compra, serie, correlativo, id_empresa, id_tipomoneda, id_tipopago, id_tipodocumento, observacion, fecha_creacion, usuario_creacion, fecha_modificacion, usuario_modificacion, igv, cod_estado, estado, id_ordencompra, tasa_cambio, igv_monto, total, fecha, id_localidad, proveedor_nombre, proveedor_direccion, fecha_anulacion, fecha_vencimiento, fecha_recepcion, bien_servicio, es_flete, es_fleteprocesado, id_compraflete, procesado_sunat, id_clasificacion_compra, tipo_almacen, con_flete, importe_bruto, descuento_bruto, id_declaracion, valor_venta_gravado, valor_venta_exonerado, valor_venta_gratuito, valor_venta_inafecto, motivo_anulacion, uuid_a, uuid_b, total_otros_cargos, aceptado_sunat, tipo_cambio_sunat, descuento_global, descuento_total, id_proveedor, en_transito, cierre_transito) VALUES (2, '222', '55555', 1, 2, 1, 3, NULL, '2020-03-12 11:34:52.932', 'WZAMORA', '2020-03-13 18:20:50.701', 'WZAMORA', 0.17999999999999999, 'PP', 'A', NULL, 3.3999999999999999, 38.899999999999999, 255, '2020-03-12', 1, 'MAESTRO B & E E.I.R.L.', 'MZA. M LOTE. 16 URB. LAS PALMAS (FRENTE A LOSA DEPORTIVA)', NULL, NULL, '2020-03-12 11:34:52', 'B', 0, 0, NULL, 0, 1, 'PRODUCCION', 1, 216.09999999999999, 0, NULL, 216.10, 0.00, 0.00, 0.00, NULL, '6443e07a-f521-4bd1-840b-0e3c8c4bd0aa', '726ed34b-9590-48f8-a221-b61ca57ac4fe', 0.00, NULL, 3.5, 0, 0, 93, 0, NULL);
INSERT INTO isos.compra (id_compra, serie, correlativo, id_empresa, id_tipomoneda, id_tipopago, id_tipodocumento, observacion, fecha_creacion, usuario_creacion, fecha_modificacion, usuario_modificacion, igv, cod_estado, estado, id_ordencompra, tasa_cambio, igv_monto, total, fecha, id_localidad, proveedor_nombre, proveedor_direccion, fecha_anulacion, fecha_vencimiento, fecha_recepcion, bien_servicio, es_flete, es_fleteprocesado, id_compraflete, procesado_sunat, id_clasificacion_compra, tipo_almacen, con_flete, importe_bruto, descuento_bruto, id_declaracion, valor_venta_gravado, valor_venta_exonerado, valor_venta_gratuito, valor_venta_inafecto, motivo_anulacion, uuid_a, uuid_b, total_otros_cargos, aceptado_sunat, tipo_cambio_sunat, descuento_global, descuento_total, id_proveedor, en_transito, cierre_transito) VALUES (6, '5555', '66666', 1, 1, 1, 3, NULL, '2020-03-23 14:14:38.876', 'WZAMORA', '2020-03-27 11:27:14.433', 'WZAMORA', 0.17999999999999999, 'PP', 'A', NULL, 1, 152.53999999999999, 1000, '2020-03-23', 1, 'SODIMAC PERU ORIENTE S.A.C.', 'AV. CENTENARIO NRO. 2086 INT. 3 (INTERIOR ANCLA 3)', NULL, NULL, '2020-03-23 14:14:38', 'B', 0, 0, NULL, 0, 1, 'VENTA', 1, 847.46000000000004, 0, NULL, 847.46, 0.00, 0.00, 0.00, NULL, '7f7df05b-756e-4b7b-9a78-fa368d35ef1b', '46dd32d9-6205-4581-b01c-563c7dd094b0', 0.00, NULL, 1, 0, 0, 94, 0, NULL);
INSERT INTO isos.compra (id_compra, serie, correlativo, id_empresa, id_tipomoneda, id_tipopago, id_tipodocumento, observacion, fecha_creacion, usuario_creacion, fecha_modificacion, usuario_modificacion, igv, cod_estado, estado, id_ordencompra, tasa_cambio, igv_monto, total, fecha, id_localidad, proveedor_nombre, proveedor_direccion, fecha_anulacion, fecha_vencimiento, fecha_recepcion, bien_servicio, es_flete, es_fleteprocesado, id_compraflete, procesado_sunat, id_clasificacion_compra, tipo_almacen, con_flete, importe_bruto, descuento_bruto, id_declaracion, valor_venta_gravado, valor_venta_exonerado, valor_venta_gratuito, valor_venta_inafecto, motivo_anulacion, uuid_a, uuid_b, total_otros_cargos, aceptado_sunat, tipo_cambio_sunat, descuento_global, descuento_total, id_proveedor, en_transito, cierre_transito) VALUES (4, '777', '888888', 1, 1, 1, 3, NULL, '2020-03-12 15:08:03.4', 'WZAMORA', '2020-06-24 18:29:09.318', 'WZAMORA', 0.17999999999999999, 'CA', 'A', NULL, 1, 151.02000000000001, 990, '2020-03-12', 1, 'RODAMIENTOS REPUESTOS Y SERVICIOS LEGUIA E.I.R.L', 'AV. AUGUSTO B LEGUIA NRO. 920 INT. A URB. SAN LORENZO', NULL, NULL, '2020-03-12 15:08:02', 'B', 0, 0, NULL, 0, 1, 'PRODUCCION', 1, 838.98000000000002, 0, NULL, 838.98, 0.00, 0.00, 0.00, NULL, '33b93572-802f-4daa-843a-903201a5e0ab', '93b033d9-4097-4cb4-999d-d697414b8a88', 0.00, NULL, 1, 0, 0, 88, 0, NULL);


--
-- Data for Name: file_compra; Type: TABLE DATA; Schema: file; Owner: postgres
--

INSERT INTO file.file_compra (id_file, id_compra) VALUES (2, 2);
INSERT INTO file.file_compra (id_file, id_compra) VALUES (3, 2);


--
-- Data for Name: file_compraguia; Type: TABLE DATA; Schema: file; Owner: postgres
--

INSERT INTO file.file_compraguia (id_file, id_compraguia) VALUES (5, 1);
INSERT INTO file.file_compraguia (id_file, id_compraguia) VALUES (6, 2);


--
-- Data for Name: file_empresa; Type: TABLE DATA; Schema: file; Owner: postgres
--

INSERT INTO file.file_empresa (id_file, id_empresa, uso, estado) VALUES (1, 1, 'logotipo', 'A');


--
-- Data for Name: file_movimientopago; Type: TABLE DATA; Schema: file; Owner: postgres
--

INSERT INTO file.file_movimientopago (id_file, id_movimiento, item) VALUES (4, 4, 1);
INSERT INTO file.file_movimientopago (id_file, id_movimiento, item) VALUES (10, 18, 1);


--
-- Data for Name: file_nota_credito; Type: TABLE DATA; Schema: file; Owner: postgres
--



--
-- Data for Name: file_nota_debito; Type: TABLE DATA; Schema: file; Owner: postgres
--



--
-- Data for Name: tipo_cliente; Type: TABLE DATA; Schema: isos; Owner: postgres
--

INSERT INTO isos.tipo_cliente (id_tipocliente, nombre, estado) VALUES (3, 'PERSONA JURIDICA', 'A');
INSERT INTO isos.tipo_cliente (id_tipocliente, nombre, estado) VALUES (2, 'PERSONA NATURAL CON NEGOCIO', 'A');
INSERT INTO isos.tipo_cliente (id_tipocliente, nombre, estado) VALUES (1, 'CLIENTE GENERAL', 'A');


--
-- Data for Name: cliente; Type: TABLE DATA; Schema: isos; Owner: postgres
--

INSERT INTO isos.cliente (id_cliente, id_tipoidentidad, numero_identidad, nombre, apellido_paterno, apellido_materno, direccion, telefono, correo, fecha_nacimiento, fecha_creacion, usuario_creacion, fecha_modificacion, usuario_modificacion, razon_social, id_tipocliente, estado, codigo_ubigeo, es_agente_retencion) VALUES (395, 3, '20257549641', NULL, NULL, NULL, 'AV. PETIT THOUARS NRO. 2341 DPTO. 1 A', NULL, 'willianmzc@gmail.com', NULL, '2019-04-16 17:18:33.426', 'KCARRION', '2019-11-29 10:42:49.932', 'WZAMORA', 'D PROMART EIRL', 2, 'A', '150116', 0);
INSERT INTO isos.cliente (id_cliente, id_tipoidentidad, numero_identidad, nombre, apellido_paterno, apellido_materno, direccion, telefono, correo, fecha_nacimiento, fecha_creacion, usuario_creacion, fecha_modificacion, usuario_modificacion, razon_social, id_tipocliente, estado, codigo_ubigeo, es_agente_retencion) VALUES (2, 7, '--------', 'CLIENTE ANULADO', NULL, NULL, NULL, NULL, 'willianmzc@gmail.com', NULL, '2020-04-07 10:17:31.069', 'WZAMORA', '2019-04-08 09:36:36.193', 'WZAMORA', 'CLIENTE ANULADO', 1, 'A', NULL, 0);
INSERT INTO isos.cliente (id_cliente, id_tipoidentidad, numero_identidad, nombre, apellido_paterno, apellido_materno, direccion, telefono, correo, fecha_nacimiento, fecha_creacion, usuario_creacion, fecha_modificacion, usuario_modificacion, razon_social, id_tipocliente, estado, codigo_ubigeo, es_agente_retencion) VALUES (1, 7, '00000000', 'CLIENTE VARIOS', NULL, NULL, NULL, NULL, NULL, NULL, '2020-04-07 10:17:31.069', 'WZAMORA', '2018-03-05 09:53:30.643', 'JORTIZ', 'CLIENTE VARIOS  ', 1, 'A', NULL, 0);
INSERT INTO isos.cliente (id_cliente, id_tipoidentidad, numero_identidad, nombre, apellido_paterno, apellido_materno, direccion, telefono, correo, fecha_nacimiento, fecha_creacion, usuario_creacion, fecha_modificacion, usuario_modificacion, razon_social, id_tipocliente, estado, codigo_ubigeo, es_agente_retencion) VALUES (394, 3, '20549500553', NULL, NULL, NULL, 'AV. PASEO DE LA REPUBLICA NRO. 291 INT. 903 (PLAZA GRAU)', NULL, 'willianmzc@gmail.com', NULL, '2019-02-27 20:54:00.451', 'WZAMORA', '2020-10-04 16:37:01.89513', 'WZAMORA', 'ASERCO EB EMPRESA INDIVIDUAL DE RESPONSABILIDAD LIMITADA', 3, 'A', '150101', 0);


--
-- Data for Name: condicion_venta; Type: TABLE DATA; Schema: isos; Owner: postgres
--

INSERT INTO isos.condicion_venta (id_condicionventa, nombre, condicion, id_empresa, dias_vencimiento, tasa_interes, estado, fecha_creacion, usuario_creacion, fecha_modificacion, usuario_modificacion) VALUES (2, 'CRÉDITO 30 DIAS', 'CREDITO', 1, 7, 0.02, 'A', '2019-05-14 00:00:00', 'WZAMORA', '2019-05-14 18:21:16.765', 'WZAMORA');
INSERT INTO isos.condicion_venta (id_condicionventa, nombre, condicion, id_empresa, dias_vencimiento, tasa_interes, estado, fecha_creacion, usuario_creacion, fecha_modificacion, usuario_modificacion) VALUES (3, 'CONTADO', 'CONTADO', 2, 0, 0, 'A', '2019-05-14 00:00:00', 'WZAMORA', NULL, NULL);
INSERT INTO isos.condicion_venta (id_condicionventa, nombre, condicion, id_empresa, dias_vencimiento, tasa_interes, estado, fecha_creacion, usuario_creacion, fecha_modificacion, usuario_modificacion) VALUES (4, 'CREDITO', 'CREDITO', 2, 0, 0, 'A', '2019-05-14 00:00:00', 'WZAMORA', NULL, NULL);
INSERT INTO isos.condicion_venta (id_condicionventa, nombre, condicion, id_empresa, dias_vencimiento, tasa_interes, estado, fecha_creacion, usuario_creacion, fecha_modificacion, usuario_modificacion) VALUES (1, 'CONTADO', 'CONTADO', 1, 0, 0, 'A', '2019-05-14 00:00:00', 'WZAMORA', '2020-04-21 09:22:46.047', 'WZAMORA');


--
-- Data for Name: documento; Type: TABLE DATA; Schema: isos; Owner: postgres
--

INSERT INTO isos.documento (id_documento, id_tipodocumento, id_localidad, numero_serie, numero_correlativo, numero_autorizacion, numero_maximo_items, estado, usuario_creacion, fecha_creacion, usuario_modificacion, fecha_modificacion, id_puntoventa, pagina_alto, pagina_ancho, tipo_letra, nombre_configuracion) VALUES (16, 16, NULL, '0001', '00003', '0', 0, 'A', 'RHUAMAN', '2018-12-27 14:59:51.942', NULL, NULL, NULL, 0.00, 0.00, '0', '0');
INSERT INTO isos.documento (id_documento, id_tipodocumento, id_localidad, numero_serie, numero_correlativo, numero_autorizacion, numero_maximo_items, estado, usuario_creacion, fecha_creacion, usuario_modificacion, fecha_modificacion, id_puntoventa, pagina_alto, pagina_ancho, tipo_letra, nombre_configuracion) VALUES (12, 14, 1, 'B001', '0000091', '-', 10, 'A', 'JORTIZ', '2018-06-26 15:05:33.806', 'KCARRION', '2019-02-26 17:14:08.229', 1, 0.00, 0.00, '', '');
INSERT INTO isos.documento (id_documento, id_tipodocumento, id_localidad, numero_serie, numero_correlativo, numero_autorizacion, numero_maximo_items, estado, usuario_creacion, fecha_creacion, usuario_modificacion, fecha_modificacion, id_puntoventa, pagina_alto, pagina_ancho, tipo_letra, nombre_configuracion) VALUES (10, 9, 1, '0002', '000016', '0', 0, 'A', 'WZAMORA', '2018-04-06 11:15:35.101', 'DCRUZ', '2018-05-07 17:21:22.688', 1, 0.00, 0.00, '0', '0');
INSERT INTO isos.documento (id_documento, id_tipodocumento, id_localidad, numero_serie, numero_correlativo, numero_autorizacion, numero_maximo_items, estado, usuario_creacion, fecha_creacion, usuario_modificacion, fecha_modificacion, id_puntoventa, pagina_alto, pagina_ancho, tipo_letra, nombre_configuracion) VALUES (14, 1, NULL, '2018', '000012', '0', 0, 'A', 'WZAMORA', '2018-08-06 15:27:32.938', NULL, NULL, NULL, 0.00, 0.00, '0', '0');
INSERT INTO isos.documento (id_documento, id_tipodocumento, id_localidad, numero_serie, numero_correlativo, numero_autorizacion, numero_maximo_items, estado, usuario_creacion, fecha_creacion, usuario_modificacion, fecha_modificacion, id_puntoventa, pagina_alto, pagina_ancho, tipo_letra, nombre_configuracion) VALUES (2, 2, NULL, '0001', '0000096', '1', 1, 'A', 'WZAMORA', '2018-01-26 15:33:03.746', NULL, NULL, NULL, 1.00, 1.00, '1', '1');
INSERT INTO isos.documento (id_documento, id_tipodocumento, id_localidad, numero_serie, numero_correlativo, numero_autorizacion, numero_maximo_items, estado, usuario_creacion, fecha_creacion, usuario_modificacion, fecha_modificacion, id_puntoventa, pagina_alto, pagina_ancho, tipo_letra, nombre_configuracion) VALUES (7, 8, NULL, '0001', '0000084', '-', 99, 'A', 'JORTIZ', '2018-03-15 11:16:12.596', 'JORTIZ', '2018-03-21 17:46:45.877', NULL, 0.00, 0.01, '', 'ho');
INSERT INTO isos.documento (id_documento, id_tipodocumento, id_localidad, numero_serie, numero_correlativo, numero_autorizacion, numero_maximo_items, estado, usuario_creacion, fecha_creacion, usuario_modificacion, fecha_modificacion, id_puntoventa, pagina_alto, pagina_ancho, tipo_letra, nombre_configuracion) VALUES (15, 15, 3, 'F001', '00013', '0', 10, 'A', 'RHUAMAN', '2018-12-27 11:57:43.982', 'RHUAMAN', '2018-12-27 12:23:51.35', 3, 0.00, 0.00, '0', '0');
INSERT INTO isos.documento (id_documento, id_tipodocumento, id_localidad, numero_serie, numero_correlativo, numero_autorizacion, numero_maximo_items, estado, usuario_creacion, fecha_creacion, usuario_modificacion, fecha_modificacion, id_puntoventa, pagina_alto, pagina_ancho, tipo_letra, nombre_configuracion) VALUES (21, 20, 1, 'FC01', '3', '0', 0, 'A', 'WZAMORA', '2019-11-21 15:29:58.582', NULL, NULL, 1, 0.00, 0.00, '0', '0');
INSERT INTO isos.documento (id_documento, id_tipodocumento, id_localidad, numero_serie, numero_correlativo, numero_autorizacion, numero_maximo_items, estado, usuario_creacion, fecha_creacion, usuario_modificacion, fecha_modificacion, id_puntoventa, pagina_alto, pagina_ancho, tipo_letra, nombre_configuracion) VALUES (19, 19, 1, 'B001', '4', '0', 0, 'A', 'WZAMORA', '2019-08-28 10:08:43.75', NULL, NULL, 1, 0.00, 0.00, '0', '0');
INSERT INTO isos.documento (id_documento, id_tipodocumento, id_localidad, numero_serie, numero_correlativo, numero_autorizacion, numero_maximo_items, estado, usuario_creacion, fecha_creacion, usuario_modificacion, fecha_modificacion, id_puntoventa, pagina_alto, pagina_ancho, tipo_letra, nombre_configuracion) VALUES (20, 22, NULL, '0001', '0000001', '0', 0, 'A', 'WZAMORA', '2019-11-04 17:49:01.531', NULL, NULL, NULL, 0.00, 0.00, '0', '0');
INSERT INTO isos.documento (id_documento, id_tipodocumento, id_localidad, numero_serie, numero_correlativo, numero_autorizacion, numero_maximo_items, estado, usuario_creacion, fecha_creacion, usuario_modificacion, fecha_modificacion, id_puntoventa, pagina_alto, pagina_ancho, tipo_letra, nombre_configuracion) VALUES (3, 4, 1, 'B001', '000161', '034-005-0006315/SUNAT', 10, 'A', 'JORTIZ', '2018-01-26 18:13:05.169', 'WZAMORA', '2019-06-10 18:03:22.263', 1, 0.00, 0.00, '', '');
INSERT INTO isos.documento (id_documento, id_tipodocumento, id_localidad, numero_serie, numero_correlativo, numero_autorizacion, numero_maximo_items, estado, usuario_creacion, fecha_creacion, usuario_modificacion, fecha_modificacion, id_puntoventa, pagina_alto, pagina_ancho, tipo_letra, nombre_configuracion) VALUES (22, 23, NULL, '0001', '00000012', '0', 0, 'A', 'WZAMORA', '2020-01-14 09:48:14.025', 'WZAMORA', '2020-02-07 11:46:12.621', NULL, 0.00, 0.00, '0', '0');
INSERT INTO isos.documento (id_documento, id_tipodocumento, id_localidad, numero_serie, numero_correlativo, numero_autorizacion, numero_maximo_items, estado, usuario_creacion, fecha_creacion, usuario_modificacion, fecha_modificacion, id_puntoventa, pagina_alto, pagina_ancho, tipo_letra, nombre_configuracion) VALUES (18, 18, NULL, '0001', '0000029', '0', 0, 'A', 'WZAMORA', '2019-06-03 11:16:48.051', 'WZAMORA', '2019-06-12 10:30:56.939', NULL, 0.00, 0.00, '0', '0');
INSERT INTO isos.documento (id_documento, id_tipodocumento, id_localidad, numero_serie, numero_correlativo, numero_autorizacion, numero_maximo_items, estado, usuario_creacion, fecha_creacion, usuario_modificacion, fecha_modificacion, id_puntoventa, pagina_alto, pagina_ancho, tipo_letra, nombre_configuracion) VALUES (9, 3, 1, 'F001', '000310', '0', 0, 'A', 'WZAMORA', '2018-04-06 11:10:24.757', 'WZAMORA', '2018-10-09 18:10:31.883', 1, 0.00, 0.00, '0', '0');
INSERT INTO isos.documento (id_documento, id_tipodocumento, id_localidad, numero_serie, numero_correlativo, numero_autorizacion, numero_maximo_items, estado, usuario_creacion, fecha_creacion, usuario_modificacion, fecha_modificacion, id_puntoventa, pagina_alto, pagina_ancho, tipo_letra, nombre_configuracion) VALUES (17, 17, 1, 'F001', '0000082', '0', 0, 'A', 'WZAMORA', '2019-02-26 10:22:35.033', NULL, NULL, 1, 0.00, 0.00, '0', '0');
INSERT INTO isos.documento (id_documento, id_tipodocumento, id_localidad, numero_serie, numero_correlativo, numero_autorizacion, numero_maximo_items, estado, usuario_creacion, fecha_creacion, usuario_modificacion, fecha_modificacion, id_puntoventa, pagina_alto, pagina_ancho, tipo_letra, nombre_configuracion) VALUES (8, 6, NULL, '2018', '0000030', '0', 0, 'A', 'WZAMORA', '2018-03-26 16:06:15.35', 'WZAMORA', '2018-04-03 15:47:08.271', NULL, 0.00, 0.00, '', '');
INSERT INTO isos.documento (id_documento, id_tipodocumento, id_localidad, numero_serie, numero_correlativo, numero_autorizacion, numero_maximo_items, estado, usuario_creacion, fecha_creacion, usuario_modificacion, fecha_modificacion, id_puntoventa, pagina_alto, pagina_ancho, tipo_letra, nombre_configuracion) VALUES (11, 13, 1, '0001', '000262', '-', 10, 'A', 'DCRUZ', '2018-05-05 16:24:19.454', 'JORTIZ', '2018-05-30 17:19:30.771', 1, 0.00, 0.00, '', '');
INSERT INTO isos.documento (id_documento, id_tipodocumento, id_localidad, numero_serie, numero_correlativo, numero_autorizacion, numero_maximo_items, estado, usuario_creacion, fecha_creacion, usuario_modificacion, fecha_modificacion, id_puntoventa, pagina_alto, pagina_ancho, tipo_letra, nombre_configuracion) VALUES (13, 5, 1, 'T001', '0000060', '0', 0, 'A', 'WZAMORA', '2018-07-31 15:35:09.832', 'WZAMORA', '2019-10-29 17:09:46.665', 1, 0.00, 0.00, '0', '0');
INSERT INTO isos.documento (id_documento, id_tipodocumento, id_localidad, numero_serie, numero_correlativo, numero_autorizacion, numero_maximo_items, estado, usuario_creacion, fecha_creacion, usuario_modificacion, fecha_modificacion, id_puntoventa, pagina_alto, pagina_ancho, tipo_letra, nombre_configuracion) VALUES (6, 7, NULL, '0001', '0000164', '-', 50, 'A', 'JORTIZ', '2018-02-02 11:02:22.139', NULL, NULL, NULL, 0.00, 0.00, '', '');


--
-- Data for Name: estado; Type: TABLE DATA; Schema: isos; Owner: postgres
--

INSERT INTO isos.estado (cod_estado, nombre, flag_venta, flag_compra, flag_proforma, flag_solicitudcompra, flag_ordencompra, flag_deuda, flag_orden_trabajo) VALUES ('IN', 'INICIADO', 0, 0, 0, 0, 0, 0, 1);
INSERT INTO isos.estado (cod_estado, nombre, flag_venta, flag_compra, flag_proforma, flag_solicitudcompra, flag_ordencompra, flag_deuda, flag_orden_trabajo) VALUES ('AN', 'ANULADO', 1, 1, 1, 0, 0, 0, 0);
INSERT INTO isos.estado (cod_estado, nombre, flag_venta, flag_compra, flag_proforma, flag_solicitudcompra, flag_ordencompra, flag_deuda, flag_orden_trabajo) VALUES ('AP', 'APROBADO', 0, 0, 1, 0, 0, 0, 0);
INSERT INTO isos.estado (cod_estado, nombre, flag_venta, flag_compra, flag_proforma, flag_solicitudcompra, flag_ordencompra, flag_deuda, flag_orden_trabajo) VALUES ('AS', 'ASOCIADO', 0, 0, 0, 0, 0, 0, 0);
INSERT INTO isos.estado (cod_estado, nombre, flag_venta, flag_compra, flag_proforma, flag_solicitudcompra, flag_ordencompra, flag_deuda, flag_orden_trabajo) VALUES ('CA', 'CANCELADO', 1, 1, 0, 0, 0, 1, 0);
INSERT INTO isos.estado (cod_estado, nombre, flag_venta, flag_compra, flag_proforma, flag_solicitudcompra, flag_ordencompra, flag_deuda, flag_orden_trabajo) VALUES ('EM', 'EMITIDO', 1, 1, 1, 1, 1, 0, 0);
INSERT INTO isos.estado (cod_estado, nombre, flag_venta, flag_compra, flag_proforma, flag_solicitudcompra, flag_ordencompra, flag_deuda, flag_orden_trabajo) VALUES ('EN', 'ENVIADO', 0, 0, 0, 0, 0, 0, 0);
INSERT INTO isos.estado (cod_estado, nombre, flag_venta, flag_compra, flag_proforma, flag_solicitudcompra, flag_ordencompra, flag_deuda, flag_orden_trabajo) VALUES ('PP', 'PENDIENTE DE PAGO', 1, 1, 0, 0, 0, 1, 0);
INSERT INTO isos.estado (cod_estado, nombre, flag_venta, flag_compra, flag_proforma, flag_solicitudcompra, flag_ordencompra, flag_deuda, flag_orden_trabajo) VALUES ('PA', 'PAUSADO', 0, 0, 0, 0, 0, 0, 1);
INSERT INTO isos.estado (cod_estado, nombre, flag_venta, flag_compra, flag_proforma, flag_solicitudcompra, flag_ordencompra, flag_deuda, flag_orden_trabajo) VALUES ('FI', 'FINALIZADO', 0, 0, 0, 0, 0, 0, 1);
INSERT INTO isos.estado (cod_estado, nombre, flag_venta, flag_compra, flag_proforma, flag_solicitudcompra, flag_ordencompra, flag_deuda, flag_orden_trabajo) VALUES ('ET', 'ENTREGADO', 0, 0, 0, 0, 0, 0, 1);
INSERT INTO isos.estado (cod_estado, nombre, flag_venta, flag_compra, flag_proforma, flag_solicitudcompra, flag_ordencompra, flag_deuda, flag_orden_trabajo) VALUES ('CE', 'CERRADO', 0, 0, 1, 0, 0, 0, 0);
INSERT INTO isos.estado (cod_estado, nombre, flag_venta, flag_compra, flag_proforma, flag_solicitudcompra, flag_ordencompra, flag_deuda, flag_orden_trabajo) VALUES ('RC', 'RECEPCIONADO', 0, 0, 0, 0, 0, 0, 0);
INSERT INTO isos.estado (cod_estado, nombre, flag_venta, flag_compra, flag_proforma, flag_solicitudcompra, flag_ordencompra, flag_deuda, flag_orden_trabajo) VALUES ('RE', 'REGISTRADO', 1, 1, 1, 1, 1, 1, 1);
INSERT INTO isos.estado (cod_estado, nombre, flag_venta, flag_compra, flag_proforma, flag_solicitudcompra, flag_ordencompra, flag_deuda, flag_orden_trabajo) VALUES ('AC', 'ACEPTADO', 0, 0, 0, 0, 0, 0, 0);
INSERT INTO isos.estado (cod_estado, nombre, flag_venta, flag_compra, flag_proforma, flag_solicitudcompra, flag_ordencompra, flag_deuda, flag_orden_trabajo) VALUES ('OB', 'OBSERVADO', 0, 0, 0, 0, 0, 0, 0);
INSERT INTO isos.estado (cod_estado, nombre, flag_venta, flag_compra, flag_proforma, flag_solicitudcompra, flag_ordencompra, flag_deuda, flag_orden_trabajo) VALUES ('RZ', 'RECHAZADO', 0, 0, 0, 0, 0, 0, 0);
INSERT INTO isos.estado (cod_estado, nombre, flag_venta, flag_compra, flag_proforma, flag_solicitudcompra, flag_ordencompra, flag_deuda, flag_orden_trabajo) VALUES ('AE', 'ANULACIÓN ENVIADA', 0, 0, 0, 0, 0, 0, 0);


--
-- Data for Name: proforma; Type: TABLE DATA; Schema: isos; Owner: postgres
--

INSERT INTO isos.proforma (id_proforma, id_empresa, id_localidad, id_tipomoneda, id_documento, id_cliente, serie, correlativo, fecha, observacion, tasa_cambio, igv, usuario_creacion, fecha_creacion, usuario_modificacion, fecha_modificacion, estado, total, igv_monto, cod_estado, credito_tasa, credito_nombre, cliente_nombre, cliente_direccion, valor_venta, importe_bruto, descuento_bruto, fecha_vencimiento, uuid_a, uuid_b, enviado_cliente, id_condicionventa, descuento_global, descuento_total, motivo_anulacion, fecha_anulacion, fecha_cierre, condicion_comercial, id_tipo_documento_referencia, documento_referencia_numero) VALUES (1, 1, 1, 1, 6, 394, '0001', '0000156', '2020-02-22 09:04:29', 'INCLUYE: 
-TRASLADO DE LA MAQUINA  AL MOLINO (CARRETERA A FERREÑAFE)
- SE DEJA OPERATIVA E INSTALADA TODA LA PLANTA DE AÑEJADO
-EL INGENIRO A CARGO DEL ARRANQUE Y/O FUNCIONAMIENTO DE LA PLANTA ESTA PRESENTE AL 100% DURANTE LAS 2 PRIMERAS AÑEJADAS, POSTERIORMENTE CONTARÁ CON SU ASESORAMIENTO CUANDO SEA NECESARIO 
-PLANO DE UBICACIÓN Y DISTRIBUCIÓN DE LA PLANTA DE AÑEJADO
-GARANTIA: 01 AÑO CALENDARIO
TIEMPO DE ENTREGA: INMEDIATA
TIEMPO DE INSTALACION: 20 DIAS HABILES', 1, 0.17999999999999999, 'WZAMORA', '2020-01-20 09:04:30.722', 'WZAMORA', '2020-02-29 11:11:45.371', 'A', 100, 15.25, 'AN', 0, NULL, 'ASERCO EB EMPRESA INDIVIDUAL DE RESPONSABILIDAD LIMITADA', 'AV. PASEO DE LA REPUBLICA NRO. 291 INT. 903 (PLAZA GRAU)-LIMA', 84.75, 84.75, 0, '2020-01-20', '07154e60-d12e-49c7-8087-b6bada66493e', '961ea0c8-5094-4361-95af-4f2a07617328', NULL, 1, 0, 0, 'YUIYUIYI', '2020-02-29 11:11:45.371', NULL, NULL, NULL, NULL);
INSERT INTO isos.proforma (id_proforma, id_empresa, id_localidad, id_tipomoneda, id_documento, id_cliente, serie, correlativo, fecha, observacion, tasa_cambio, igv, usuario_creacion, fecha_creacion, usuario_modificacion, fecha_modificacion, estado, total, igv_monto, cod_estado, credito_tasa, credito_nombre, cliente_nombre, cliente_direccion, valor_venta, importe_bruto, descuento_bruto, fecha_vencimiento, uuid_a, uuid_b, enviado_cliente, id_condicionventa, descuento_global, descuento_total, motivo_anulacion, fecha_anulacion, fecha_cierre, condicion_comercial, id_tipo_documento_referencia, documento_referencia_numero) VALUES (2, 1, 1, 1, 6, 1, '0001', '0000157', '2020-02-27 09:44:26', 'INCLUYE: 
-TRASLADO DE LA MAQUINA  AL MOLINO (CARRETERA A FERREÑAFE)
- SE DEJA OPERATIVA E INSTALADA TODA LA PLANTA DE AÑEJADO
-EL INGENIRO A CARGO DEL ARRANQUE Y/O FUNCIONAMIENTO DE LA PLANTA ESTA PRESENTE AL 100% DURANTE LAS 2 PRIMERAS AÑEJADAS, POSTERIORMENTE CONTARÁ CON SU ASESORAMIENTO CUANDO SEA NECESARIO 
-PLANO DE UBICACIÓN Y DISTRIBUCIÓN DE LA PLANTA DE AÑEJADO
-GARANTIA: 01 AÑO CALENDARIO
TIEMPO DE ENTREGA: INMEDIATA
TIEMPO DE INSTALACION: 20 DIAS HABILES', 1, 0.17999999999999999, 'WZAMORA', '2020-01-27 09:44:26.858', 'WZAMORA', '2020-05-08 11:29:17.965', 'A', 12000, 1830.51, 'CE', 0, NULL, 'JUAN', '-', 10169.49, 10169.49, 0, '2020-01-27', '7fc399d6-6727-4368-a6ea-b1c23e8f536a', '7abea20e-3599-479b-be2d-04228ce56da9', NULL, 1, 0, 0, NULL, NULL, '2020-05-08 11:29:17.965', NULL, NULL, NULL);
INSERT INTO isos.proforma (id_proforma, id_empresa, id_localidad, id_tipomoneda, id_documento, id_cliente, serie, correlativo, fecha, observacion, tasa_cambio, igv, usuario_creacion, fecha_creacion, usuario_modificacion, fecha_modificacion, estado, total, igv_monto, cod_estado, credito_tasa, credito_nombre, cliente_nombre, cliente_direccion, valor_venta, importe_bruto, descuento_bruto, fecha_vencimiento, uuid_a, uuid_b, enviado_cliente, id_condicionventa, descuento_global, descuento_total, motivo_anulacion, fecha_anulacion, fecha_cierre, condicion_comercial, id_tipo_documento_referencia, documento_referencia_numero) VALUES (3, 1, 1, 1, 6, 1, '0001', '0000158', '2020-02-25 15:07:56', 'INCLUYE: 
-TRASLADO DE LA MAQUINA  AL MOLINO (CARRETERA A FERREÑAFE)
- SE DEJA OPERATIVA E INSTALADA TODA LA PLANTA DE AÑEJADO
-EL INGENIRO A CARGO DEL ARRANQUE Y/O FUNCIONAMIENTO DE LA PLANTA ESTA PRESENTE AL 100% DURANTE LAS 2 PRIMERAS AÑEJADAS, POSTERIORMENTE CONTARÁ CON SU ASESORAMIENTO CUANDO SEA NECESARIO 
-PLANO DE UBICACIÓN Y DISTRIBUCIÓN DE LA PLANTA DE AÑEJADO
-GARANTIA: 01 AÑO CALENDARIO
TIEMPO DE ENTREGA: INMEDIATA
TIEMPO DE INSTALACION: 20 DIAS HABILES', 1, 0.17999999999999999, 'WZAMORA', '2020-02-11 15:07:56.909', 'WZAMORA', '2020-02-29 11:16:21.505', 'A', 12000, 1830.51, 'AN', 0, NULL, 'JUAN', '-', 10169.49, 10169.49, 0, NULL, '9ee98b9b-199c-4c7e-a080-d4a88ee4d224', 'bc6ed798-e876-4266-9625-471cf59fce35', NULL, 1, 0, 0, '789789789789', '2020-02-29 11:16:21.505', NULL, NULL, NULL, NULL);
INSERT INTO isos.proforma (id_proforma, id_empresa, id_localidad, id_tipomoneda, id_documento, id_cliente, serie, correlativo, fecha, observacion, tasa_cambio, igv, usuario_creacion, fecha_creacion, usuario_modificacion, fecha_modificacion, estado, total, igv_monto, cod_estado, credito_tasa, credito_nombre, cliente_nombre, cliente_direccion, valor_venta, importe_bruto, descuento_bruto, fecha_vencimiento, uuid_a, uuid_b, enviado_cliente, id_condicionventa, descuento_global, descuento_total, motivo_anulacion, fecha_anulacion, fecha_cierre, condicion_comercial, id_tipo_documento_referencia, documento_referencia_numero) VALUES (4, 1, 1, 2, 6, 394, '0001', '0000161', '2020-08-15 13:29:43', '', 3.403, 0.17999999999999999, 'WZAMORA', '2020-08-15 13:29:43.155', NULL, NULL, 'A', 60000, 9152.5400000000009, 'RE', 0, NULL, 'ASERCO EB EMPRESA INDIVIDUAL DE RESPONSABILIDAD LIMITADA', 'AV. PASEO DE LA REPUBLICA NRO. 291 INT. 903 (PLAZA GRAU)-LIMA', 50847.459999999999, 50847.459999999999, 0, '2020-08-15', 'f608df84-622c-4996-9b4b-1d6c5f3c6688', '0f0fc7d0-20d1-4f07-8bd2-f1884cfdb736', NULL, 1, 0, 0, NULL, NULL, NULL, NULL, NULL, NULL);
INSERT INTO isos.proforma (id_proforma, id_empresa, id_localidad, id_tipomoneda, id_documento, id_cliente, serie, correlativo, fecha, observacion, tasa_cambio, igv, usuario_creacion, fecha_creacion, usuario_modificacion, fecha_modificacion, estado, total, igv_monto, cod_estado, credito_tasa, credito_nombre, cliente_nombre, cliente_direccion, valor_venta, importe_bruto, descuento_bruto, fecha_vencimiento, uuid_a, uuid_b, enviado_cliente, id_condicionventa, descuento_global, descuento_total, motivo_anulacion, fecha_anulacion, fecha_cierre, condicion_comercial, id_tipo_documento_referencia, documento_referencia_numero) VALUES (5, 1, 1, 1, 6, 395, '0001', '0000162', '2020-11-21 17:47:09', '', 1, 0.17999999999999999, 'WZAMORA', '2020-11-21 17:47:09.979071', NULL, NULL, 'A', 120, 18.309999999999999, 'RE', 0, NULL, 'D PROMART EIRL', 'AV. PETIT THOUARS NRO. 2341 DPTO. 1 A-LINCE', 101.69, 101.69, 0, '2020-11-21', '3d31b097-4e7e-45c3-a38e-a7c4efc603cf', '4791b32b-691a-44ad-93f9-623fee8711bb', NULL, 1, 0, 0, NULL, NULL, NULL, NULL, NULL, NULL);
INSERT INTO isos.proforma (id_proforma, id_empresa, id_localidad, id_tipomoneda, id_documento, id_cliente, serie, correlativo, fecha, observacion, tasa_cambio, igv, usuario_creacion, fecha_creacion, usuario_modificacion, fecha_modificacion, estado, total, igv_monto, cod_estado, credito_tasa, credito_nombre, cliente_nombre, cliente_direccion, valor_venta, importe_bruto, descuento_bruto, fecha_vencimiento, uuid_a, uuid_b, enviado_cliente, id_condicionventa, descuento_global, descuento_total, motivo_anulacion, fecha_anulacion, fecha_cierre, condicion_comercial, id_tipo_documento_referencia, documento_referencia_numero) VALUES (6, 1, 1, 1, 6, 394, '0001', '0000163', '2020-11-21 18:15:41', 'obewwetw wrtwe', 1, 0.17999999999999999, 'WZAMORA', '2020-11-21 18:15:41.283115', NULL, NULL, 'A', 100, 15.25, 'RE', 0, NULL, 'ASERCO EB EMPRESA INDIVIDUAL DE RESPONSABILIDAD LIMITADA', 'AV. PASEO DE LA REPUBLICA NRO. 291 INT. 903 (PLAZA GRAU)-LIMA', 84.75, 84.75, 0, '2020-11-21', 'ed6735d7-990e-4cb8-b65f-add5e2055892', '765bb9ca-2563-45f1-817f-d539838baec0', NULL, 1, 0, 0, NULL, NULL, NULL, 'EXONERADO DE RETENCIÓN DEL IMPUESTO GENERAL A LAS VENTAS SEGÚN RESOLUCIÓN N° 0730050011287
--------------------------------------------------------------------------
FORMA DE PAGO: Efectivo, Cheque o Depósito en:
  - CUENTA CORRIENTE BCP: 305-1835668-0-07 (SOLES)
                                               305-2451938-1-66 (DOLARES)
  - CUENTA INTERBANCARIA: 00230500183566800716 (SOLES)
                                               00230500245193816619 (DOLARES)
  - CUENTA DETRACCIONES BN: 00-231-170960
VALIDEZ DE LA COTIZACIÓN: 05 días.', 20, '325235235');


--
-- Data for Name: tipo_operacion; Type: TABLE DATA; Schema: isos; Owner: postgres
--

INSERT INTO isos.tipo_operacion (id_tipooperacion, nombre, codigo_sunat, codigo_ose, estado, fecha_creacion, usuario_creacion, fecha_modificacion, usuario_modificacion) VALUES (23, 'Operaciones de Transporte ferroviario de pasajeros', '0302', '', 'I', '2020-01-07 17:44:08.321', 'WZAMORA', '2020-01-07 17:55:11.379', 'WZAMORA');
INSERT INTO isos.tipo_operacion (id_tipooperacion, nombre, codigo_sunat, codigo_ose, estado, fecha_creacion, usuario_creacion, fecha_modificacion, usuario_modificacion) VALUES (22, 'Operaciones con Carta de porte aéreo (emitidas en el ámbito nacional)', '0301', '', 'I', '2020-01-07 17:44:08.321', 'WZAMORA', '2020-01-07 17:55:16.446', 'WZAMORA');
INSERT INTO isos.tipo_operacion (id_tipooperacion, nombre, codigo_sunat, codigo_ose, estado, fecha_creacion, usuario_creacion, fecha_modificacion, usuario_modificacion) VALUES (21, 'Exportación de Servicios – Prestación servicios realizados parcialmente en el extranjero', '0208', '', 'I', '2020-01-07 17:44:08.321', 'WZAMORA', '2020-01-07 17:55:20.744', 'WZAMORA');
INSERT INTO isos.tipo_operacion (id_tipooperacion, nombre, codigo_sunat, codigo_ose, estado, fecha_creacion, usuario_creacion, fecha_modificacion, usuario_modificacion) VALUES (24, 'Operaciones de Pago de regalía petrolera', '0303', '', 'I', '2020-01-07 17:44:08.321', 'WZAMORA', '2020-01-07 17:55:24.282', 'WZAMORA');
INSERT INTO isos.tipo_operacion (id_tipooperacion, nombre, codigo_sunat, codigo_ose, estado, fecha_creacion, usuario_creacion, fecha_modificacion, usuario_modificacion) VALUES (27, 'Operación Sujeta a Detracción- Recursos Hidrobiológicos', '1002', '', 'I', '2020-01-07 17:44:08.321', 'WZAMORA', '2020-01-07 17:55:28.035', 'WZAMORA');
INSERT INTO isos.tipo_operacion (id_tipooperacion, nombre, codigo_sunat, codigo_ose, estado, fecha_creacion, usuario_creacion, fecha_modificacion, usuario_modificacion) VALUES (1, 'Venta interna', '0101', '1', 'A', '2020-01-07 17:44:08.321', 'WZAMORA', NULL, NULL);
INSERT INTO isos.tipo_operacion (id_tipooperacion, nombre, codigo_sunat, codigo_ose, estado, fecha_creacion, usuario_creacion, fecha_modificacion, usuario_modificacion) VALUES (3, 'Venta Interna – Deducción de Anticipos
', '0103', NULL, 'I', '2020-01-07 17:44:08.321', 'WZAMORA', NULL, NULL);
INSERT INTO isos.tipo_operacion (id_tipooperacion, nombre, codigo_sunat, codigo_ose, estado, fecha_creacion, usuario_creacion, fecha_modificacion, usuario_modificacion) VALUES (5, 'Venta Interna - Sustenta Traslado de Mercadería - Remitente', '0110', NULL, 'I', '2020-01-07 17:44:08.321', 'WZAMORA', NULL, NULL);
INSERT INTO isos.tipo_operacion (id_tipooperacion, nombre, codigo_sunat, codigo_ose, estado, fecha_creacion, usuario_creacion, fecha_modificacion, usuario_modificacion) VALUES (20, 'Exportación de Servicios – Suministro de energía eléctrica a favor de sujetos domiciliados en ZED', '0207', '', 'I', '2020-01-07 17:44:08.321', 'WZAMORA', '2020-01-07 17:55:34.322', 'WZAMORA');
INSERT INTO isos.tipo_operacion (id_tipooperacion, nombre, codigo_sunat, codigo_ose, estado, fecha_creacion, usuario_creacion, fecha_modificacion, usuario_modificacion) VALUES (28, 'Operación Sujeta a Detracción- Servicios de Transporte Pasajeros', '1003', '', 'I', '2020-01-07 17:44:08.321', 'WZAMORA', '2020-01-07 17:55:02.497', 'WZAMORA');
INSERT INTO isos.tipo_operacion (id_tipooperacion, nombre, codigo_sunat, codigo_ose, estado, fecha_creacion, usuario_creacion, fecha_modificacion, usuario_modificacion) VALUES (19, 'Exportación de Servicios – Servicios complementarios al transporte de carga', '0206', '', 'I', '2020-01-07 17:44:08.321', 'WZAMORA', '2020-01-07 17:55:39.575', 'WZAMORA');
INSERT INTO isos.tipo_operacion (id_tipooperacion, nombre, codigo_sunat, codigo_ose, estado, fecha_creacion, usuario_creacion, fecha_modificacion, usuario_modificacion) VALUES (18, 'Exportación de Servicios  - Servicios que conformen un Paquete Turístico', '0205', '', 'I', '2020-01-07 17:44:08.321', 'WZAMORA', '2020-01-07 17:55:45.346', 'WZAMORA');
INSERT INTO isos.tipo_operacion (id_tipooperacion, nombre, codigo_sunat, codigo_ose, estado, fecha_creacion, usuario_creacion, fecha_modificacion, usuario_modificacion) VALUES (17, 'Exportación de Servicios – Servicios  a naves y aeronaves de bandera extranjera', '0204', '', 'I', '2020-01-07 17:44:08.321', 'WZAMORA', '2020-01-07 17:55:51.079', 'WZAMORA');
INSERT INTO isos.tipo_operacion (id_tipooperacion, nombre, codigo_sunat, codigo_ose, estado, fecha_creacion, usuario_creacion, fecha_modificacion, usuario_modificacion) VALUES (16, 'Exportación de Servicios – Transporte de navieras', '0203', '', 'I', '2020-01-07 17:44:08.321', 'WZAMORA', '2020-01-07 17:55:55.701', 'WZAMORA');
INSERT INTO isos.tipo_operacion (id_tipooperacion, nombre, codigo_sunat, codigo_ose, estado, fecha_creacion, usuario_creacion, fecha_modificacion, usuario_modificacion) VALUES (15, 'Exportación de Servicios – Prestación de servicios de hospedaje No Domiciliado', '0202', '', 'I', '2020-01-07 17:44:08.321', 'WZAMORA', '2020-01-07 17:56:00.796', 'WZAMORA');
INSERT INTO isos.tipo_operacion (id_tipooperacion, nombre, codigo_sunat, codigo_ose, estado, fecha_creacion, usuario_creacion, fecha_modificacion, usuario_modificacion) VALUES (14, 'Exportación de Servicios – Prestación servicios realizados íntegramente en el país', '0201', '', 'I', '2020-01-07 17:44:08.321', 'WZAMORA', '2020-01-07 17:56:05.903', 'WZAMORA');
INSERT INTO isos.tipo_operacion (id_tipooperacion, nombre, codigo_sunat, codigo_ose, estado, fecha_creacion, usuario_creacion, fecha_modificacion, usuario_modificacion) VALUES (12, 'Venta Interna - Realizadas al Estado ', '0130', '', 'I', '2020-01-07 17:44:08.321', 'WZAMORA', '2020-01-07 17:56:10.405', 'WZAMORA');
INSERT INTO isos.tipo_operacion (id_tipooperacion, nombre, codigo_sunat, codigo_ose, estado, fecha_creacion, usuario_creacion, fecha_modificacion, usuario_modificacion) VALUES (11, 'Venta Interna - Sujeta a Otros Impuestos', '0122', '', 'I', '2020-01-07 17:44:08.321', 'WZAMORA', '2020-01-07 17:56:15.693', 'WZAMORA');
INSERT INTO isos.tipo_operacion (id_tipooperacion, nombre, codigo_sunat, codigo_ose, estado, fecha_creacion, usuario_creacion, fecha_modificacion, usuario_modificacion) VALUES (10, 'Venta Interna - Sujeta al FISE', '0121', '', 'I', '2020-01-07 17:44:08.321', 'WZAMORA', '2020-01-07 17:56:35.581', 'WZAMORA');
INSERT INTO isos.tipo_operacion (id_tipooperacion, nombre, codigo_sunat, codigo_ose, estado, fecha_creacion, usuario_creacion, fecha_modificacion, usuario_modificacion) VALUES (7, 'Venta Interna - Sustenta Gastos Deducibles Persona Natural', '0112', '', 'I', '2020-01-07 17:44:08.321', 'WZAMORA', '2020-01-07 17:56:38.872', 'WZAMORA');
INSERT INTO isos.tipo_operacion (id_tipooperacion, nombre, codigo_sunat, codigo_ose, estado, fecha_creacion, usuario_creacion, fecha_modificacion, usuario_modificacion) VALUES (9, 'Venta Interna - Sujeta al IVAP', '0120', '', 'I', '2020-01-07 17:44:08.321', 'WZAMORA', '2020-01-07 17:56:41.902', 'WZAMORA');
INSERT INTO isos.tipo_operacion (id_tipooperacion, nombre, codigo_sunat, codigo_ose, estado, fecha_creacion, usuario_creacion, fecha_modificacion, usuario_modificacion) VALUES (8, 'Venta Interna-NRUS', '0113', '', 'I', '2020-01-07 17:44:08.321', 'WZAMORA', '2020-01-07 17:56:46.472', 'WZAMORA');
INSERT INTO isos.tipo_operacion (id_tipooperacion, nombre, codigo_sunat, codigo_ose, estado, fecha_creacion, usuario_creacion, fecha_modificacion, usuario_modificacion) VALUES (6, 'Venta Interna - Sustenta Traslado de Mercadería - Transportista', '0111', '', 'I', '2020-01-07 17:44:08.321', 'WZAMORA', '2020-01-07 17:56:50.315', 'WZAMORA');
INSERT INTO isos.tipo_operacion (id_tipooperacion, nombre, codigo_sunat, codigo_ose, estado, fecha_creacion, usuario_creacion, fecha_modificacion, usuario_modificacion) VALUES (26, 'Operación Sujeta a Detracción', '1001', '30', 'A', '2020-01-07 17:44:08.321', 'WZAMORA', '2020-01-07 17:57:35.214', 'WZAMORA');
INSERT INTO isos.tipo_operacion (id_tipooperacion, nombre, codigo_sunat, codigo_ose, estado, fecha_creacion, usuario_creacion, fecha_modificacion, usuario_modificacion) VALUES (4, 'Venta interna - Itinerante', '0104', '5', 'I', '2020-01-07 17:44:08.321', 'WZAMORA', '2020-01-07 17:58:24.307', 'WZAMORA');
INSERT INTO isos.tipo_operacion (id_tipooperacion, nombre, codigo_sunat, codigo_ose, estado, fecha_creacion, usuario_creacion, fecha_modificacion, usuario_modificacion) VALUES (13, 'Exportación de Bienes', '0200', '2', 'I', '2020-01-07 17:44:08.321', 'WZAMORA', '2020-01-07 17:58:48.275', 'WZAMORA');
INSERT INTO isos.tipo_operacion (id_tipooperacion, nombre, codigo_sunat, codigo_ose, estado, fecha_creacion, usuario_creacion, fecha_modificacion, usuario_modificacion) VALUES (25, 'Ventas no domiciliados que no califican como exportación', '0401', '3', 'I', '2020-01-07 17:44:08.321', 'WZAMORA', '2020-01-07 17:59:35.879', 'WZAMORA');
INSERT INTO isos.tipo_operacion (id_tipooperacion, nombre, codigo_sunat, codigo_ose, estado, fecha_creacion, usuario_creacion, fecha_modificacion, usuario_modificacion) VALUES (2, 'Venta Interna – Anticipos', '0102', '4', 'I', '2020-01-07 17:44:08.321', 'WZAMORA', '2020-01-08 08:21:54.53', 'WZAMORA');
INSERT INTO isos.tipo_operacion (id_tipooperacion, nombre, codigo_sunat, codigo_ose, estado, fecha_creacion, usuario_creacion, fecha_modificacion, usuario_modificacion) VALUES (30, 'Operación Sujeta a Percepción', '2001', '34', 'A', '2020-01-08 09:16:35.929', 'WZAMORA', NULL, NULL);
INSERT INTO isos.tipo_operacion (id_tipooperacion, nombre, codigo_sunat, codigo_ose, estado, fecha_creacion, usuario_creacion, fecha_modificacion, usuario_modificacion) VALUES (29, 'Operación Sujeta a Detracción- Servicios de Transporte Carga', '1004', '', 'I', '2020-01-07 17:44:08.321', 'WZAMORA', '2020-04-21 09:30:36.97', 'WZAMORA');


--
-- Data for Name: orden_trabajo; Type: TABLE DATA; Schema: isos; Owner: postgres
--

INSERT INTO isos.orden_trabajo (id_orden_trabajo, fecha, id_empresa, id_cliente, id_tipomoneda, id_documento, id_puntoventa, serie, correlativo, observacion, tasa_cambio, igv, usuario_creacion, fecha_creacion, usuario_modificacion, fecha_modificacion, estado, total, igv_monto, id_proforma, cod_estado, credito_tasa, credito_nombre, cliente_nombre, cliente_direccion, fecha_anulacion, pendiente_entrega, valor_venta, bien_servicio, motivo_anulacion, id_trabajador_responsable, importe_bruto, descuento_bruto, uuid_a, uuid_b, fecha_vencimiento, id_tipooperacion, valor_venta_gravado, valor_venta_exonerado, valor_venta_gratuito, valor_venta_inafecto, nro_orden_compra, enviado_cliente, leido_cliente, aceptado_sunat, json_respuesta_ose, descuento_global, sunat_anulado, id_condicionventa, descuento_total, prioridad, fecha_iniciado, fecha_finalizado, id_pedido_venta) VALUES (1, '2020-02-07 16:39:11', 1, 1, NULL, 22, 1, '0001', '00000001', '', NULL, 0.17999999999999999, 'WZAMORA', '2020-02-07 16:39:11.843', NULL, NULL, 'A', NULL, NULL, 2, 'IN', NULL, NULL, 'JUAN', '-', NULL, NULL, NULL, 'B', NULL, 2, NULL, NULL, 'e477473d-0941-448e-9c3b-c84d83601238', 'b3b2a22b-845a-42eb-b9a5-820e228e64e4', NULL, NULL, NULL, NULL, NULL, NULL, NULL, 0, 0, 0, NULL, NULL, 0, NULL, NULL, 'MEDIA', NULL, '2020-02-17 08:52:39.675', NULL);
INSERT INTO isos.orden_trabajo (id_orden_trabajo, fecha, id_empresa, id_cliente, id_tipomoneda, id_documento, id_puntoventa, serie, correlativo, observacion, tasa_cambio, igv, usuario_creacion, fecha_creacion, usuario_modificacion, fecha_modificacion, estado, total, igv_monto, id_proforma, cod_estado, credito_tasa, credito_nombre, cliente_nombre, cliente_direccion, fecha_anulacion, pendiente_entrega, valor_venta, bien_servicio, motivo_anulacion, id_trabajador_responsable, importe_bruto, descuento_bruto, uuid_a, uuid_b, fecha_vencimiento, id_tipooperacion, valor_venta_gravado, valor_venta_exonerado, valor_venta_gratuito, valor_venta_inafecto, nro_orden_compra, enviado_cliente, leido_cliente, aceptado_sunat, json_respuesta_ose, descuento_global, sunat_anulado, id_condicionventa, descuento_total, prioridad, fecha_iniciado, fecha_finalizado, id_pedido_venta) VALUES (2, '2020-02-07 18:11:16', 1, 1, NULL, 22, 1, '0001', '00000002', '', NULL, 0.17999999999999999, 'WZAMORA', '2020-02-07 18:11:17.136', NULL, NULL, 'A', NULL, NULL, 2, 'IN', NULL, NULL, 'JUAN', '-', NULL, NULL, NULL, 'B', NULL, 2, NULL, NULL, 'ce0f7d2e-af0f-41cf-89e7-cd7542137726', 'b944f76a-d21a-4948-9c6e-4114edef5acc', NULL, NULL, NULL, NULL, NULL, NULL, NULL, 0, 0, 0, NULL, NULL, 0, NULL, NULL, 'MEDIA', NULL, '2020-02-17 08:46:25.557', NULL);
INSERT INTO isos.orden_trabajo (id_orden_trabajo, fecha, id_empresa, id_cliente, id_tipomoneda, id_documento, id_puntoventa, serie, correlativo, observacion, tasa_cambio, igv, usuario_creacion, fecha_creacion, usuario_modificacion, fecha_modificacion, estado, total, igv_monto, id_proforma, cod_estado, credito_tasa, credito_nombre, cliente_nombre, cliente_direccion, fecha_anulacion, pendiente_entrega, valor_venta, bien_servicio, motivo_anulacion, id_trabajador_responsable, importe_bruto, descuento_bruto, uuid_a, uuid_b, fecha_vencimiento, id_tipooperacion, valor_venta_gravado, valor_venta_exonerado, valor_venta_gratuito, valor_venta_inafecto, nro_orden_compra, enviado_cliente, leido_cliente, aceptado_sunat, json_respuesta_ose, descuento_global, sunat_anulado, id_condicionventa, descuento_total, prioridad, fecha_iniciado, fecha_finalizado, id_pedido_venta) VALUES (3, '2020-02-11 13:03:37', 1, 394, NULL, 22, 1, '0001', '00000003', '', NULL, 0.17999999999999999, 'WZAMORA', '2020-02-11 13:03:38.469', NULL, NULL, 'A', NULL, NULL, 1, 'IN', NULL, NULL, 'ASERCO EB EMPRESA INDIVIDUAL DE RESPONSABILIDAD LIMITADA', 'AV. PASEO DE LA REPUBLICA NRO. 291 INT. 903 (PLAZA GRAU)-LIMA', NULL, NULL, NULL, 'B', NULL, 1, NULL, NULL, '99d4110e-15b9-422b-854d-af22d6d72a6b', 'e11e0554-5ed7-413b-9538-53eb0058b42b', NULL, NULL, NULL, NULL, NULL, NULL, NULL, 0, 0, 0, NULL, NULL, 0, NULL, NULL, 'MEDIA', NULL, '2020-02-17 08:46:01.116', NULL);
INSERT INTO isos.orden_trabajo (id_orden_trabajo, fecha, id_empresa, id_cliente, id_tipomoneda, id_documento, id_puntoventa, serie, correlativo, observacion, tasa_cambio, igv, usuario_creacion, fecha_creacion, usuario_modificacion, fecha_modificacion, estado, total, igv_monto, id_proforma, cod_estado, credito_tasa, credito_nombre, cliente_nombre, cliente_direccion, fecha_anulacion, pendiente_entrega, valor_venta, bien_servicio, motivo_anulacion, id_trabajador_responsable, importe_bruto, descuento_bruto, uuid_a, uuid_b, fecha_vencimiento, id_tipooperacion, valor_venta_gravado, valor_venta_exonerado, valor_venta_gratuito, valor_venta_inafecto, nro_orden_compra, enviado_cliente, leido_cliente, aceptado_sunat, json_respuesta_ose, descuento_global, sunat_anulado, id_condicionventa, descuento_total, prioridad, fecha_iniciado, fecha_finalizado, id_pedido_venta) VALUES (5, '2020-02-11 15:09:05', 1, 1, NULL, 22, 1, '0001', '00000005', '', NULL, 0.17999999999999999, 'WZAMORA', '2020-02-11 15:09:05.846', NULL, NULL, 'A', NULL, NULL, NULL, 'FI', NULL, NULL, 'JUAN', '-', NULL, NULL, NULL, 'B', NULL, 1, NULL, NULL, '3727d3b7-12db-441c-bff2-8b66775497cf', '7b8a8d71-1bd2-41b5-ae8c-8e6becff2bb9', NULL, NULL, NULL, NULL, NULL, NULL, NULL, 0, 0, 0, NULL, NULL, 0, NULL, NULL, 'MEDIA', NULL, '2020-02-17 09:00:14.933', NULL);
INSERT INTO isos.orden_trabajo (id_orden_trabajo, fecha, id_empresa, id_cliente, id_tipomoneda, id_documento, id_puntoventa, serie, correlativo, observacion, tasa_cambio, igv, usuario_creacion, fecha_creacion, usuario_modificacion, fecha_modificacion, estado, total, igv_monto, id_proforma, cod_estado, credito_tasa, credito_nombre, cliente_nombre, cliente_direccion, fecha_anulacion, pendiente_entrega, valor_venta, bien_servicio, motivo_anulacion, id_trabajador_responsable, importe_bruto, descuento_bruto, uuid_a, uuid_b, fecha_vencimiento, id_tipooperacion, valor_venta_gravado, valor_venta_exonerado, valor_venta_gratuito, valor_venta_inafecto, nro_orden_compra, enviado_cliente, leido_cliente, aceptado_sunat, json_respuesta_ose, descuento_global, sunat_anulado, id_condicionventa, descuento_total, prioridad, fecha_iniciado, fecha_finalizado, id_pedido_venta) VALUES (4, '2020-02-11 15:03:05', 1, 1, NULL, 22, 1, '0001', '00000004', '', NULL, 0.17999999999999999, 'WZAMORA', '2020-02-11 15:03:06.083', NULL, NULL, 'A', NULL, NULL, 2, 'FI', NULL, NULL, 'JUAN', '-', NULL, NULL, NULL, 'B', NULL, 1, NULL, NULL, '71ad871c-70d0-45f5-860d-38bee3719659', '2c7a6de0-c4d9-45b8-83c3-c012b2446393', NULL, NULL, NULL, NULL, NULL, NULL, NULL, 0, 0, 0, NULL, NULL, 0, NULL, NULL, 'MEDIA', NULL, '2020-02-26 10:23:08.188', NULL);
INSERT INTO isos.orden_trabajo (id_orden_trabajo, fecha, id_empresa, id_cliente, id_tipomoneda, id_documento, id_puntoventa, serie, correlativo, observacion, tasa_cambio, igv, usuario_creacion, fecha_creacion, usuario_modificacion, fecha_modificacion, estado, total, igv_monto, id_proforma, cod_estado, credito_tasa, credito_nombre, cliente_nombre, cliente_direccion, fecha_anulacion, pendiente_entrega, valor_venta, bien_servicio, motivo_anulacion, id_trabajador_responsable, importe_bruto, descuento_bruto, uuid_a, uuid_b, fecha_vencimiento, id_tipooperacion, valor_venta_gravado, valor_venta_exonerado, valor_venta_gratuito, valor_venta_inafecto, nro_orden_compra, enviado_cliente, leido_cliente, aceptado_sunat, json_respuesta_ose, descuento_global, sunat_anulado, id_condicionventa, descuento_total, prioridad, fecha_iniciado, fecha_finalizado, id_pedido_venta) VALUES (6, '2020-02-26 10:16:33', 1, 394, NULL, 22, 1, '0001', '00000006', '', NULL, 0.17999999999999999, 'WZAMORA', '2020-02-26 10:16:34.107', NULL, NULL, 'A', NULL, NULL, NULL, 'IN', NULL, NULL, 'ASERCO EB EMPRESA INDIVIDUAL DE RESPONSABILIDAD LIMITADA', 'AV. PASEO DE LA REPUBLICA NRO. 291 INT. 903 (PLAZA GRAU)-LIMA', NULL, NULL, NULL, 'B', NULL, 1, NULL, NULL, '580f9cd0-b9d8-4e64-a40b-f85a2586f91c', '8b8bbfe7-328b-426b-9963-cdd10eb9bb69', NULL, NULL, NULL, NULL, NULL, NULL, NULL, 0, 0, 0, NULL, NULL, 0, NULL, NULL, 'MEDIA', '2020-02-26 10:23:13.665', NULL, NULL);
INSERT INTO isos.orden_trabajo (id_orden_trabajo, fecha, id_empresa, id_cliente, id_tipomoneda, id_documento, id_puntoventa, serie, correlativo, observacion, tasa_cambio, igv, usuario_creacion, fecha_creacion, usuario_modificacion, fecha_modificacion, estado, total, igv_monto, id_proforma, cod_estado, credito_tasa, credito_nombre, cliente_nombre, cliente_direccion, fecha_anulacion, pendiente_entrega, valor_venta, bien_servicio, motivo_anulacion, id_trabajador_responsable, importe_bruto, descuento_bruto, uuid_a, uuid_b, fecha_vencimiento, id_tipooperacion, valor_venta_gravado, valor_venta_exonerado, valor_venta_gratuito, valor_venta_inafecto, nro_orden_compra, enviado_cliente, leido_cliente, aceptado_sunat, json_respuesta_ose, descuento_global, sunat_anulado, id_condicionventa, descuento_total, prioridad, fecha_iniciado, fecha_finalizado, id_pedido_venta) VALUES (7, '2020-02-26 11:02:11', 1, 1, NULL, 22, 1, '0001', '00000007', '', NULL, 0.17999999999999999, 'WZAMORA', '2020-02-26 11:02:12.109', NULL, NULL, 'A', NULL, NULL, 3, 'RE', NULL, NULL, 'JUAN', '-', NULL, NULL, NULL, 'B', NULL, 1, NULL, NULL, 'f11b1075-05c3-4e0b-8bc8-bc90bfff3414', '6dcf2475-3091-4f4e-9236-f97375093450', NULL, NULL, NULL, NULL, NULL, NULL, NULL, 0, 0, 0, NULL, NULL, 0, NULL, NULL, 'MEDIA', NULL, NULL, NULL);
INSERT INTO isos.orden_trabajo (id_orden_trabajo, fecha, id_empresa, id_cliente, id_tipomoneda, id_documento, id_puntoventa, serie, correlativo, observacion, tasa_cambio, igv, usuario_creacion, fecha_creacion, usuario_modificacion, fecha_modificacion, estado, total, igv_monto, id_proforma, cod_estado, credito_tasa, credito_nombre, cliente_nombre, cliente_direccion, fecha_anulacion, pendiente_entrega, valor_venta, bien_servicio, motivo_anulacion, id_trabajador_responsable, importe_bruto, descuento_bruto, uuid_a, uuid_b, fecha_vencimiento, id_tipooperacion, valor_venta_gravado, valor_venta_exonerado, valor_venta_gratuito, valor_venta_inafecto, nro_orden_compra, enviado_cliente, leido_cliente, aceptado_sunat, json_respuesta_ose, descuento_global, sunat_anulado, id_condicionventa, descuento_total, prioridad, fecha_iniciado, fecha_finalizado, id_pedido_venta) VALUES (8, '2020-02-26 11:11:25', 1, 394, NULL, 22, 1, '0001', '00000008', '', NULL, 0.17999999999999999, 'WZAMORA', '2020-02-26 11:11:26.174', NULL, NULL, 'A', NULL, NULL, NULL, 'RE', NULL, NULL, 'ASERCO EB EMPRESA INDIVIDUAL DE RESPONSABILIDAD LIMITADA', 'AV. PASEO DE LA REPUBLICA NRO. 291 INT. 903 (PLAZA GRAU)-LIMA', NULL, NULL, NULL, 'B', NULL, 1, NULL, NULL, 'e5cae0c1-f663-40f5-8438-82cee8eb9562', '893db217-fe39-4a9f-86f7-63482c6bf49c', NULL, NULL, NULL, NULL, NULL, NULL, NULL, 0, 0, 0, NULL, NULL, 0, NULL, NULL, 'MEDIA', NULL, NULL, 2);
INSERT INTO isos.orden_trabajo (id_orden_trabajo, fecha, id_empresa, id_cliente, id_tipomoneda, id_documento, id_puntoventa, serie, correlativo, observacion, tasa_cambio, igv, usuario_creacion, fecha_creacion, usuario_modificacion, fecha_modificacion, estado, total, igv_monto, id_proforma, cod_estado, credito_tasa, credito_nombre, cliente_nombre, cliente_direccion, fecha_anulacion, pendiente_entrega, valor_venta, bien_servicio, motivo_anulacion, id_trabajador_responsable, importe_bruto, descuento_bruto, uuid_a, uuid_b, fecha_vencimiento, id_tipooperacion, valor_venta_gravado, valor_venta_exonerado, valor_venta_gratuito, valor_venta_inafecto, nro_orden_compra, enviado_cliente, leido_cliente, aceptado_sunat, json_respuesta_ose, descuento_global, sunat_anulado, id_condicionventa, descuento_total, prioridad, fecha_iniciado, fecha_finalizado, id_pedido_venta) VALUES (9, '2020-02-27 16:46:54', 1, 1, NULL, 22, 1, '0001', '00000009', '', NULL, 0.17999999999999999, 'WZAMORA', '2020-02-27 16:46:54.984', NULL, NULL, 'A', NULL, NULL, NULL, 'RE', NULL, NULL, 'JUAN', '-', NULL, NULL, NULL, 'B', NULL, 1, NULL, NULL, '25921f56-c029-42c1-bb0c-efd0321e2f76', '01feecd6-d891-4ec7-b788-2d69d26d6203', NULL, NULL, NULL, NULL, NULL, NULL, NULL, 0, 0, 0, NULL, NULL, 0, NULL, NULL, 'MEDIA', NULL, NULL, NULL);
INSERT INTO isos.orden_trabajo (id_orden_trabajo, fecha, id_empresa, id_cliente, id_tipomoneda, id_documento, id_puntoventa, serie, correlativo, observacion, tasa_cambio, igv, usuario_creacion, fecha_creacion, usuario_modificacion, fecha_modificacion, estado, total, igv_monto, id_proforma, cod_estado, credito_tasa, credito_nombre, cliente_nombre, cliente_direccion, fecha_anulacion, pendiente_entrega, valor_venta, bien_servicio, motivo_anulacion, id_trabajador_responsable, importe_bruto, descuento_bruto, uuid_a, uuid_b, fecha_vencimiento, id_tipooperacion, valor_venta_gravado, valor_venta_exonerado, valor_venta_gratuito, valor_venta_inafecto, nro_orden_compra, enviado_cliente, leido_cliente, aceptado_sunat, json_respuesta_ose, descuento_global, sunat_anulado, id_condicionventa, descuento_total, prioridad, fecha_iniciado, fecha_finalizado, id_pedido_venta) VALUES (10, '2020-02-27 17:03:39', 1, 1, NULL, 22, 1, '0001', '00000010', '', NULL, 0.17999999999999999, 'WZAMORA', '2020-02-27 17:03:39.245', NULL, NULL, 'A', NULL, NULL, NULL, 'RE', NULL, NULL, 'JUAN', '-', NULL, NULL, NULL, 'B', NULL, 1, NULL, NULL, '0d1f60c9-bab6-42fc-bad8-c982eb5696b3', 'b6fd9179-6439-4463-9af9-5889da2fe2df', NULL, NULL, NULL, NULL, NULL, NULL, NULL, 0, 0, 0, NULL, NULL, 0, NULL, NULL, 'MEDIA', NULL, NULL, NULL);
INSERT INTO isos.orden_trabajo (id_orden_trabajo, fecha, id_empresa, id_cliente, id_tipomoneda, id_documento, id_puntoventa, serie, correlativo, observacion, tasa_cambio, igv, usuario_creacion, fecha_creacion, usuario_modificacion, fecha_modificacion, estado, total, igv_monto, id_proforma, cod_estado, credito_tasa, credito_nombre, cliente_nombre, cliente_direccion, fecha_anulacion, pendiente_entrega, valor_venta, bien_servicio, motivo_anulacion, id_trabajador_responsable, importe_bruto, descuento_bruto, uuid_a, uuid_b, fecha_vencimiento, id_tipooperacion, valor_venta_gravado, valor_venta_exonerado, valor_venta_gratuito, valor_venta_inafecto, nro_orden_compra, enviado_cliente, leido_cliente, aceptado_sunat, json_respuesta_ose, descuento_global, sunat_anulado, id_condicionventa, descuento_total, prioridad, fecha_iniciado, fecha_finalizado, id_pedido_venta) VALUES (11, '2020-05-13 22:47:58', 1, 394, NULL, 22, 1, '0001', '00000011', '', NULL, 0.17999999999999999, 'WZAMORA', '2020-05-13 22:47:58.703', 'WZAMORA', '2020-06-05 12:19:49.658', 'A', NULL, NULL, NULL, 'AN', NULL, NULL, 'ASERCO EB EMPRESA INDIVIDUAL DE RESPONSABILIDAD LIMITADA', 'AV. PASEO DE LA REPUBLICA NRO. 291 INT. 903 (PLAZA GRAU)-LIMA', '2020-06-05 12:19:49.658', NULL, NULL, 'B', 'ERROR EN LA APLICACIÓN DE DESCUENTO', 1, NULL, NULL, 'dd0198e8-9071-4885-b9e0-4c5782010781', 'f062a3b1-c611-4765-8dec-b6b502e05e51', NULL, NULL, NULL, NULL, NULL, NULL, NULL, 0, 0, 0, NULL, NULL, 0, NULL, NULL, 'MEDIA', NULL, NULL, 1);


--
-- Data for Name: file_orden_trabajo; Type: TABLE DATA; Schema: file; Owner: postgres
--

INSERT INTO file.file_orden_trabajo (id_file, id_orden_trabajo) VALUES (21, 11);
INSERT INTO file.file_orden_trabajo (id_file, id_orden_trabajo) VALUES (22, 11);
INSERT INTO file.file_orden_trabajo (id_file, id_orden_trabajo) VALUES (23, 11);
INSERT INTO file.file_orden_trabajo (id_file, id_orden_trabajo) VALUES (24, 11);


--
-- Data for Name: pedido_venta; Type: TABLE DATA; Schema: isos; Owner: postgres
--

INSERT INTO isos.pedido_venta (id_pedido_venta, id_empresa, id_puntoventa, id_cliente, id_tipomoneda, id_documento, id_proforma, id_condicionventa, fecha, serie, correlativo, observacion, tasa_cambio, igv, usuario_creacion, fecha_creacion, usuario_modificacion, fecha_modificacion, estado, total, igv_monto, cod_estado, credito_tasa, cliente_nombre, cliente_direccion, fecha_anulacion, pendiente_entrega, bien_servicio, motivo_anulacion, importe_bruto, descuento_bruto, fecha_vencimiento, valor_venta_gravado, valor_venta_exonerado, valor_venta_gratuito, valor_venta_inafecto, nro_orden_compra, descuento_global, uuid_a, uuid_b, descuento_total, anulacion_observacion) VALUES (1, 1, 1, 394, 1, 18, NULL, 1, '2020-05-19 19:23:12', '0001', '0000028', '', 1, 0.18, 'WZAMORA', '2020-05-19 19:23:12.688', NULL, NULL, 'A', 100, 15.25, 'EM', 0, 'ASERCO EB EMPRESA INDIVIDUAL DE RESPONSABILIDAD LIMITADA', 'AV. PASEO DE LA REPUBLICA NRO. 291 INT. 903 (PLAZA GRAU)-LIMA', NULL, 1, 'B', NULL, 100, 15.25, '2020-05-19', 84.75, 0.00, 0.00, 0.00, '34534535345', 0, '8734ee9b-3b3b-410b-9c46-2441d1a1d6d4', 'fdcf9940-1003-4a45-9775-38ee5ea0d4ba', 15.25, NULL);


--
-- Data for Name: file_pedido_venta; Type: TABLE DATA; Schema: file; Owner: postgres
--

INSERT INTO file.file_pedido_venta (id_file, id_pedido_venta) VALUES (26, 1);


--
-- Data for Name: file_recepciondetalle; Type: TABLE DATA; Schema: file; Owner: postgres
--



--
-- Data for Name: recibo_honorarios; Type: TABLE DATA; Schema: isos; Owner: postgres
--

INSERT INTO isos.recibo_honorarios (id_recibo_honorarios, serie, correlativo, id_empresa, id_tipomoneda, id_tipodocumento, fecha_creacion, usuario_creacion, fecha_modificacion, usuario_modificacion, cod_estado, estado, tasa_cambio, fecha, id_localidad, id_proveedor, proveedor_nombre, proveedor_direccion, fecha_vencimiento, fecha_recepcion, concepto, observacion, impuesto_renta_tasa, total_honorarios, impuesto_renta_monto, total_neto, fecha_anulacion, motivo_anulacion, uuid_a, uuid_b, con_impuesto_renta, id_tipopago) VALUES (1, '5675', '67567', 1, 1, 3, '2020-05-05 10:47:58.919', 'WZAMORA', '2020-05-06 11:51:20.248', 'WZAMORA', 'CA', 'A', 1, '2020-04-28', 1, 93, 'MAESTRO B & E E.I.R.L.', 'MZA. M LOTE. 16 URB. LAS PALMAS (FRENTE A LOSA DEPORTIVA)', NULL, '2020-05-05 10:47:58', '657567567756756 7575675675', '56  5 7', 0.08, 1500, 120, 1380, NULL, NULL, '245ea3d2-e6b9-448c-af02-ca238d1a70f8', '8fab1cdf-96c3-4171-bd64-02c988269f67', 1, 1);


--
-- Data for Name: file_recibo_honorarios; Type: TABLE DATA; Schema: file; Owner: postgres
--

INSERT INTO file.file_recibo_honorarios (id_file, id_recibo_honorarios) VALUES (16, 1);
INSERT INTO file.file_recibo_honorarios (id_file, id_recibo_honorarios) VALUES (17, 1);


--
-- Data for Name: _demo; Type: TABLE DATA; Schema: isos; Owner: postgres
--



--
-- Name: _demo_a_seq; Type: SEQUENCE SET; Schema: isos; Owner: postgres
--

SELECT pg_catalog.setval('isos._demo_a_seq', 121, true);


--
-- Data for Name: almacen_motivo; Type: TABLE DATA; Schema: isos; Owner: postgres
--

INSERT INTO isos.almacen_motivo (id_motivo, nombre, estado) VALUES (1, 'ENTRADA ALMACEN', 'A');
INSERT INTO isos.almacen_motivo (id_motivo, nombre, estado) VALUES (2, 'SALIDA ALMACEN', 'A');
INSERT INTO isos.almacen_motivo (id_motivo, nombre, estado) VALUES (4, 'DEVOLUCION POR GARANTIA', 'I');
INSERT INTO isos.almacen_motivo (id_motivo, nombre, estado) VALUES (5, 'LLEGADA POR GARANTIA', 'I');
INSERT INTO isos.almacen_motivo (id_motivo, nombre, estado) VALUES (3, 'TRANSFERENCIA', 'A');


--
-- Data for Name: linea; Type: TABLE DATA; Schema: isos; Owner: postgres
--

INSERT INTO isos.linea (id_linea, tipo, nombre, fecha_creacion, usuario_creacion, fecha_modificacion, usuario_modificacion, estado) VALUES (3, 'S', 'SERVICIOS TERCEROS', '2018-04-04 11:01:18.692', 'WZAMORA', '2018-05-02 16:34:35.812', 'DCRUZ', 'A');
INSERT INTO isos.linea (id_linea, tipo, nombre, fecha_creacion, usuario_creacion, fecha_modificacion, usuario_modificacion, estado) VALUES (4, 'B', 'PRODUCTOS TERCEROS', '2018-04-04 16:35:33.005', 'RHUAMAN', '2020-04-03 16:44:29.393', 'WZAMORA', 'A');
INSERT INTO isos.linea (id_linea, tipo, nombre, fecha_creacion, usuario_creacion, fecha_modificacion, usuario_modificacion, estado) VALUES (1, 'B', 'METALES COMUNES Y SUS ALEACIONES', NULL, NULL, '2020-04-20 19:16:58.343', 'WZAMORA', 'A');
INSERT INTO isos.linea (id_linea, tipo, nombre, fecha_creacion, usuario_creacion, fecha_modificacion, usuario_modificacion, estado) VALUES (2, 'S', 'MECANIZACION DE PRODUCTOS', NULL, NULL, '2020-04-21 09:11:48.987', 'WZAMORA', 'A');


--
-- Data for Name: clase; Type: TABLE DATA; Schema: isos; Owner: postgres
--

INSERT INTO isos.clase (id_clase, id_linea, nombre, fecha_creacion, usuario_creacion, fecha_modificacion, usuario_modificacion, estado) VALUES (8, 1, 'FERRETERIA', '2018-01-27 12:23:03.569', 'DCRUZ', '2018-03-21 17:18:32.35', 'JORTIZ', 'A');
INSERT INTO isos.clase (id_clase, id_linea, nombre, fecha_creacion, usuario_creacion, fecha_modificacion, usuario_modificacion, estado) VALUES (20, 4, 'MATERIALES, HERRAMIENTAS Y ACCES. DE CONSTRUCCIÓN', '2018-05-02 15:37:16.505', 'DCRUZ', '2018-05-02 16:12:27.229', 'DCRUZ', 'A');
INSERT INTO isos.clase (id_clase, id_linea, nombre, fecha_creacion, usuario_creacion, fecha_modificacion, usuario_modificacion, estado) VALUES (18, 4, 'HERRAMIENTAS, INSUMOS, EQUIPOS Y MAQ. DE TRABAJO', '2018-04-05 11:35:52.405', 'RHUAMAN', '2018-05-02 16:28:47.965', 'DCRUZ', 'A');
INSERT INTO isos.clase (id_clase, id_linea, nombre, fecha_creacion, usuario_creacion, fecha_modificacion, usuario_modificacion, estado) VALUES (14, 3, 'GASTOS ADMINISTRATIVOS Y DE REPRESENTACIÓN ', '2018-04-04 12:45:32.959', 'RHUAMAN', '2018-05-02 17:53:52.395', 'DCRUZ', 'A');
INSERT INTO isos.clase (id_clase, id_linea, nombre, fecha_creacion, usuario_creacion, fecha_modificacion, usuario_modificacion, estado) VALUES (22, 2, 'ROLADO', '2018-05-03 17:58:21.184', 'DCRUZ', '2018-05-03 18:01:52.026', 'DCRUZ', 'A');
INSERT INTO isos.clase (id_clase, id_linea, nombre, fecha_creacion, usuario_creacion, fecha_modificacion, usuario_modificacion, estado) VALUES (21, 2, 'CORTE ', '2018-05-03 16:53:34.237', 'DCRUZ', '2018-05-03 18:02:00.077', 'DCRUZ', 'A');
INSERT INTO isos.clase (id_clase, id_linea, nombre, fecha_creacion, usuario_creacion, fecha_modificacion, usuario_modificacion, estado) VALUES (23, 2, 'DOBLEZ', '2018-05-05 13:35:18.155', 'DCRUZ', NULL, NULL, 'A');
INSERT INTO isos.clase (id_clase, id_linea, nombre, fecha_creacion, usuario_creacion, fecha_modificacion, usuario_modificacion, estado) VALUES (24, 2, 'CORTE Y DOBLEZ', '2018-05-05 15:41:41.065', 'DCRUZ', NULL, NULL, 'A');
INSERT INTO isos.clase (id_clase, id_linea, nombre, fecha_creacion, usuario_creacion, fecha_modificacion, usuario_modificacion, estado) VALUES (15, 4, 'ÚTILES DE ASEO, MATERIALES E INSUMOS OFICINA ', '2018-04-04 16:36:03.413', 'RHUAMAN', '2018-05-09 09:40:37.155', 'DCRUZ', 'A');
INSERT INTO isos.clase (id_clase, id_linea, nombre, fecha_creacion, usuario_creacion, fecha_modificacion, usuario_modificacion, estado) VALUES (25, 2, 'CORTE, ROLADO Y DOBLEZ', '2018-05-11 09:37:47.591', 'DCRUZ', NULL, NULL, 'A');
INSERT INTO isos.clase (id_clase, id_linea, nombre, fecha_creacion, usuario_creacion, fecha_modificacion, usuario_modificacion, estado) VALUES (9, 3, 'SERVICIOS BÁSICOS Y COMPLEMENTARIOS', '2018-04-04 11:02:19.96', 'WZAMORA', '2018-05-17 17:55:02.434', 'DCRUZ', 'A');
INSERT INTO isos.clase (id_clase, id_linea, nombre, fecha_creacion, usuario_creacion, fecha_modificacion, usuario_modificacion, estado) VALUES (10, 3, 'SERVICIO DE TRANSPORTE Y COMBUSTIBLE', '2018-04-04 12:04:56.146', 'RHUAMAN', '2018-05-17 17:55:14.265', 'DCRUZ', 'A');
INSERT INTO isos.clase (id_clase, id_linea, nombre, fecha_creacion, usuario_creacion, fecha_modificacion, usuario_modificacion, estado) VALUES (11, 4, 'ALIMENTACIÓN Y BEBIDAS', '2018-04-04 12:08:26.062', 'RHUAMAN', '2018-05-17 18:17:11.027', 'DCRUZ', 'A');
INSERT INTO isos.clase (id_clase, id_linea, nombre, fecha_creacion, usuario_creacion, fecha_modificacion, usuario_modificacion, estado) VALUES (13, 3, 'SERVICIO DE MARKETING Y PUBLICIDAD', '2018-04-04 12:11:26.446', 'RHUAMAN', '2018-05-29 12:01:32.899', 'DCRUZ', 'A');
INSERT INTO isos.clase (id_clase, id_linea, nombre, fecha_creacion, usuario_creacion, fecha_modificacion, usuario_modificacion, estado) VALUES (12, 2, 'CORTE Y ROLADO', '2018-04-04 12:09:53.696', 'RHUAMAN', '2018-05-17 18:17:04.256', 'DCRUZ', 'A');
INSERT INTO isos.clase (id_clase, id_linea, nombre, fecha_creacion, usuario_creacion, fecha_modificacion, usuario_modificacion, estado) VALUES (26, 2, 'ROLADO Y DOBLEZ', '2018-05-30 15:45:01.297', 'DCRUZ', NULL, NULL, 'A');
INSERT INTO isos.clase (id_clase, id_linea, nombre, fecha_creacion, usuario_creacion, fecha_modificacion, usuario_modificacion, estado) VALUES (4, 1, 'BARRAS', '2020-04-07 10:06:49.263', 'WZAMORA', NULL, NULL, 'A');
INSERT INTO isos.clase (id_clase, id_linea, nombre, fecha_creacion, usuario_creacion, fecha_modificacion, usuario_modificacion, estado) VALUES (6, 1, 'PIÑONES', '2020-04-07 10:06:49.263', 'WZAMORA', NULL, NULL, 'A');
INSERT INTO isos.clase (id_clase, id_linea, nombre, fecha_creacion, usuario_creacion, fecha_modificacion, usuario_modificacion, estado) VALUES (1, 1, 'CONSUMIBLES', '2020-04-07 10:06:49.263', 'WZAMORA', '2018-01-27 12:14:44.365', 'DCRUZ', 'A');
INSERT INTO isos.clase (id_clase, id_linea, nombre, fecha_creacion, usuario_creacion, fecha_modificacion, usuario_modificacion, estado) VALUES (2, 1, 'PERFILES', '2020-04-07 10:06:49.263', 'WZAMORA', '2017-08-02 12:32:29.107', 'WZAMORA', 'A');
INSERT INTO isos.clase (id_clase, id_linea, nombre, fecha_creacion, usuario_creacion, fecha_modificacion, usuario_modificacion, estado) VALUES (5, 1, 'TUBOS', '2020-04-07 10:06:49.263', 'WZAMORA', '2017-08-03 09:31:21.663', 'DCRUZ', 'A');
INSERT INTO isos.clase (id_clase, id_linea, nombre, fecha_creacion, usuario_creacion, fecha_modificacion, usuario_modificacion, estado) VALUES (7, 1, 'EJES', '2020-04-07 10:06:49.263', 'WZAMORA', '2017-12-11 17:36:34.532', 'DCRUZ', 'A');
INSERT INTO isos.clase (id_clase, id_linea, nombre, fecha_creacion, usuario_creacion, fecha_modificacion, usuario_modificacion, estado) VALUES (3, 1, 'PLANCHAS', '2020-04-07 10:06:49.263', 'WZAMORA', '2020-04-03 13:37:25.132', 'WZAMORA', 'A');
INSERT INTO isos.clase (id_clase, id_linea, nombre, fecha_creacion, usuario_creacion, fecha_modificacion, usuario_modificacion, estado) VALUES (19, 4, 'MARKETING Y PUBLICIDAD', '2018-04-18 17:16:08.034', 'DCRUZ', '2020-04-20 19:20:24.917', 'WZAMORA', 'A');
INSERT INTO isos.clase (id_clase, id_linea, nombre, fecha_creacion, usuario_creacion, fecha_modificacion, usuario_modificacion, estado) VALUES (16, 4, 'EQUIPOS, ACCESORIOS E INSUMOS TECNOLÓGICOS', '2018-04-04 16:38:50.954', 'RHUAMAN', '2020-04-20 19:20:34.458', 'WZAMORA', 'A');
INSERT INTO isos.clase (id_clase, id_linea, nombre, fecha_creacion, usuario_creacion, fecha_modificacion, usuario_modificacion, estado) VALUES (17, 4, 'UNIFORMES, IMPLEMENTOS Y ACCESORIOS DE SEGURIDAD', '2018-04-04 17:35:57.433', 'RHUAMAN', '2020-04-20 19:22:07.066', 'WZAMORA', 'A');


--
-- Data for Name: cliente_empresa; Type: TABLE DATA; Schema: isos; Owner: postgres
--



--
-- Data for Name: compra_anticipo; Type: TABLE DATA; Schema: isos; Owner: postgres
--



--
-- Data for Name: marca; Type: TABLE DATA; Schema: isos; Owner: postgres
--

INSERT INTO isos.marca (id_marca, nombre, estado, usuario_creacion, fecha_creacion, usuario_modificacion, fecha_modificacion) VALUES (1, 'GENERICO', 'A', 'WZAMORA', '2018-01-26 11:58:04.203', 'JORTIZ', '2018-03-22 11:28:02.695');
INSERT INTO isos.marca (id_marca, nombre, estado, usuario_creacion, fecha_creacion, usuario_modificacion, fecha_modificacion) VALUES (2, 'SATRA', 'A', 'WZAMORA', '2018-04-18 10:56:41.841', 'DCRUZ', '2018-04-18 16:08:30.281');
INSERT INTO isos.marca (id_marca, nombre, estado, usuario_creacion, fecha_creacion, usuario_modificacion, fecha_modificacion) VALUES (4, 'EPSON', 'A', 'DCRUZ', '2018-04-18 17:04:07.403', NULL, NULL);
INSERT INTO isos.marca (id_marca, nombre, estado, usuario_creacion, fecha_creacion, usuario_modificacion, fecha_modificacion) VALUES (5, 'PANASONIC', 'A', 'DCRUZ', '2018-04-27 14:58:54.275', NULL, NULL);
INSERT INTO isos.marca (id_marca, nombre, estado, usuario_creacion, fecha_creacion, usuario_modificacion, fecha_modificacion) VALUES (6, 'PACASMAYO', 'A', 'DCRUZ', '2018-05-02 15:39:18.963', NULL, NULL);
INSERT INTO isos.marca (id_marca, nombre, estado, usuario_creacion, fecha_creacion, usuario_modificacion, fecha_modificacion) VALUES (7, 'OLITEC', 'A', 'DCRUZ', '2018-05-02 15:57:35.436', NULL, NULL);
INSERT INTO isos.marca (id_marca, nombre, estado, usuario_creacion, fecha_creacion, usuario_modificacion, fecha_modificacion) VALUES (8, '3M', 'A', 'DCRUZ', '2018-05-02 16:05:37.283', NULL, NULL);
INSERT INTO isos.marca (id_marca, nombre, estado, usuario_creacion, fecha_creacion, usuario_modificacion, fecha_modificacion) VALUES (9, 'SIDER PERÚ', 'A', 'DCRUZ', '2018-05-02 16:17:46.032', NULL, NULL);
INSERT INTO isos.marca (id_marca, nombre, estado, usuario_creacion, fecha_creacion, usuario_modificacion, fecha_modificacion) VALUES (10, 'SPRO', 'A', 'DCRUZ', '2018-05-02 16:52:44.32', NULL, NULL);
INSERT INTO isos.marca (id_marca, nombre, estado, usuario_creacion, fecha_creacion, usuario_modificacion, fecha_modificacion) VALUES (11, 'CLUTE', 'A', 'DCRUZ', '2018-05-02 16:53:29.305', NULL, NULL);
INSERT INTO isos.marca (id_marca, nombre, estado, usuario_creacion, fecha_creacion, usuario_modificacion, fecha_modificacion) VALUES (13, 'JAC', 'A', 'DCRUZ', '2018-05-03 10:52:46.869', NULL, NULL);
INSERT INTO isos.marca (id_marca, nombre, estado, usuario_creacion, fecha_creacion, usuario_modificacion, fecha_modificacion) VALUES (15, 'ANYPSA', 'A', 'DCRUZ', '2018-05-09 09:56:03.152', NULL, NULL);
INSERT INTO isos.marca (id_marca, nombre, estado, usuario_creacion, fecha_creacion, usuario_modificacion, fecha_modificacion) VALUES (16, 'PAVCO', 'A', 'DCRUZ', '2018-05-17 18:03:13.564', NULL, NULL);
INSERT INTO isos.marca (id_marca, nombre, estado, usuario_creacion, fecha_creacion, usuario_modificacion, fecha_modificacion) VALUES (12, 'ACEROS AREQUIPA', 'A', 'DCRUZ', '2018-05-02 17:46:11.432', 'WZAMORA', '2018-06-07 16:55:42.081');
INSERT INTO isos.marca (id_marca, nombre, estado, usuario_creacion, fecha_creacion, usuario_modificacion, fecha_modificacion) VALUES (3, 'TERAWARE', 'A', 'DCRUZ', '2018-04-18 16:57:21.584', 'WZAMORA', '2020-04-21 09:13:25.854');


--
-- Data for Name: subclase; Type: TABLE DATA; Schema: isos; Owner: postgres
--

INSERT INTO isos.subclase (id_subclase, id_clase, nombre, descripcion, uso, estado, fecha_creacion, usuario_creacion, fecha_modificacion, usuario_modificacion) VALUES (5, 2, 'VIGA H NEGRA', 'PRODUCTO DE ACERO LAMINADO EN CALIENTE DE SECCIóN CUADRADA Y DE LADOS CóNCAVOS, QUE LO CONVIERTE EN UN ELEMENTO DECORATIVO DE GRAN BELLEZA.', 'SE USA EN FORMA RECTA Y TORSIONADA EN LA FABRICACIóN DE ELEMENTOS DECORATIVOS DE INTERIORES Y EXTERIORES, COMO PUERTAS, VENTANAS, REJAS, ESCALERAS, PASAMANOS, ETC. ASIMISMO, SE USA EN LA FABRICACIóN DE ELEMENTOS FORJADOS. LA CALIDAD DEL ACERO FACILITA EL DOBLADO, TORSIONADO, CURVADO, FORJADO Y SOLDADO SIN HERRAMIENTAS ESPECIALES.', 'A', '2017-03-07 10:46:04', 'DCRUZ', '2017-03-07 10:46:28', 'DCRUZ');
INSERT INTO isos.subclase (id_subclase, id_clase, nombre, descripcion, uso, estado, fecha_creacion, usuario_creacion, fecha_modificacion, usuario_modificacion) VALUES (6, 2, 'CANAL U LAC', 'PRODUCTO LAMINADO EN CALIENTE DE SECCIÓN CIRCULAR, DE SUPERFICIE LISA Y PULIDA (SEGÚN REQUERIMIENTO).', 'ASTM A36: ESTRUCTURAS METÁLICAS, PUERTAS, VENTANAS, REJAS, CERCOS, BARRAS DE TRANSFERENCIA PARA PAVIMENTO RÍGIDO, ETC.\r\nSAE 1045: PERNOS Y TUERCAS POR RECALCADO EN CALIENTE O MECANIZADO, EJES, PINES, PASADORES, ETC.', 'A', '2017-03-07 10:47:19', 'DCRUZ', '2017-03-09 16:28:49', 'JPINEDA');
INSERT INTO isos.subclase (id_subclase, id_clase, nombre, descripcion, uso, estado, fecha_creacion, usuario_creacion, fecha_modificacion, usuario_modificacion) VALUES (7, 2, 'CANAL C LAC', 'PRODUCTO LAMINADO EN CALIENTE CON SECCIÓN EN FORMA DE ', 'EN LA FABRICACIÓN DE ESTRUCTURAS METÁLICAS, PUERTAS GRANDES, REJAS Y CERCOS DE MAYOR TAMAÑO, ETC.', 'A', '2017-03-07 10:48:48', 'DCRUZ', '2017-03-09 16:29:02', 'JPINEDA');
INSERT INTO isos.subclase (id_subclase, id_clase, nombre, descripcion, uso, estado, fecha_creacion, usuario_creacion, fecha_modificacion, usuario_modificacion) VALUES (8, 3, 'PLANCHA GALVANIZADA', 'PRODUCTO DE ACERO QUE HA SIDO LAMINADO EN CALIENTE EN SUS CUATRO SUPERFICIES, CON UNA SECCIóN TRANSVERSAL RECTANGULAR. TIENE LAS SUPERFICIES LISAS.', 'EN LA FABRICACIóN DE ESTRUCTURAS METáLICAS, PUERTAS, VENTANAS, REJAS, PIEZAS FORJADAS Y OTROS.', 'A', '2017-03-07 10:50:34', 'DCRUZ', NULL, NULL);
INSERT INTO isos.subclase (id_subclase, id_clase, nombre, descripcion, uso, estado, fecha_creacion, usuario_creacion, fecha_modificacion, usuario_modificacion) VALUES (9, 3, 'PLANCHA INOXIDABLE C/MATE', 'PRODUCTO DE ACERO LAMINADO EN CALIENTE DE SECCIÓN EN FORMA DE T.', 'EN LA FABRICACIÓN DE ESTRUCTURAS METÁLICAS PARA LA CONSTRUCCIÓN CIVIL, TORRES DE TRANSMISIÓN, TIJERALES, CARPINTERÍA METÁLICA, ETC.', 'A', '2017-03-07 10:51:29', 'DCRUZ', '2017-03-09 16:43:38', 'JPINEDA');
INSERT INTO isos.subclase (id_subclase, id_clase, nombre, descripcion, uso, estado, fecha_creacion, usuario_creacion, fecha_modificacion, usuario_modificacion) VALUES (10, 3, 'PLANCHA INOXIDABLE C/BRILLO', 'PLANCHAS DE ACERO LAMINADAS EN CALIENTE DE ESPESORES MENORES QUE 5.9 MM Y DESTINADAS PARA LA CONSTRUCCIóN DE SILOS, EMBARCACIONES PESQUERAS, VAGONES, ESTRUCTURAS Y USOS EN GENERAL.', 'PLANCHAS DE ACERO LAMINADAS EN CALIENTE CON BORDES DE LAMINACIóN, DE ESPESORES MENORES QUE 5.9 MM Y DESTINADAS PARA LA CONSTRUCCIóN DE SILOS, EMBARCACIONES PESQUERAS, VAGONES, ESTRUCTURAS Y USOS EN GENERAL.', 'A', '2017-03-07 11:01:20', 'DCRUZ', NULL, NULL);
INSERT INTO isos.subclase (id_subclase, id_clase, nombre, descripcion, uso, estado, fecha_creacion, usuario_creacion, fecha_modificacion, usuario_modificacion) VALUES (11, 3, 'PLANCHA NEGRA LISA', 'PLANCHAS DE ACERO LAMINADAS EN CALIENTE, CALIDAD ESTRUCTURAL Y/O CALIDAD COMERCIAL, CON BORDES DE LAMINACIóN O BORDES CORTADOS, CON FIGURAS GEOMéTRICAS RESALTADAS DISTRIBUíDAS EN INTERVALOS REGULARES, EN UNA DE LAS CARAS.', 'EN LA CONSTRUCCIóN DE PLATAFORMAS, PISOS, ESCALERAS, EQUIPAMIENTO DE TRANSPORTE Y CIRCULACIóN, Y ESTRUCTURAS EN GENERAL.', 'A', '2017-03-07 11:02:09', 'DCRUZ', NULL, NULL);
INSERT INTO isos.subclase (id_subclase, id_clase, nombre, descripcion, uso, estado, fecha_creacion, usuario_creacion, fecha_modificacion, usuario_modificacion) VALUES (12, 3, 'PLANCHA NEGRA ESTRIADA ', 'PLANCHAS Y BOBINAS DE ACERO LAMINADAS EN FRíO CALIDAD COMERCIAL.', 'EN PARTES EXPUESTAS DONDE SE REQUIERE UN BUEN ACABADO SUPERFICIAL; COMO POR EJEMPLO: MUEBLES, TUBOS, PANELES, CARROCERíAS, ARTEFACTOS ELECTRODOMéSTICOS, ETC.', 'A', '2017-03-07 11:04:23', 'DCRUZ', NULL, NULL);
INSERT INTO isos.subclase (id_subclase, id_clase, nombre, descripcion, uso, estado, fecha_creacion, usuario_creacion, fecha_modificacion, usuario_modificacion) VALUES (14, 3, 'PLANCHA ACERO CORTEN', 'TUBO ELECTRO SOLDADO FABRICADO CON ACERO AL CARBONO LAMINADO EN FRíO (LAF), UTILIZANDO EL SISTEMA DE SOLDADURA POR RESISTENCIA ELéCTRICA POR INDUCCIóN DE ALTA FRECUENCIA LONGITUDINAL (ERW).LAS SECCIONES DE FABRICACIóN PUEDEN SER REDONDAS, CUADRADAS Y RECTANGULARES.', 'TUBOS PARA ESTRUCTURAS LIGERAS, MUEBLES, CERRAJERíA EN GENERAL Y USOS ORNAMENTALES.', 'A', '2017-03-07 12:13:06', 'DCRUZ', NULL, NULL);
INSERT INTO isos.subclase (id_subclase, id_clase, nombre, descripcion, uso, estado, fecha_creacion, usuario_creacion, fecha_modificacion, usuario_modificacion) VALUES (17, 4, 'BARRA ROSCADA', NULL, NULL, 'A', NULL, NULL, NULL, NULL);
INSERT INTO isos.subclase (id_subclase, id_clase, nombre, descripcion, uso, estado, fecha_creacion, usuario_creacion, fecha_modificacion, usuario_modificacion) VALUES (19, 4, 'BARRA REDONDA LISA SAE 1045', NULL, NULL, 'A', NULL, NULL, NULL, NULL);
INSERT INTO isos.subclase (id_subclase, id_clase, nombre, descripcion, uso, estado, fecha_creacion, usuario_creacion, fecha_modificacion, usuario_modificacion) VALUES (20, 5, 'TUBO INOXIDABLE SCH40 ', NULL, NULL, 'A', NULL, NULL, NULL, NULL);
INSERT INTO isos.subclase (id_subclase, id_clase, nombre, descripcion, uso, estado, fecha_creacion, usuario_creacion, fecha_modificacion, usuario_modificacion) VALUES (29, 6, 'PIÑON SIMPLE', NULL, NULL, 'A', NULL, NULL, NULL, NULL);
INSERT INTO isos.subclase (id_subclase, id_clase, nombre, descripcion, uso, estado, fecha_creacion, usuario_creacion, fecha_modificacion, usuario_modificacion) VALUES (30, 6, 'PIÑON DOBLE', NULL, NULL, 'A', NULL, NULL, NULL, NULL);
INSERT INTO isos.subclase (id_subclase, id_clase, nombre, descripcion, uso, estado, fecha_creacion, usuario_creacion, fecha_modificacion, usuario_modificacion) VALUES (32, 7, 'EJE BONIFICADO', NULL, NULL, 'A', NULL, NULL, NULL, NULL);
INSERT INTO isos.subclase (id_subclase, id_clase, nombre, descripcion, uso, estado, fecha_creacion, usuario_creacion, fecha_modificacion, usuario_modificacion) VALUES (33, 7, 'EJE CALIBRADO', NULL, NULL, 'A', NULL, NULL, NULL, NULL);
INSERT INTO isos.subclase (id_subclase, id_clase, nombre, descripcion, uso, estado, fecha_creacion, usuario_creacion, fecha_modificacion, usuario_modificacion) VALUES (21, 5, 'TUBO INOXIDABLE SCH80', NULL, NULL, 'A', NULL, NULL, NULL, NULL);
INSERT INTO isos.subclase (id_subclase, id_clase, nombre, descripcion, uso, estado, fecha_creacion, usuario_creacion, fecha_modificacion, usuario_modificacion) VALUES (22, 5, 'TUBO NEGRO SCH40', NULL, NULL, 'A', NULL, NULL, NULL, NULL);
INSERT INTO isos.subclase (id_subclase, id_clase, nombre, descripcion, uso, estado, fecha_creacion, usuario_creacion, fecha_modificacion, usuario_modificacion) VALUES (23, 5, 'TUBO NEGRO SCH80', NULL, NULL, 'A', NULL, NULL, NULL, NULL);
INSERT INTO isos.subclase (id_subclase, id_clase, nombre, descripcion, uso, estado, fecha_creacion, usuario_creacion, fecha_modificacion, usuario_modificacion) VALUES (24, 5, 'TUBO NEGRO SCH160', NULL, NULL, 'A', NULL, NULL, NULL, NULL);
INSERT INTO isos.subclase (id_subclase, id_clase, nombre, descripcion, uso, estado, fecha_creacion, usuario_creacion, fecha_modificacion, usuario_modificacion) VALUES (25, 5, 'TUBO NEGRO CUADRADO', NULL, NULL, 'A', NULL, NULL, NULL, NULL);
INSERT INTO isos.subclase (id_subclase, id_clase, nombre, descripcion, uso, estado, fecha_creacion, usuario_creacion, fecha_modificacion, usuario_modificacion) VALUES (26, 5, 'TUBO NEGRO RECTANGULAR', NULL, NULL, 'A', NULL, NULL, NULL, NULL);
INSERT INTO isos.subclase (id_subclase, id_clase, nombre, descripcion, uso, estado, fecha_creacion, usuario_creacion, fecha_modificacion, usuario_modificacion) VALUES (27, 5, 'TUBO NEGRO REDONDO LAC', NULL, NULL, 'A', NULL, NULL, NULL, NULL);
INSERT INTO isos.subclase (id_subclase, id_clase, nombre, descripcion, uso, estado, fecha_creacion, usuario_creacion, fecha_modificacion, usuario_modificacion) VALUES (28, 5, 'TUBO GALVANIZADO REDONDO', NULL, NULL, 'A', NULL, NULL, NULL, NULL);
INSERT INTO isos.subclase (id_subclase, id_clase, nombre, descripcion, uso, estado, fecha_creacion, usuario_creacion, fecha_modificacion, usuario_modificacion) VALUES (18, 4, 'BARRA REDONDA LISA', NULL, NULL, 'A', NULL, NULL, NULL, NULL);
INSERT INTO isos.subclase (id_subclase, id_clase, nombre, descripcion, uso, estado, fecha_creacion, usuario_creacion, fecha_modificacion, usuario_modificacion) VALUES (16, 4, 'BARRA INOXIDABLE', NULL, NULL, 'A', NULL, NULL, NULL, NULL);
INSERT INTO isos.subclase (id_subclase, id_clase, nombre, descripcion, uso, estado, fecha_creacion, usuario_creacion, fecha_modificacion, usuario_modificacion) VALUES (13, 3, 'PLANCHA NEGRA ESTRUCTURAL', 'ESTÁN CONSTITUIDAS POR PLANCHAS Y BOBINAS LISAS DE ACERO LAMINADO EN FRÍO, CALIDAD COMERCIAL, REVESTIDAS POR AMBAS SUPERFICIES CON UNA CAPA DE ZINC APLICADA POR INMERSIÓN EN CALIENTE. TIENEN UN TRATAMIENTO QUÍMICO SUPERFICIAL DE CROMADO SECO, QUE GARANTIZA UNA PROTECCIÓN ADECUADA PARA LAS EXIGENTES CONDICIONES AMBIENTALES DE NUESTRO PAÍS, PROLONGÁNDOSE SU VIDA ÚTIL.', 'EN LA FABRICACIÓN DE PANELES, COBERTURAS, CARROCERÍAS, INSTALACIONES PARA LA AVICULTURA, DUCTOS, SILOS, ETC.', 'A', '2017-03-07 11:05:13', 'DCRUZ', '2017-08-02 12:57:21.276', 'WZAMORA');
INSERT INTO isos.subclase (id_subclase, id_clase, nombre, descripcion, uso, estado, fecha_creacion, usuario_creacion, fecha_modificacion, usuario_modificacion) VALUES (2, 2, 'ÁNGULO NEGRO', 'PRODUCTO DE ACERO LAMINADO EN CALIENTE CUYA SECCIÓN TRANSVERSAL ESTÁ FORMADA POR DOS ALAS DE IGUAL LONGITUD, EN ÁNGULO RECTO. ', 'EN LA FABRICACIÓN DE PUERTAS, VENTANAS, REJAS Y/O ARTÍCULOS DECORATIVOS PARA EL HOGAR. TAMBIÉN SE UTILIZA EN LA FABRICACIÓN DE ESTRUCTURAS PARA PLANTAS INDUSTRIALES, ALMACENES, TECHADOS DE GRANDES LUCES, INDUSTRIA NAVAL, CARROCERÍAS', 'A', NULL, NULL, '2017-08-01 18:42:50.745', 'DCRUZ');
INSERT INTO isos.subclase (id_subclase, id_clase, nombre, descripcion, uso, estado, fecha_creacion, usuario_creacion, fecha_modificacion, usuario_modificacion) VALUES (15, 4, 'BARRA CUADRADA', 'TUBO FABRICADO CON ACERO AL CARBONO LAMINADO EN CALIENTE (LAC), UTILIZANDO EL SISTEMA DE SOLDADURA POR RESISTENCIA ELÉCTRICA POR INDUCCIÓN DE ALTA FRECUENCIA LONGITUDINAL (ERW). LAS SECCIONES DE FABRICACIÓN SON REDONDAS, CUADRADAS Y RECTANGULARES.', 'DIVERSAS ESTRUCTURAS LIVIANAS Y PESADAS, TIJERALES, POSTES, CARROCERÍA ETC.', 'A', '2017-03-07 12:13:47', 'DCRUZ', '2017-08-02 12:32:46.76', 'WZAMORA');
INSERT INTO isos.subclase (id_subclase, id_clase, nombre, descripcion, uso, estado, fecha_creacion, usuario_creacion, fecha_modificacion, usuario_modificacion) VALUES (36, 4, 'BARRA REDONDA LISA SAE 1020', NULL, NULL, 'A', NULL, NULL, NULL, NULL);
INSERT INTO isos.subclase (id_subclase, id_clase, nombre, descripcion, uso, estado, fecha_creacion, usuario_creacion, fecha_modificacion, usuario_modificacion) VALUES (1, 1, 'GENERAL', NULL, NULL, 'A', NULL, NULL, '2018-01-27 12:15:15.398', 'DCRUZ');
INSERT INTO isos.subclase (id_subclase, id_clase, nombre, descripcion, uso, estado, fecha_creacion, usuario_creacion, fecha_modificacion, usuario_modificacion) VALUES (40, 8, 'DISCO DE DESBASTE', NULL, NULL, 'A', '2018-01-27 12:26:31.224', 'DCRUZ', NULL, NULL);
INSERT INTO isos.subclase (id_subclase, id_clase, nombre, descripcion, uso, estado, fecha_creacion, usuario_creacion, fecha_modificacion, usuario_modificacion) VALUES (31, 6, 'ACCESORIOS', NULL, NULL, 'A', NULL, NULL, NULL, NULL);
INSERT INTO isos.subclase (id_subclase, id_clase, nombre, descripcion, uso, estado, fecha_creacion, usuario_creacion, fecha_modificacion, usuario_modificacion) VALUES (4, 2, 'TEE NEGRA', 'PRODUCTO DE ACERO QUE HA SIDO LAMINADO EN CALIENTE EN SUS CUATRO SUPERFICIES, CON UNA SECCIÓN TRANSVERSAL CUADRADA. TIENE LAS SUPERFICIES LISAS.', 'EN LA FABRICACIÓN DE ESTRUCTURAS METÁLICAS, PUERTAS, VENTANAS, REJAS, PIEZAS FORJADAS, ETC.', 'A', NULL, NULL, '2017-12-14 12:31:03.335', 'JORTIZ');
INSERT INTO isos.subclase (id_subclase, id_clase, nombre, descripcion, uso, estado, fecha_creacion, usuario_creacion, fecha_modificacion, usuario_modificacion) VALUES (38, 8, 'LIJA', NULL, NULL, 'A', '2018-01-27 12:26:13.625', 'DCRUZ', NULL, NULL);
INSERT INTO isos.subclase (id_subclase, id_clase, nombre, descripcion, uso, estado, fecha_creacion, usuario_creacion, fecha_modificacion, usuario_modificacion) VALUES (42, 2, 'GARRUCHAS Y RIELES', ' SISTEMAS DE CORREDERAS PRODUCTOS - SISTEMAS DE CORREDERAS  GARRUCHAS Y RIELES LOS PERFILES. VIENEN EN LONGITUDES DE 3.0MTS Ó 6.0MTS. ', 'STANLEY SON UTILIZADOS COMO RIELES PARA QUE RECORRAN PORTONES, PUERTAS O VENTANAS.  SE UTILIZAN PARA ESTRUCTURAS EN GENERAL, SOPORTES, REDES ELÉCTRICAS, TELEFÓNIA, ENTRE OTRAS.  ', 'A', '2018-01-27 12:48:19.082', 'DCRUZ', NULL, NULL);
INSERT INTO isos.subclase (id_subclase, id_clase, nombre, descripcion, uso, estado, fecha_creacion, usuario_creacion, fecha_modificacion, usuario_modificacion) VALUES (37, 8, 'SOLDADURA', NULL, NULL, 'A', '2018-01-27 12:23:29.012', 'DCRUZ', NULL, NULL);
INSERT INTO isos.subclase (id_subclase, id_clase, nombre, descripcion, uso, estado, fecha_creacion, usuario_creacion, fecha_modificacion, usuario_modificacion) VALUES (39, 8, 'DISCO DE CORTE', NULL, NULL, 'A', '2018-01-27 12:26:21.746', 'DCRUZ', NULL, NULL);
INSERT INTO isos.subclase (id_subclase, id_clase, nombre, descripcion, uso, estado, fecha_creacion, usuario_creacion, fecha_modificacion, usuario_modificacion) VALUES (35, 7, 'EJE CALIBRADO SAE 1020', '', '', 'A', NULL, NULL, '2018-03-22 16:03:04.157', 'JORTIZ');
INSERT INTO isos.subclase (id_subclase, id_clase, nombre, descripcion, uso, estado, fecha_creacion, usuario_creacion, fecha_modificacion, usuario_modificacion) VALUES (41, 5, 'ACCESORIOS', NULL, NULL, 'A', '2018-01-27 12:39:00.021', 'DCRUZ', NULL, NULL);
INSERT INTO isos.subclase (id_subclase, id_clase, nombre, descripcion, uso, estado, fecha_creacion, usuario_creacion, fecha_modificacion, usuario_modificacion) VALUES (43, 8, 'BISAGRAS', '', '', 'A', '2018-01-27 15:01:00.87', 'DCRUZ', '2018-03-21 17:14:00.717', 'JORTIZ');
INSERT INTO isos.subclase (id_subclase, id_clase, nombre, descripcion, uso, estado, fecha_creacion, usuario_creacion, fecha_modificacion, usuario_modificacion) VALUES (34, 7, 'EJE CALIBRADO SAE 1045', '', '', 'A', NULL, NULL, '2018-03-22 16:02:52.824', 'JORTIZ');
INSERT INTO isos.subclase (id_subclase, id_clase, nombre, descripcion, uso, estado, fecha_creacion, usuario_creacion, fecha_modificacion, usuario_modificacion) VALUES (44, 9, 'SERVICIOS BASICOS', '', '', 'A', '2018-04-04 11:03:10.702', 'WZAMORA', NULL, NULL);
INSERT INTO isos.subclase (id_subclase, id_clase, nombre, descripcion, uso, estado, fecha_creacion, usuario_creacion, fecha_modificacion, usuario_modificacion) VALUES (46, 10, 'SERVICIO DE TRANSPORTE', 'SERVICIO DE TRANSPORTE', 'SERVICIO DE TRANSPORTE', 'A', '2018-04-04 12:06:57.117', 'RHUAMAN', NULL, NULL);
INSERT INTO isos.subclase (id_subclase, id_clase, nombre, descripcion, uso, estado, fecha_creacion, usuario_creacion, fecha_modificacion, usuario_modificacion) VALUES (49, 14, 'GASTOS ADMINISTRATIVOS', 'GASTOS ADMINISTRATIVOS', 'GASTOS ADMINISTRATIVOS', 'A', '2018-04-04 12:45:46.633', 'RHUAMAN', NULL, NULL);
INSERT INTO isos.subclase (id_subclase, id_clase, nombre, descripcion, uso, estado, fecha_creacion, usuario_creacion, fecha_modificacion, usuario_modificacion) VALUES (52, 15, 'ÚTILES DE ASEO', 'ÚTILES DE ASEO', 'ÚTILES DE ASEO', 'A', '2018-04-04 16:37:47.567', 'RHUAMAN', NULL, NULL);
INSERT INTO isos.subclase (id_subclase, id_clase, nombre, descripcion, uso, estado, fecha_creacion, usuario_creacion, fecha_modificacion, usuario_modificacion) VALUES (53, 16, 'EQUIPOS TECNOLÓGICOS', 'EQUIPOS TECNOLÓGICOS', 'EQUIPOS TECNOLÓGICOS', 'A', '2018-04-04 16:39:44.486', 'RHUAMAN', NULL, NULL);
INSERT INTO isos.subclase (id_subclase, id_clase, nombre, descripcion, uso, estado, fecha_creacion, usuario_creacion, fecha_modificacion, usuario_modificacion) VALUES (56, 17, 'UNIFORMES', 'UNIFORMES', 'UNIFORMES', 'A', '2018-04-04 17:38:01.582', 'RHUAMAN', NULL, NULL);
INSERT INTO isos.subclase (id_subclase, id_clase, nombre, descripcion, uso, estado, fecha_creacion, usuario_creacion, fecha_modificacion, usuario_modificacion) VALUES (54, 16, 'INSUMOS Y ACCESORIOS TECNOLÓGICOS', 'INSUMOS Y ACCESORIOS TECNOLÓGICOS', 'INSUMOS Y ACCESORIOS TECNOLÓGICOS', 'A', '2018-04-04 16:41:05.516', 'RHUAMAN', '2018-04-05 11:24:51.837', 'DCRUZ');
INSERT INTO isos.subclase (id_subclase, id_clase, nombre, descripcion, uso, estado, fecha_creacion, usuario_creacion, fecha_modificacion, usuario_modificacion) VALUES (57, 18, 'EQUIPOS Y MAQUINARIAS DE TRABAJO', 'EQUIPOS Y MAQUINARIAS DE TRABAJO', 'EQUIPOS Y MAQUINARIAS DE TRABAJO', 'A', '2018-04-05 11:36:42.45', 'RHUAMAN', NULL, NULL);
INSERT INTO isos.subclase (id_subclase, id_clase, nombre, descripcion, uso, estado, fecha_creacion, usuario_creacion, fecha_modificacion, usuario_modificacion) VALUES (60, 19, 'GIGANTOGRAFIAS', 'GIGANTOGRAFIAS', 'GIGANTOGRAFIAS', 'A', '2018-04-18 17:21:12.424', 'DCRUZ', '2018-04-18 17:22:13.461', 'DCRUZ');
INSERT INTO isos.subclase (id_subclase, id_clase, nombre, descripcion, uso, estado, fecha_creacion, usuario_creacion, fecha_modificacion, usuario_modificacion) VALUES (61, 19, 'IMPRENTA', 'IMPRENTA', 'IMPRENTA', 'A', '2018-04-18 17:22:35.826', 'DCRUZ', NULL, NULL);
INSERT INTO isos.subclase (id_subclase, id_clase, nombre, descripcion, uso, estado, fecha_creacion, usuario_creacion, fecha_modificacion, usuario_modificacion) VALUES (62, 19, 'MERCHADISING', 'MERCHADISING', 'MERCHADISING', 'A', '2018-04-18 17:22:51.593', 'DCRUZ', NULL, NULL);
INSERT INTO isos.subclase (id_subclase, id_clase, nombre, descripcion, uso, estado, fecha_creacion, usuario_creacion, fecha_modificacion, usuario_modificacion) VALUES (63, 20, 'MATERIALES DE CONSTRUCCIÓN', 'MATERIALES DE CONSTRUCCIÓN', 'MATERIALES DE CONSTRUCCIÓN', 'A', '2018-05-02 15:37:45.319', 'DCRUZ', NULL, NULL);
INSERT INTO isos.subclase (id_subclase, id_clase, nombre, descripcion, uso, estado, fecha_creacion, usuario_creacion, fecha_modificacion, usuario_modificacion) VALUES (55, 17, 'IMPLEMENTOS Y ACCESORIOS DE SEGURIDAD', 'IMPLEMENTOS Y ACCESORIOS DE SEGURIDAD', 'IMPLEMENTOS Y ACCESORIOS DE SEGURIDAD', 'A', '2018-04-04 17:36:20.586', 'RHUAMAN', '2018-05-02 16:08:55.847', 'DCRUZ');
INSERT INTO isos.subclase (id_subclase, id_clase, nombre, descripcion, uso, estado, fecha_creacion, usuario_creacion, fecha_modificacion, usuario_modificacion) VALUES (64, 20, 'HERRAMIENTAS Y ACCESORIOS DE CONSTRUCCIÓN ', 'HERRAMIENTAS Y ACCESORIOS DE CONSTRUCCIÓN ', 'HERRAMIENTAS Y ACCESORIOS DE CONSTRUCCIÓN ', 'A', '2018-05-02 15:38:17.459', 'DCRUZ', '2018-05-02 16:12:55.678', 'DCRUZ');
INSERT INTO isos.subclase (id_subclase, id_clase, nombre, descripcion, uso, estado, fecha_creacion, usuario_creacion, fecha_modificacion, usuario_modificacion) VALUES (58, 18, 'HERRAMIENTAS E INSUMOS DE TRABAJO', 'HERRAMIENTAS E INSUMOS DE TRABAJO', 'HERRAMIENTAS E INSUMOS DE TRABAJO', 'A', '2018-04-05 11:37:06.006', 'RHUAMAN', '2018-05-02 16:29:24.717', 'DCRUZ');
INSERT INTO isos.subclase (id_subclase, id_clase, nombre, descripcion, uso, estado, fecha_creacion, usuario_creacion, fecha_modificacion, usuario_modificacion) VALUES (65, 14, 'GASTOS DE REPRESENTACIÓN ', 'GASTOS DE REPRESENTACIÓN ', 'GASTOS DE REPRESENTACIÓN ', 'A', '2018-05-02 17:54:15.691', 'DCRUZ', NULL, NULL);
INSERT INTO isos.subclase (id_subclase, id_clase, nombre, descripcion, uso, estado, fecha_creacion, usuario_creacion, fecha_modificacion, usuario_modificacion) VALUES (68, 22, 'ROLADO', 'ROLADO', 'ROLADO', 'A', '2018-05-03 17:43:36.271', 'DCRUZ', '2018-05-03 18:04:15.369', 'DCRUZ');
INSERT INTO isos.subclase (id_subclase, id_clase, nombre, descripcion, uso, estado, fecha_creacion, usuario_creacion, fecha_modificacion, usuario_modificacion) VALUES (67, 21, 'CORTE CON PLASMA', 'CORTE CON PLASMA', 'CORTE CON PLASMA', 'A', '2018-05-03 17:33:53.948', 'DCRUZ', '2018-05-03 18:02:45.323', 'DCRUZ');
INSERT INTO isos.subclase (id_subclase, id_clase, nombre, descripcion, uso, estado, fecha_creacion, usuario_creacion, fecha_modificacion, usuario_modificacion) VALUES (66, 21, 'CORTE CON GUILLOTINA', 'CORTE CON GUILLOTINA', 'CORTE CON GUILLOTINA', 'A', '2018-05-03 16:54:21.952', 'DCRUZ', '2018-05-03 18:04:03.845', 'DCRUZ');
INSERT INTO isos.subclase (id_subclase, id_clase, nombre, descripcion, uso, estado, fecha_creacion, usuario_creacion, fecha_modificacion, usuario_modificacion) VALUES (69, 23, 'DOBLEZ', 'DOBLEZ', 'DOBLEZ', 'A', '2018-05-03 17:58:45.658', 'DCRUZ', '2018-05-05 13:35:53.393', 'DCRUZ');
INSERT INTO isos.subclase (id_subclase, id_clase, nombre, descripcion, uso, estado, fecha_creacion, usuario_creacion, fecha_modificacion, usuario_modificacion) VALUES (70, 24, 'CORTE Y DOBLEZ', '', '', 'A', '2018-05-05 15:42:23.763', 'DCRUZ', NULL, NULL);
INSERT INTO isos.subclase (id_subclase, id_clase, nombre, descripcion, uso, estado, fecha_creacion, usuario_creacion, fecha_modificacion, usuario_modificacion) VALUES (51, 15, 'MATERIALES E INSUMOS DE OFICINA', 'MATERIALES E INSUMOS DE OFICINA', 'MATERIALES E INSUMOS DE OFICINA', 'A', '2018-04-04 16:36:34.896', 'RHUAMAN', '2018-05-09 09:41:02.544', 'DCRUZ');
INSERT INTO isos.subclase (id_subclase, id_clase, nombre, descripcion, uso, estado, fecha_creacion, usuario_creacion, fecha_modificacion, usuario_modificacion) VALUES (71, 25, 'CORTE, ROLADO Y DOBLEZ', 'CORTE, ROLADO Y DOBLEZ', 'CORTE, ROLADO Y DOBLEZ', 'A', '2018-05-11 09:38:10.162', 'DCRUZ', NULL, NULL);
INSERT INTO isos.subclase (id_subclase, id_clase, nombre, descripcion, uso, estado, fecha_creacion, usuario_creacion, fecha_modificacion, usuario_modificacion) VALUES (72, 9, 'SERVICIOS COMPLEMENTARIOS', 'SERVICIOS COMPLEMENTARIOS', 'SERVICIOS COMPLEMENTARIOS', 'A', '2018-05-17 17:55:36.863', 'DCRUZ', NULL, NULL);
INSERT INTO isos.subclase (id_subclase, id_clase, nombre, descripcion, uso, estado, fecha_creacion, usuario_creacion, fecha_modificacion, usuario_modificacion) VALUES (73, 10, 'SERVICIO DE COMBUSTIBLE', 'SERVICIO DE COMBUSTIBLE', 'SERVICIO DE COMBUSTIBLE', 'A', '2018-05-17 17:56:35.928', 'DCRUZ', NULL, NULL);
INSERT INTO isos.subclase (id_subclase, id_clase, nombre, descripcion, uso, estado, fecha_creacion, usuario_creacion, fecha_modificacion, usuario_modificacion) VALUES (47, 11, 'BEBIDAS', 'BEBIDAS', 'BEBIDAS', 'A', '2018-04-04 12:10:05.071', 'RHUAMAN', '2018-05-17 18:17:46.367', 'DCRUZ');
INSERT INTO isos.subclase (id_subclase, id_clase, nombre, descripcion, uso, estado, fecha_creacion, usuario_creacion, fecha_modificacion, usuario_modificacion) VALUES (45, 11, 'ALIMENTACIÓN', 'ALIMENTACIÓN', 'ALIMENTACIÓN', 'A', '2018-04-04 12:09:05.861', 'RHUAMAN', '2018-05-28 15:46:23.635', 'DCRUZ');
INSERT INTO isos.subclase (id_subclase, id_clase, nombre, descripcion, uso, estado, fecha_creacion, usuario_creacion, fecha_modificacion, usuario_modificacion) VALUES (48, 13, 'IMPRENTA', 'IMPRENTA', 'IMPRENTA', 'A', '2018-04-04 12:11:52.022', 'RHUAMAN', '2018-05-29 12:02:01.619', 'DCRUZ');
INSERT INTO isos.subclase (id_subclase, id_clase, nombre, descripcion, uso, estado, fecha_creacion, usuario_creacion, fecha_modificacion, usuario_modificacion) VALUES (50, 13, 'PUBLICIDAD', ' PUBLICIDAD', 'PUBLICIDAD', 'A', '2018-04-04 16:04:59.372', 'RHUAMAN', '2018-05-29 12:02:55.688', 'DCRUZ');
INSERT INTO isos.subclase (id_subclase, id_clase, nombre, descripcion, uso, estado, fecha_creacion, usuario_creacion, fecha_modificacion, usuario_modificacion) VALUES (74, 12, 'CORTE Y ROLADO', 'CORTE Y ROLADO', 'CORTE Y ROLADO', 'A', '2018-05-30 14:43:03.701', 'DCRUZ', NULL, NULL);
INSERT INTO isos.subclase (id_subclase, id_clase, nombre, descripcion, uso, estado, fecha_creacion, usuario_creacion, fecha_modificacion, usuario_modificacion) VALUES (75, 26, 'ROLADO Y DOBLEZ', 'ROLADO Y DOBLEZ', 'ROLADO Y DOBLEZ', 'A', '2018-05-30 15:45:11.5', 'DCRUZ', NULL, NULL);
INSERT INTO isos.subclase (id_subclase, id_clase, nombre, descripcion, uso, estado, fecha_creacion, usuario_creacion, fecha_modificacion, usuario_modificacion) VALUES (3, 2, 'PLATINA NEGRA', 'PRODUCTO DE ACERO LAMINADO EN CALIENTE CUYA SECCIÓN TRANSVERSAL ESTÁ FORMADA POR DOS ALAS DE IGUAL LONGITUD, EN ÁNGULO RECTO.', 'EN LA FABRICACIÓN DE ESTRUCTURAS DE ACERO EN PLANTAS INDUSTRIALES, ALMACENES, TECHADOS DE GRANDES LUCES, INDUSTRIAL NAVAL, CARROCERÍAS, TORRES DE TRANSMISIÓN. TAMBIÉN SE PUEDEN UTILIZAR PARA LA FABRICACIÓN DE PUERTAS, VENTANAS, REJAS, ETC.', 'A', NULL, NULL, '2020-04-03 13:37:20.273', 'WZAMORA');
INSERT INTO isos.subclase (id_subclase, id_clase, nombre, descripcion, uso, estado, fecha_creacion, usuario_creacion, fecha_modificacion, usuario_modificacion) VALUES (59, 5, 'TUBO INOXIDABLE REDONDO', 'TUBO INOXIDABLE REDONDO', 'TUBO INOXIDABLE REDONDO', 'A', '2018-04-05 12:47:44.589', 'DCRUZ', '2020-04-20 19:23:12.56', 'WZAMORA');


--
-- Data for Name: tipo_tributo; Type: TABLE DATA; Schema: isos; Owner: postgres
--

INSERT INTO isos.tipo_tributo (id_tipotributo, nombre, codigo_sunat, codigo_internacional, siglas, base, estado, usuario_creacion, fecha_creacion, usuario_modificacion, fecha_modificacion) VALUES (5, 'Gratuito', '9996', 'FRE', 'GRA', 'GRATUITO', 'A', 'WZAMORA', '2018-12-05 14:44:48.06', NULL, NULL);
INSERT INTO isos.tipo_tributo (id_tipotributo, nombre, codigo_sunat, codigo_internacional, siglas, base, estado, usuario_creacion, fecha_creacion, usuario_modificacion, fecha_modificacion) VALUES (6, 'Exonerado', '9997', 'VAT', 'EXO', 'EXONERADO', 'A', 'WZAMORA', '2018-12-05 14:44:48.06', NULL, NULL);
INSERT INTO isos.tipo_tributo (id_tipotributo, nombre, codigo_sunat, codigo_internacional, siglas, base, estado, usuario_creacion, fecha_creacion, usuario_modificacion, fecha_modificacion) VALUES (1, 'Impuesto General a las Ventas', '1000', 'VAT', 'IGV', 'GRAVADO', 'A', 'WZAMORA', '2018-12-05 14:44:48.06', NULL, NULL);
INSERT INTO isos.tipo_tributo (id_tipotributo, nombre, codigo_sunat, codigo_internacional, siglas, base, estado, usuario_creacion, fecha_creacion, usuario_modificacion, fecha_modificacion) VALUES (4, 'Exportación', '9995', 'FRE', 'EXP', NULL, 'A', 'WZAMORA', '2018-12-05 14:44:48.06', NULL, NULL);
INSERT INTO isos.tipo_tributo (id_tipotributo, nombre, codigo_sunat, codigo_internacional, siglas, base, estado, usuario_creacion, fecha_creacion, usuario_modificacion, fecha_modificacion) VALUES (3, 'Impuesto Selectivo al Consumo', '2000', 'EXC', 'ISC', NULL, 'A', 'WZAMORA', '2018-12-05 14:44:48.06', NULL, NULL);
INSERT INTO isos.tipo_tributo (id_tipotributo, nombre, codigo_sunat, codigo_internacional, siglas, base, estado, usuario_creacion, fecha_creacion, usuario_modificacion, fecha_modificacion) VALUES (2, 'Impuesto a la Venta Arroz Pilado', '1016', 'VAT', 'IVAP', NULL, 'A', 'WZAMORA', '2018-12-05 14:44:48.06', NULL, NULL);
INSERT INTO isos.tipo_tributo (id_tipotributo, nombre, codigo_sunat, codigo_internacional, siglas, base, estado, usuario_creacion, fecha_creacion, usuario_modificacion, fecha_modificacion) VALUES (7, 'Inafecto', '9998', 'FRE', 'INA', 'INAFECTO', 'A', 'WZAMORA', '2018-12-05 14:44:48.06', 'WZAMORA', '2018-12-05 15:03:02.762');
INSERT INTO isos.tipo_tributo (id_tipotributo, nombre, codigo_sunat, codigo_internacional, siglas, base, estado, usuario_creacion, fecha_creacion, usuario_modificacion, fecha_modificacion) VALUES (8, 'Otros tributos', '9999', 'OTH', 'OTROS', NULL, 'A', 'WZAMORA', '2018-12-05 14:44:48.06', 'WZAMORA', '2018-12-05 16:42:57.095');
INSERT INTO isos.tipo_tributo (id_tipotributo, nombre, codigo_sunat, codigo_internacional, siglas, base, estado, usuario_creacion, fecha_creacion, usuario_modificacion, fecha_modificacion) VALUES (9, 'Impuesto a la bolsa plastica', '7152', 'OTH', 'ICBPER', 'GRAVADO', 'A', 'WZAMORA', '2019-10-02 17:10:00', 'WZAMORA', '2020-04-21 09:24:54.953');


--
-- Data for Name: tipo_afectacionigv; Type: TABLE DATA; Schema: isos; Owner: postgres
--

INSERT INTO isos.tipo_afectacionigv (id_tipoafectacionigv, nombre, id_tipotributo, estado, codigo_sunat, codigo_ose, usuario_creacion, fecha_creacion, usuario_modificacion, fecha_modificacion) VALUES (20, 'Gravado - IVAP', 5, 'I', '17', '', 'WZAMORA', '2018-12-04 16:21:08.615', 'WZAMORA', '2018-12-05 17:49:09.761');
INSERT INTO isos.tipo_afectacionigv (id_tipoafectacionigv, nombre, id_tipotributo, estado, codigo_sunat, codigo_ose, usuario_creacion, fecha_creacion, usuario_modificacion, fecha_modificacion) VALUES (4, 'Gravado – Retiro', 5, 'I', '13', '4', 'WZAMORA', '2018-12-04 16:21:08.615', 'WZAMORA', '2018-12-05 17:49:15.474');
INSERT INTO isos.tipo_afectacionigv (id_tipoafectacionigv, nombre, id_tipotributo, estado, codigo_sunat, codigo_ose, usuario_creacion, fecha_creacion, usuario_modificacion, fecha_modificacion) VALUES (3, 'Gravado – Retiro por donación', 5, 'I', '12', '3', 'WZAMORA', '2018-12-04 16:21:08.615', 'WZAMORA', '2018-12-05 17:49:19.754');
INSERT INTO isos.tipo_afectacionigv (id_tipoafectacionigv, nombre, id_tipotributo, estado, codigo_sunat, codigo_ose, usuario_creacion, fecha_creacion, usuario_modificacion, fecha_modificacion) VALUES (7, 'Gravado – Retiro por entrega a trabajadores', 5, 'I', '16', '7', 'WZAMORA', '2018-12-04 16:21:08.615', 'WZAMORA', '2018-12-05 17:49:25.17');
INSERT INTO isos.tipo_afectacionigv (id_tipoafectacionigv, nombre, id_tipotributo, estado, codigo_sunat, codigo_ose, usuario_creacion, fecha_creacion, usuario_modificacion, fecha_modificacion) VALUES (2, 'Gravado – Retiro por premio', 5, 'I', '11', '2', 'WZAMORA', '2018-12-04 16:21:08.615', 'WZAMORA', '2018-12-05 17:49:32.654');
INSERT INTO isos.tipo_afectacionigv (id_tipoafectacionigv, nombre, id_tipotributo, estado, codigo_sunat, codigo_ose, usuario_creacion, fecha_creacion, usuario_modificacion, fecha_modificacion) VALUES (10, 'Exonerado - Transferencia gratuita', 5, 'I', '21', '', 'WZAMORA', '2018-12-04 16:21:08.615', 'WZAMORA', '2018-12-06 11:07:47.769');
INSERT INTO isos.tipo_afectacionigv (id_tipoafectacionigv, nombre, id_tipotributo, estado, codigo_sunat, codigo_ose, usuario_creacion, fecha_creacion, usuario_modificacion, fecha_modificacion) VALUES (5, 'Gravado – Retiro por publicidad', 5, 'I', '14', '5', 'WZAMORA', '2018-12-04 16:21:08.615', 'WZAMORA', '2018-12-07 09:10:17.77');
INSERT INTO isos.tipo_afectacionigv (id_tipoafectacionigv, nombre, id_tipotributo, estado, codigo_sunat, codigo_ose, usuario_creacion, fecha_creacion, usuario_modificacion, fecha_modificacion) VALUES (15, 'Inafecto - Retiro por Convenio Colectivo', 5, 'I', '34', '13', 'WZAMORA', '2018-12-04 16:21:08.615', 'WZAMORA', '2018-12-07 09:10:22.885');
INSERT INTO isos.tipo_afectacionigv (id_tipoafectacionigv, nombre, id_tipotributo, estado, codigo_sunat, codigo_ose, usuario_creacion, fecha_creacion, usuario_modificacion, fecha_modificacion) VALUES (17, 'Inafecto - Retiro por publicidad', 5, 'I', '36', '15', 'WZAMORA', '2018-12-04 16:21:08.615', 'WZAMORA', '2018-12-07 09:10:28.348');
INSERT INTO isos.tipo_afectacionigv (id_tipoafectacionigv, nombre, id_tipotributo, estado, codigo_sunat, codigo_ose, usuario_creacion, fecha_creacion, usuario_modificacion, fecha_modificacion) VALUES (18, 'Inafecto - Transferencia gratuita', 5, 'I', '37', '', 'WZAMORA', '2018-12-04 16:21:08.615', 'WZAMORA', '2018-12-07 09:10:35.559');
INSERT INTO isos.tipo_afectacionigv (id_tipoafectacionigv, nombre, id_tipotributo, estado, codigo_sunat, codigo_ose, usuario_creacion, fecha_creacion, usuario_modificacion, fecha_modificacion) VALUES (13, 'Inafecto – Retiro', 5, 'I', '32', '11', 'WZAMORA', '2018-12-04 16:21:08.615', 'WZAMORA', '2018-12-07 09:10:47.956');
INSERT INTO isos.tipo_afectacionigv (id_tipoafectacionigv, nombre, id_tipotributo, estado, codigo_sunat, codigo_ose, usuario_creacion, fecha_creacion, usuario_modificacion, fecha_modificacion) VALUES (14, 'Inafecto – Retiro por Muestras Médicas', 5, 'I', '33', '12', 'WZAMORA', '2018-12-04 16:21:08.615', 'WZAMORA', '2018-12-07 09:10:57.375');
INSERT INTO isos.tipo_afectacionigv (id_tipoafectacionigv, nombre, id_tipotributo, estado, codigo_sunat, codigo_ose, usuario_creacion, fecha_creacion, usuario_modificacion, fecha_modificacion) VALUES (16, 'Inafecto – Retiro por premio', 5, 'I', '35', '14', 'WZAMORA', '2018-12-04 16:21:08.615', 'WZAMORA', '2018-12-07 09:11:05.25');
INSERT INTO isos.tipo_afectacionigv (id_tipoafectacionigv, nombre, id_tipotributo, estado, codigo_sunat, codigo_ose, usuario_creacion, fecha_creacion, usuario_modificacion, fecha_modificacion) VALUES (1, 'Gravado - Operación Onerosa', 1, 'A', '10', '1', 'WZAMORA', '2018-12-04 16:21:08.615', NULL, NULL);
INSERT INTO isos.tipo_afectacionigv (id_tipoafectacionigv, nombre, id_tipotributo, estado, codigo_sunat, codigo_ose, usuario_creacion, fecha_creacion, usuario_modificacion, fecha_modificacion) VALUES (9, 'Exonerado - Operación Onerosa', 6, 'A', '20', '8', 'WZAMORA', '2018-12-04 16:21:08.615', NULL, NULL);
INSERT INTO isos.tipo_afectacionigv (id_tipoafectacionigv, nombre, id_tipotributo, estado, codigo_sunat, codigo_ose, usuario_creacion, fecha_creacion, usuario_modificacion, fecha_modificacion) VALUES (11, 'Inafecto - Operación Onerosa', 7, 'A', '30', '9', 'WZAMORA', '2018-12-04 16:21:08.615', NULL, NULL);
INSERT INTO isos.tipo_afectacionigv (id_tipoafectacionigv, nombre, id_tipotributo, estado, codigo_sunat, codigo_ose, usuario_creacion, fecha_creacion, usuario_modificacion, fecha_modificacion) VALUES (19, 'Exportación de Bienes o Servicios', 4, 'I', '40', '', 'WZAMORA', '2018-12-04 16:21:08.615', 'WZAMORA', '2018-12-05 11:29:40.725');
INSERT INTO isos.tipo_afectacionigv (id_tipoafectacionigv, nombre, id_tipotributo, estado, codigo_sunat, codigo_ose, usuario_creacion, fecha_creacion, usuario_modificacion, fecha_modificacion) VALUES (8, 'Gravado - IVAP', 2, 'I', '17', '', 'WZAMORA', '2018-12-04 16:21:08.615', 'WZAMORA', '2018-12-05 11:29:56.394');
INSERT INTO isos.tipo_afectacionigv (id_tipoafectacionigv, nombre, id_tipotributo, estado, codigo_sunat, codigo_ose, usuario_creacion, fecha_creacion, usuario_modificacion, fecha_modificacion) VALUES (21, 'Exportación de Bienes o Servicios', 4, 'I', '40', '16', 'WZAMORA', '2018-12-04 16:21:08.615', 'WZAMORA', '2018-12-05 17:49:01.519');
INSERT INTO isos.tipo_afectacionigv (id_tipoafectacionigv, nombre, id_tipotributo, estado, codigo_sunat, codigo_ose, usuario_creacion, fecha_creacion, usuario_modificacion, fecha_modificacion) VALUES (6, 'Gravado – Bonificaciones', 5, 'A', '15', '6', 'WZAMORA', '2018-12-04 16:21:08.615', 'WZAMORA', '2018-12-07 09:10:09.47');
INSERT INTO isos.tipo_afectacionigv (id_tipoafectacionigv, nombre, id_tipotributo, estado, codigo_sunat, codigo_ose, usuario_creacion, fecha_creacion, usuario_modificacion, fecha_modificacion) VALUES (12, 'Inafecto – Retiro por Bonificación', 5, 'I', '31', '10', 'WZAMORA', '2018-12-04 16:21:08.615', 'WZAMORA', '2019-12-06 16:55:35.705');


--
-- Data for Name: producto; Type: TABLE DATA; Schema: isos; Owner: postgres
--

INSERT INTO isos.producto (cod_producto, tipo, cod_prod_proveedor, cod_barras, id_marca, id_subclase, nombre_generico, nombre_comercial, descripcion, src_imagen, usuario_creacion, fecha_creacion, usuario_modificacion, fecha_modificacion, estado, id_tipoafectacionigv, codigo_sunat) VALUES ('PD00000467', 'B', '', '', 1, 51, '', 'PERFORADOR', '', NULL, 'RHUAMAN', '2018-12-20 15:05:28.65', NULL, NULL, 'A', 1, NULL);
INSERT INTO isos.producto (cod_producto, tipo, cod_prod_proveedor, cod_barras, id_marca, id_subclase, nombre_generico, nombre_comercial, descripcion, src_imagen, usuario_creacion, fecha_creacion, usuario_modificacion, fecha_modificacion, estado, id_tipoafectacionigv, codigo_sunat) VALUES ('PD00000468', 'B', '', '', 1, 58, '', 'GRASA', '', NULL, 'RHUAMAN', '2018-12-20 15:27:41.671', NULL, NULL, 'A', 1, NULL);
INSERT INTO isos.producto (cod_producto, tipo, cod_prod_proveedor, cod_barras, id_marca, id_subclase, nombre_generico, nombre_comercial, descripcion, src_imagen, usuario_creacion, fecha_creacion, usuario_modificacion, fecha_modificacion, estado, id_tipoafectacionigv, codigo_sunat) VALUES ('PD00000135', 'B', '', '', 1, 25, '', 'TUBO NEGRO CUADRADO 4"X4"X2.5MM(100MMX100MM)', '', NULL, 'DCRUZ', '2018-01-26 12:43:17.91', NULL, NULL, 'A', 1, NULL);
INSERT INTO isos.producto (cod_producto, tipo, cod_prod_proveedor, cod_barras, id_marca, id_subclase, nombre_generico, nombre_comercial, descripcion, src_imagen, usuario_creacion, fecha_creacion, usuario_modificacion, fecha_modificacion, estado, id_tipoafectacionigv, codigo_sunat) VALUES ('PD00000136', 'B', '', '', 1, 28, '', 'TUBO GALVANIZADO LIV. 1/2"X6.40M CON ROSCA', '', NULL, 'DCRUZ', '2018-01-26 12:43:17.91', NULL, NULL, 'A', 1, NULL);
INSERT INTO isos.producto (cod_producto, tipo, cod_prod_proveedor, cod_barras, id_marca, id_subclase, nombre_generico, nombre_comercial, descripcion, src_imagen, usuario_creacion, fecha_creacion, usuario_modificacion, fecha_modificacion, estado, id_tipoafectacionigv, codigo_sunat) VALUES ('PD00000169', 'B', '', '', 1, 32, '', 'EJE AC REDONDO GRADO 140 BONIFICADO 3/4"(19.00MMX5.81)', '', NULL, 'DCRUZ', '2018-01-26 12:43:17.91', NULL, NULL, 'A', 1, NULL);
INSERT INTO isos.producto (cod_producto, tipo, cod_prod_proveedor, cod_barras, id_marca, id_subclase, nombre_generico, nombre_comercial, descripcion, src_imagen, usuario_creacion, fecha_creacion, usuario_modificacion, fecha_modificacion, estado, id_tipoafectacionigv, codigo_sunat) VALUES ('PD00000231', 'B', '', '', 1, 40, '', 'DISCO DE DESBASTE 4 1/2"', '', NULL, 'DCRUZ', '2018-01-26 12:43:17.91', NULL, NULL, 'A', 1, NULL);
INSERT INTO isos.producto (cod_producto, tipo, cod_prod_proveedor, cod_barras, id_marca, id_subclase, nombre_generico, nombre_comercial, descripcion, src_imagen, usuario_creacion, fecha_creacion, usuario_modificacion, fecha_modificacion, estado, id_tipoafectacionigv, codigo_sunat) VALUES ('PD00000181', 'B', '', '', 1, 1, '', 'BOQUILLA PLASMA', '', NULL, 'DCRUZ', '2018-01-26 12:43:17.91', NULL, NULL, 'A', 1, NULL);
INSERT INTO isos.producto (cod_producto, tipo, cod_prod_proveedor, cod_barras, id_marca, id_subclase, nombre_generico, nombre_comercial, descripcion, src_imagen, usuario_creacion, fecha_creacion, usuario_modificacion, fecha_modificacion, estado, id_tipoafectacionigv, codigo_sunat) VALUES ('PD00000420', 'B', '', '', 10, 55, '', 'BOTAS ', '', NULL, 'DCRUZ', '2018-05-02 16:53:45.885', NULL, NULL, 'A', 1, NULL);
INSERT INTO isos.producto (cod_producto, tipo, cod_prod_proveedor, cod_barras, id_marca, id_subclase, nombre_generico, nombre_comercial, descripcion, src_imagen, usuario_creacion, fecha_creacion, usuario_modificacion, fecha_modificacion, estado, id_tipoafectacionigv, codigo_sunat) VALUES ('PD00000001', 'B', '', '', 1, 11, '', 'PLANCHA NEGRA 1MMX1200X2400', '', NULL, 'DCRUZ', '2018-01-26 12:43:17.91', NULL, NULL, 'A', 1, NULL);
INSERT INTO isos.producto (cod_producto, tipo, cod_prod_proveedor, cod_barras, id_marca, id_subclase, nombre_generico, nombre_comercial, descripcion, src_imagen, usuario_creacion, fecha_creacion, usuario_modificacion, fecha_modificacion, estado, id_tipoafectacionigv, codigo_sunat) VALUES ('PD00000002', 'B', '', '', 1, 11, '', 'PLANCHA NEGRA 1/20"X1200X2400 (1.2MM)', '', NULL, 'DCRUZ', '2018-01-26 12:43:17.91', NULL, NULL, 'A', 1, NULL);
INSERT INTO isos.producto (cod_producto, tipo, cod_prod_proveedor, cod_barras, id_marca, id_subclase, nombre_generico, nombre_comercial, descripcion, src_imagen, usuario_creacion, fecha_creacion, usuario_modificacion, fecha_modificacion, estado, id_tipoafectacionigv, codigo_sunat) VALUES ('PD00000003', 'B', '', '', 1, 11, '', 'PLANCHA NEGRA 1/16"X1200X2400 (1.45MM)', '', NULL, 'DCRUZ', '2018-01-26 12:43:17.91', NULL, NULL, 'A', 1, NULL);
INSERT INTO isos.producto (cod_producto, tipo, cod_prod_proveedor, cod_barras, id_marca, id_subclase, nombre_generico, nombre_comercial, descripcion, src_imagen, usuario_creacion, fecha_creacion, usuario_modificacion, fecha_modificacion, estado, id_tipoafectacionigv, codigo_sunat) VALUES ('PD00000004', 'B', '', '', 1, 11, '', 'PLANCHA NEGRA 5/64"X1200X2400 (2.0MM)', '', NULL, 'DCRUZ', '2018-01-26 12:43:17.91', NULL, NULL, 'A', 1, NULL);
INSERT INTO isos.producto (cod_producto, tipo, cod_prod_proveedor, cod_barras, id_marca, id_subclase, nombre_generico, nombre_comercial, descripcion, src_imagen, usuario_creacion, fecha_creacion, usuario_modificacion, fecha_modificacion, estado, id_tipoafectacionigv, codigo_sunat) VALUES ('PD00000005', 'B', '', '', 1, 11, '', 'PLANCHA NEGRA 3/32"X1200X2400 (2.5MM)', '', NULL, 'DCRUZ', '2018-01-26 12:43:17.91', NULL, NULL, 'A', 1, NULL);
INSERT INTO isos.producto (cod_producto, tipo, cod_prod_proveedor, cod_barras, id_marca, id_subclase, nombre_generico, nombre_comercial, descripcion, src_imagen, usuario_creacion, fecha_creacion, usuario_modificacion, fecha_modificacion, estado, id_tipoafectacionigv, codigo_sunat) VALUES ('PD00000006', 'B', '', '', 1, 11, '', 'PLANCHA NEGRA 1/8"X1200X2400 (2.9MM)', '', NULL, 'DCRUZ', '2018-01-26 12:43:17.91', NULL, NULL, 'A', 1, NULL);
INSERT INTO isos.producto (cod_producto, tipo, cod_prod_proveedor, cod_barras, id_marca, id_subclase, nombre_generico, nombre_comercial, descripcion, src_imagen, usuario_creacion, fecha_creacion, usuario_modificacion, fecha_modificacion, estado, id_tipoafectacionigv, codigo_sunat) VALUES ('PD00000447', 'B', '', '', 1, 58, '', 'THINER', '', NULL, 'DCRUZ', '2018-05-09 09:49:36.12', NULL, NULL, 'A', 1, NULL);
INSERT INTO isos.producto (cod_producto, tipo, cod_prod_proveedor, cod_barras, id_marca, id_subclase, nombre_generico, nombre_comercial, descripcion, src_imagen, usuario_creacion, fecha_creacion, usuario_modificacion, fecha_modificacion, estado, id_tipoafectacionigv, codigo_sunat) VALUES ('PD00000007', 'B', '', '', 1, 11, '', 'PLANCHA NEGRA 5/32"X1200X2400 (3.9MM)', '', NULL, 'DCRUZ', '2018-01-26 12:43:17.91', NULL, NULL, 'A', 1, NULL);
INSERT INTO isos.producto (cod_producto, tipo, cod_prod_proveedor, cod_barras, id_marca, id_subclase, nombre_generico, nombre_comercial, descripcion, src_imagen, usuario_creacion, fecha_creacion, usuario_modificacion, fecha_modificacion, estado, id_tipoafectacionigv, codigo_sunat) VALUES ('PD00000008', 'B', '', '', 1, 11, '', 'PLANCHA NEGRA 3/16"X1200X2400 (4.4MM)', '', NULL, 'DCRUZ', '2018-01-26 12:43:17.91', NULL, NULL, 'A', 1, NULL);
INSERT INTO isos.producto (cod_producto, tipo, cod_prod_proveedor, cod_barras, id_marca, id_subclase, nombre_generico, nombre_comercial, descripcion, src_imagen, usuario_creacion, fecha_creacion, usuario_modificacion, fecha_modificacion, estado, id_tipoafectacionigv, codigo_sunat) VALUES ('PD00000009', 'B', '', '', 1, 11, '', 'PLANCHA NEGRA 1/4"X1200X2400 (5.9MM)', '', NULL, 'DCRUZ', '2018-01-26 12:43:17.91', NULL, NULL, 'A', 1, NULL);
INSERT INTO isos.producto (cod_producto, tipo, cod_prod_proveedor, cod_barras, id_marca, id_subclase, nombre_generico, nombre_comercial, descripcion, src_imagen, usuario_creacion, fecha_creacion, usuario_modificacion, fecha_modificacion, estado, id_tipoafectacionigv, codigo_sunat) VALUES ('PD00000010', 'B', '', '', 1, 11, '', 'PLANCHA NEGRA 5/16"X1200X2400 (8.0MM)', '', NULL, 'DCRUZ', '2018-01-26 12:43:17.91', NULL, NULL, 'A', 1, NULL);
INSERT INTO isos.producto (cod_producto, tipo, cod_prod_proveedor, cod_barras, id_marca, id_subclase, nombre_generico, nombre_comercial, descripcion, src_imagen, usuario_creacion, fecha_creacion, usuario_modificacion, fecha_modificacion, estado, id_tipoafectacionigv, codigo_sunat) VALUES ('PD00000011', 'B', '', '', 1, 11, '', 'PLANCHA NEGRA 3/8"X1200X2400 (9.0MM)', '', NULL, 'DCRUZ', '2018-01-26 12:43:17.91', NULL, NULL, 'A', 1, NULL);
INSERT INTO isos.producto (cod_producto, tipo, cod_prod_proveedor, cod_barras, id_marca, id_subclase, nombre_generico, nombre_comercial, descripcion, src_imagen, usuario_creacion, fecha_creacion, usuario_modificacion, fecha_modificacion, estado, id_tipoafectacionigv, codigo_sunat) VALUES ('PD00000012', 'B', '', '', 1, 11, '', 'PLANCHA NEGRA 1/2"X1200X2400 (12MM)', '', NULL, 'DCRUZ', '2018-01-26 12:43:17.91', NULL, NULL, 'A', 1, NULL);
INSERT INTO isos.producto (cod_producto, tipo, cod_prod_proveedor, cod_barras, id_marca, id_subclase, nombre_generico, nombre_comercial, descripcion, src_imagen, usuario_creacion, fecha_creacion, usuario_modificacion, fecha_modificacion, estado, id_tipoafectacionigv, codigo_sunat) VALUES ('PD00000013', 'B', '', '', 1, 11, '', 'PLANCHA NEGRA 5/8"X1200X2400 (16MM)', '', NULL, 'DCRUZ', '2018-01-26 12:43:17.91', NULL, NULL, 'A', 1, NULL);
INSERT INTO isos.producto (cod_producto, tipo, cod_prod_proveedor, cod_barras, id_marca, id_subclase, nombre_generico, nombre_comercial, descripcion, src_imagen, usuario_creacion, fecha_creacion, usuario_modificacion, fecha_modificacion, estado, id_tipoafectacionigv, codigo_sunat) VALUES ('PD00000014', 'B', '', '', 1, 11, '', 'PLANCHA NEGRA 3/4"X1200X2400 (19MM)', '', NULL, 'DCRUZ', '2018-01-26 12:43:17.91', NULL, NULL, 'A', 1, NULL);
INSERT INTO isos.producto (cod_producto, tipo, cod_prod_proveedor, cod_barras, id_marca, id_subclase, nombre_generico, nombre_comercial, descripcion, src_imagen, usuario_creacion, fecha_creacion, usuario_modificacion, fecha_modificacion, estado, id_tipoafectacionigv, codigo_sunat) VALUES ('PD00000015', 'B', '', '', 1, 11, '', 'PLANCHA NEGRA 1 1/4"X1200X2400 (32MM)', '', NULL, 'DCRUZ', '2018-01-26 12:43:17.91', NULL, NULL, 'A', 1, NULL);
INSERT INTO isos.producto (cod_producto, tipo, cod_prod_proveedor, cod_barras, id_marca, id_subclase, nombre_generico, nombre_comercial, descripcion, src_imagen, usuario_creacion, fecha_creacion, usuario_modificacion, fecha_modificacion, estado, id_tipoafectacionigv, codigo_sunat) VALUES ('PD00000016', 'B', '', '', 1, 11, '', 'PLANCHA NEGRA 1 1/2"X1200X2400 (38MM)', '', NULL, 'DCRUZ', '2018-01-26 12:43:17.91', NULL, NULL, 'A', 1, NULL);
INSERT INTO isos.producto (cod_producto, tipo, cod_prod_proveedor, cod_barras, id_marca, id_subclase, nombre_generico, nombre_comercial, descripcion, src_imagen, usuario_creacion, fecha_creacion, usuario_modificacion, fecha_modificacion, estado, id_tipoafectacionigv, codigo_sunat) VALUES ('PD00000017', 'B', '', '', 1, 8, '', 'PLANCHA GALVANIZADA 1/32"X1200X2400 (0.8MM)', '', NULL, 'DCRUZ', '2018-01-26 12:43:17.91', NULL, NULL, 'A', 1, NULL);
INSERT INTO isos.producto (cod_producto, tipo, cod_prod_proveedor, cod_barras, id_marca, id_subclase, nombre_generico, nombre_comercial, descripcion, src_imagen, usuario_creacion, fecha_creacion, usuario_modificacion, fecha_modificacion, estado, id_tipoafectacionigv, codigo_sunat) VALUES ('PD00000018', 'B', '', '', 1, 8, '', 'PLANCHA GALVANIZADA 1/20"X1200X2400 (1.2 MM)', '', NULL, 'DCRUZ', '2018-01-26 12:43:17.91', NULL, NULL, 'A', 1, NULL);
INSERT INTO isos.producto (cod_producto, tipo, cod_prod_proveedor, cod_barras, id_marca, id_subclase, nombre_generico, nombre_comercial, descripcion, src_imagen, usuario_creacion, fecha_creacion, usuario_modificacion, fecha_modificacion, estado, id_tipoafectacionigv, codigo_sunat) VALUES ('PD00000019', 'B', '', '', 1, 8, '', 'PLANCHA GALVANIZADA 1/16"X1200X2400(1.50MM)', '', NULL, 'DCRUZ', '2018-01-26 12:43:17.91', NULL, NULL, 'A', 1, NULL);
INSERT INTO isos.producto (cod_producto, tipo, cod_prod_proveedor, cod_barras, id_marca, id_subclase, nombre_generico, nombre_comercial, descripcion, src_imagen, usuario_creacion, fecha_creacion, usuario_modificacion, fecha_modificacion, estado, id_tipoafectacionigv, codigo_sunat) VALUES ('PD00000020', 'B', '', '', 1, 8, '', 'PLANCHA GALVANIZADA 2MMX1200X2400', '', NULL, 'DCRUZ', '2018-01-26 12:43:17.91', NULL, NULL, 'A', 1, NULL);
INSERT INTO isos.producto (cod_producto, tipo, cod_prod_proveedor, cod_barras, id_marca, id_subclase, nombre_generico, nombre_comercial, descripcion, src_imagen, usuario_creacion, fecha_creacion, usuario_modificacion, fecha_modificacion, estado, id_tipoafectacionigv, codigo_sunat) VALUES ('PD00000021', 'B', '', '', 1, 8, '', 'PLANCHA GALVANIZADA 3/32"X1200X2400 (2.5 MM)', '', NULL, 'DCRUZ', '2018-01-26 12:43:17.91', NULL, NULL, 'A', 1, NULL);
INSERT INTO isos.producto (cod_producto, tipo, cod_prod_proveedor, cod_barras, id_marca, id_subclase, nombre_generico, nombre_comercial, descripcion, src_imagen, usuario_creacion, fecha_creacion, usuario_modificacion, fecha_modificacion, estado, id_tipoafectacionigv, codigo_sunat) VALUES ('PD00000022', 'B', '', '', 1, 8, '', 'PLANCHA GALVANIZADA 3/16"X1200X2400 (4MM)', '', NULL, 'DCRUZ', '2018-01-26 12:43:17.91', NULL, NULL, 'A', 1, NULL);
INSERT INTO isos.producto (cod_producto, tipo, cod_prod_proveedor, cod_barras, id_marca, id_subclase, nombre_generico, nombre_comercial, descripcion, src_imagen, usuario_creacion, fecha_creacion, usuario_modificacion, fecha_modificacion, estado, id_tipoafectacionigv, codigo_sunat) VALUES ('PD00000023', 'B', '', '', 1, 12, '', 'PLANCHA NEGRA ESTRIADA 2.0MMX1200X2400MM', '', NULL, 'DCRUZ', '2018-01-26 12:43:17.91', NULL, NULL, 'A', 1, NULL);
INSERT INTO isos.producto (cod_producto, tipo, cod_prod_proveedor, cod_barras, id_marca, id_subclase, nombre_generico, nombre_comercial, descripcion, src_imagen, usuario_creacion, fecha_creacion, usuario_modificacion, fecha_modificacion, estado, id_tipoafectacionigv, codigo_sunat) VALUES ('PD00000024', 'B', '', '', 1, 12, '', 'PLANCHA NEGRA ESTRIADA 3/32X1200X2400MM(2.5MM)', '', NULL, 'DCRUZ', '2018-01-26 12:43:17.91', NULL, NULL, 'A', 1, NULL);
INSERT INTO isos.producto (cod_producto, tipo, cod_prod_proveedor, cod_barras, id_marca, id_subclase, nombre_generico, nombre_comercial, descripcion, src_imagen, usuario_creacion, fecha_creacion, usuario_modificacion, fecha_modificacion, estado, id_tipoafectacionigv, codigo_sunat) VALUES ('PD00000025', 'B', '', '', 1, 12, '', 'PLANCHA NEGRA ESTRIADA 1/8X1200X2400MM (3.0MM)', '', NULL, 'DCRUZ', '2018-01-26 12:43:17.91', NULL, NULL, 'A', 1, NULL);
INSERT INTO isos.producto (cod_producto, tipo, cod_prod_proveedor, cod_barras, id_marca, id_subclase, nombre_generico, nombre_comercial, descripcion, src_imagen, usuario_creacion, fecha_creacion, usuario_modificacion, fecha_modificacion, estado, id_tipoafectacionigv, codigo_sunat) VALUES ('PD00000026', 'B', '', '', 1, 12, '', 'PLANCHA NEGRA ESTRIADA 3/16X1200X2400MM(4.4MM)', '', NULL, 'DCRUZ', '2018-01-26 12:43:17.91', NULL, NULL, 'A', 1, NULL);
INSERT INTO isos.producto (cod_producto, tipo, cod_prod_proveedor, cod_barras, id_marca, id_subclase, nombre_generico, nombre_comercial, descripcion, src_imagen, usuario_creacion, fecha_creacion, usuario_modificacion, fecha_modificacion, estado, id_tipoafectacionigv, codigo_sunat) VALUES ('PD00000027', 'B', '', '', 1, 14, '', 'PLANCHA DE ACERO CORTEN 1/4X1200X2400 (6MM)', '', NULL, 'DCRUZ', '2018-01-26 12:43:17.91', NULL, NULL, 'A', 1, NULL);
INSERT INTO isos.producto (cod_producto, tipo, cod_prod_proveedor, cod_barras, id_marca, id_subclase, nombre_generico, nombre_comercial, descripcion, src_imagen, usuario_creacion, fecha_creacion, usuario_modificacion, fecha_modificacion, estado, id_tipoafectacionigv, codigo_sunat) VALUES ('PD00000028', 'B', '', '', 1, 10, '', 'PLANCHA INOXIDABLE C-304 0.50MMX1220X2440 2B (1/54)', '', NULL, 'DCRUZ', '2018-01-26 12:43:17.91', NULL, NULL, 'A', 1, NULL);
INSERT INTO isos.producto (cod_producto, tipo, cod_prod_proveedor, cod_barras, id_marca, id_subclase, nombre_generico, nombre_comercial, descripcion, src_imagen, usuario_creacion, fecha_creacion, usuario_modificacion, fecha_modificacion, estado, id_tipoafectacionigv, codigo_sunat) VALUES ('PD00000029', 'B', '', '', 1, 10, '', 'PLANCHA INOXIDABLE C-304 0.60MMX1220X2440 2B (1/40)', '', NULL, 'DCRUZ', '2018-01-26 12:43:17.91', NULL, NULL, 'A', 1, NULL);
INSERT INTO isos.producto (cod_producto, tipo, cod_prod_proveedor, cod_barras, id_marca, id_subclase, nombre_generico, nombre_comercial, descripcion, src_imagen, usuario_creacion, fecha_creacion, usuario_modificacion, fecha_modificacion, estado, id_tipoafectacionigv, codigo_sunat) VALUES ('PD00000030', 'B', '', '', 1, 10, '', 'PLANCHA INOXIDABLE C-304 0.80MMX1220X2440 2B (1/32)', '', NULL, 'DCRUZ', '2018-01-26 12:43:17.91', NULL, NULL, 'A', 1, NULL);
INSERT INTO isos.producto (cod_producto, tipo, cod_prod_proveedor, cod_barras, id_marca, id_subclase, nombre_generico, nombre_comercial, descripcion, src_imagen, usuario_creacion, fecha_creacion, usuario_modificacion, fecha_modificacion, estado, id_tipoafectacionigv, codigo_sunat) VALUES ('PD00000031', 'B', '', '', 1, 10, '', 'PLANCHA INOXIDABLE C-304 0.90MMX1220X2440 2B (1/24)', '', NULL, 'DCRUZ', '2018-01-26 12:43:17.91', NULL, NULL, 'A', 1, NULL);
INSERT INTO isos.producto (cod_producto, tipo, cod_prod_proveedor, cod_barras, id_marca, id_subclase, nombre_generico, nombre_comercial, descripcion, src_imagen, usuario_creacion, fecha_creacion, usuario_modificacion, fecha_modificacion, estado, id_tipoafectacionigv, codigo_sunat) VALUES ('PD00000032', 'B', '', '', 1, 10, '', 'PLANCHA INOXIDABLE C-304 1.0MMX1220X2440 2B', '', NULL, 'DCRUZ', '2018-01-26 12:43:17.91', NULL, NULL, 'A', 1, NULL);
INSERT INTO isos.producto (cod_producto, tipo, cod_prod_proveedor, cod_barras, id_marca, id_subclase, nombre_generico, nombre_comercial, descripcion, src_imagen, usuario_creacion, fecha_creacion, usuario_modificacion, fecha_modificacion, estado, id_tipoafectacionigv, codigo_sunat) VALUES ('PD00000033', 'B', '', '', 1, 10, '', 'PLANCHA INOXIDABLE C-304 1.2MMX1220X2440 2B (1/20)', '', NULL, 'DCRUZ', '2018-01-26 12:43:17.91', NULL, NULL, 'A', 1, NULL);
INSERT INTO isos.producto (cod_producto, tipo, cod_prod_proveedor, cod_barras, id_marca, id_subclase, nombre_generico, nombre_comercial, descripcion, src_imagen, usuario_creacion, fecha_creacion, usuario_modificacion, fecha_modificacion, estado, id_tipoafectacionigv, codigo_sunat) VALUES ('PD00000034', 'B', '', '', 1, 10, '', 'PLANCHA INOXIDABLE C-304 1.5MMX1220X2440 2B (1/16)', '', NULL, 'DCRUZ', '2018-01-26 12:43:17.91', NULL, NULL, 'A', 1, NULL);
INSERT INTO isos.producto (cod_producto, tipo, cod_prod_proveedor, cod_barras, id_marca, id_subclase, nombre_generico, nombre_comercial, descripcion, src_imagen, usuario_creacion, fecha_creacion, usuario_modificacion, fecha_modificacion, estado, id_tipoafectacionigv, codigo_sunat) VALUES ('PD00000035', 'B', '', '', 1, 10, '', 'PLANCHA INOXIDABLE C-304 2.0MMX1220X2440 2B', '', NULL, 'DCRUZ', '2018-01-26 12:43:17.91', NULL, NULL, 'A', 1, NULL);
INSERT INTO isos.producto (cod_producto, tipo, cod_prod_proveedor, cod_barras, id_marca, id_subclase, nombre_generico, nombre_comercial, descripcion, src_imagen, usuario_creacion, fecha_creacion, usuario_modificacion, fecha_modificacion, estado, id_tipoafectacionigv, codigo_sunat) VALUES ('PD00000036', 'B', '', '', 1, 10, '', 'PLANCHA INOXIDABLE C-304 3.0MMX1220X2440 2B (1/8)', '', NULL, 'DCRUZ', '2018-01-26 12:43:17.91', NULL, NULL, 'A', 1, NULL);
INSERT INTO isos.producto (cod_producto, tipo, cod_prod_proveedor, cod_barras, id_marca, id_subclase, nombre_generico, nombre_comercial, descripcion, src_imagen, usuario_creacion, fecha_creacion, usuario_modificacion, fecha_modificacion, estado, id_tipoafectacionigv, codigo_sunat) VALUES ('PD00000037', 'B', '', '', 1, 10, '', 'PLANCHA INOXIDABLE C-304 4.76MMX1220X2440 2B (3/16)', '', NULL, 'DCRUZ', '2018-01-26 12:43:17.91', NULL, NULL, 'A', 1, NULL);
INSERT INTO isos.producto (cod_producto, tipo, cod_prod_proveedor, cod_barras, id_marca, id_subclase, nombre_generico, nombre_comercial, descripcion, src_imagen, usuario_creacion, fecha_creacion, usuario_modificacion, fecha_modificacion, estado, id_tipoafectacionigv, codigo_sunat) VALUES ('PD00000038', 'B', '', '', 1, 2, '', 'ANGULO 1 1/2"X1/8"X6M (2.50MMX38MM)', '', NULL, 'DCRUZ', '2018-01-26 12:43:17.91', NULL, NULL, 'A', 1, NULL);
INSERT INTO isos.producto (cod_producto, tipo, cod_prod_proveedor, cod_barras, id_marca, id_subclase, nombre_generico, nombre_comercial, descripcion, src_imagen, usuario_creacion, fecha_creacion, usuario_modificacion, fecha_modificacion, estado, id_tipoafectacionigv, codigo_sunat) VALUES ('PD00000039', 'B', '', '', 1, 2, '', 'ANGULO 2"X1/8"X6M', '', NULL, 'DCRUZ', '2018-01-26 12:43:17.91', NULL, NULL, 'A', 1, NULL);
INSERT INTO isos.producto (cod_producto, tipo, cod_prod_proveedor, cod_barras, id_marca, id_subclase, nombre_generico, nombre_comercial, descripcion, src_imagen, usuario_creacion, fecha_creacion, usuario_modificacion, fecha_modificacion, estado, id_tipoafectacionigv, codigo_sunat) VALUES ('PD00000040', 'B', '', '', 1, 2, '', 'ANGULO 1 1/2"X3/16"X6M', '', NULL, 'DCRUZ', '2018-01-26 12:43:17.91', NULL, NULL, 'A', 1, NULL);
INSERT INTO isos.producto (cod_producto, tipo, cod_prod_proveedor, cod_barras, id_marca, id_subclase, nombre_generico, nombre_comercial, descripcion, src_imagen, usuario_creacion, fecha_creacion, usuario_modificacion, fecha_modificacion, estado, id_tipoafectacionigv, codigo_sunat) VALUES ('PD00000041', 'B', '', '', 1, 2, '', 'ANGULO 2"X3/16"X6M', '', NULL, 'DCRUZ', '2018-01-26 12:43:17.91', NULL, NULL, 'A', 1, NULL);
INSERT INTO isos.producto (cod_producto, tipo, cod_prod_proveedor, cod_barras, id_marca, id_subclase, nombre_generico, nombre_comercial, descripcion, src_imagen, usuario_creacion, fecha_creacion, usuario_modificacion, fecha_modificacion, estado, id_tipoafectacionigv, codigo_sunat) VALUES ('PD00000042', 'B', '', '', 1, 2, '', 'ANGULO 2"X1/4"X6M', '', NULL, 'DCRUZ', '2018-01-26 12:43:17.91', NULL, NULL, 'A', 1, NULL);
INSERT INTO isos.producto (cod_producto, tipo, cod_prod_proveedor, cod_barras, id_marca, id_subclase, nombre_generico, nombre_comercial, descripcion, src_imagen, usuario_creacion, fecha_creacion, usuario_modificacion, fecha_modificacion, estado, id_tipoafectacionigv, codigo_sunat) VALUES ('PD00000043', 'B', '', '', 1, 2, '', 'ANGULO 3"X1/4"X6M', '', NULL, 'DCRUZ', '2018-01-26 12:43:17.91', NULL, NULL, 'A', 1, NULL);
INSERT INTO isos.producto (cod_producto, tipo, cod_prod_proveedor, cod_barras, id_marca, id_subclase, nombre_generico, nombre_comercial, descripcion, src_imagen, usuario_creacion, fecha_creacion, usuario_modificacion, fecha_modificacion, estado, id_tipoafectacionigv, codigo_sunat) VALUES ('PD00000044', 'B', '', '', 1, 2, '', 'ANGULO 3"X5/16"X6M', '', NULL, 'DCRUZ', '2018-01-26 12:43:17.91', NULL, NULL, 'A', 1, NULL);
INSERT INTO isos.producto (cod_producto, tipo, cod_prod_proveedor, cod_barras, id_marca, id_subclase, nombre_generico, nombre_comercial, descripcion, src_imagen, usuario_creacion, fecha_creacion, usuario_modificacion, fecha_modificacion, estado, id_tipoafectacionigv, codigo_sunat) VALUES ('PD00000045', 'B', '', '', 1, 2, '', 'ANGULO 4"X5/16"X6M', '', NULL, 'DCRUZ', '2018-01-26 12:43:17.91', NULL, NULL, 'A', 1, NULL);
INSERT INTO isos.producto (cod_producto, tipo, cod_prod_proveedor, cod_barras, id_marca, id_subclase, nombre_generico, nombre_comercial, descripcion, src_imagen, usuario_creacion, fecha_creacion, usuario_modificacion, fecha_modificacion, estado, id_tipoafectacionigv, codigo_sunat) VALUES ('PD00000046', 'B', '', '', 1, 2, '', 'ANGULO 2"X3/8"X6M', '', NULL, 'DCRUZ', '2018-01-26 12:43:17.91', NULL, NULL, 'A', 1, NULL);
INSERT INTO isos.producto (cod_producto, tipo, cod_prod_proveedor, cod_barras, id_marca, id_subclase, nombre_generico, nombre_comercial, descripcion, src_imagen, usuario_creacion, fecha_creacion, usuario_modificacion, fecha_modificacion, estado, id_tipoafectacionigv, codigo_sunat) VALUES ('PD00000047', 'B', '', '', 1, 2, '', 'ANGULO 3"X3/8"X6M', '', NULL, 'DCRUZ', '2018-01-26 12:43:17.91', NULL, NULL, 'A', 1, NULL);
INSERT INTO isos.producto (cod_producto, tipo, cod_prod_proveedor, cod_barras, id_marca, id_subclase, nombre_generico, nombre_comercial, descripcion, src_imagen, usuario_creacion, fecha_creacion, usuario_modificacion, fecha_modificacion, estado, id_tipoafectacionigv, codigo_sunat) VALUES ('PD00000048', 'B', '', '', 1, 2, '', 'ANGULO 4"X3/8"X6M', '', NULL, 'DCRUZ', '2018-01-26 12:43:17.91', NULL, NULL, 'A', 1, NULL);
INSERT INTO isos.producto (cod_producto, tipo, cod_prod_proveedor, cod_barras, id_marca, id_subclase, nombre_generico, nombre_comercial, descripcion, src_imagen, usuario_creacion, fecha_creacion, usuario_modificacion, fecha_modificacion, estado, id_tipoafectacionigv, codigo_sunat) VALUES ('PD00000049', 'B', '', '', 1, 2, '', 'ANGULO 1/8"X1"X6M (25X25X3.0MMX6M)', '', NULL, 'DCRUZ', '2018-01-26 12:43:17.91', NULL, NULL, 'A', 1, NULL);
INSERT INTO isos.producto (cod_producto, tipo, cod_prod_proveedor, cod_barras, id_marca, id_subclase, nombre_generico, nombre_comercial, descripcion, src_imagen, usuario_creacion, fecha_creacion, usuario_modificacion, fecha_modificacion, estado, id_tipoafectacionigv, codigo_sunat) VALUES ('PD00000050', 'B', '', '', 1, 2, '', 'ANGULO 1/8"X1 1/4"X6M (30X30X3.0MMX6M)', '', NULL, 'DCRUZ', '2018-01-26 12:43:17.91', NULL, NULL, 'A', 1, NULL);
INSERT INTO isos.producto (cod_producto, tipo, cod_prod_proveedor, cod_barras, id_marca, id_subclase, nombre_generico, nombre_comercial, descripcion, src_imagen, usuario_creacion, fecha_creacion, usuario_modificacion, fecha_modificacion, estado, id_tipoafectacionigv, codigo_sunat) VALUES ('PD00000051', 'B', '', '', 1, 2, '', 'ANGULO 1/8"X3/4"X6M (3.0MMX20MMX6M)', '', NULL, 'DCRUZ', '2018-01-26 12:43:17.91', NULL, NULL, 'A', 1, NULL);
INSERT INTO isos.producto (cod_producto, tipo, cod_prod_proveedor, cod_barras, id_marca, id_subclase, nombre_generico, nombre_comercial, descripcion, src_imagen, usuario_creacion, fecha_creacion, usuario_modificacion, fecha_modificacion, estado, id_tipoafectacionigv, codigo_sunat) VALUES ('PD00000052', 'B', '', '', 1, 2, '', 'ANGULO 2 1/2"X5/16"X6M', '', NULL, 'DCRUZ', '2018-01-26 12:43:17.91', NULL, NULL, 'A', 1, NULL);
INSERT INTO isos.producto (cod_producto, tipo, cod_prod_proveedor, cod_barras, id_marca, id_subclase, nombre_generico, nombre_comercial, descripcion, src_imagen, usuario_creacion, fecha_creacion, usuario_modificacion, fecha_modificacion, estado, id_tipoafectacionigv, codigo_sunat) VALUES ('PD00000053', 'B', '', '', 1, 2, '', 'ANGULO 1/4"X1"X6M (25X25X6.0MMX6M)', '', NULL, 'DCRUZ', '2018-01-26 12:43:17.91', NULL, NULL, 'A', 1, NULL);
INSERT INTO isos.producto (cod_producto, tipo, cod_prod_proveedor, cod_barras, id_marca, id_subclase, nombre_generico, nombre_comercial, descripcion, src_imagen, usuario_creacion, fecha_creacion, usuario_modificacion, fecha_modificacion, estado, id_tipoafectacionigv, codigo_sunat) VALUES ('PD00000054', 'B', '', '', 1, 2, '', 'ANGULO 1 1/2"X1/4"X6M', '', NULL, 'DCRUZ', '2018-01-26 12:43:17.91', NULL, NULL, 'A', 1, NULL);
INSERT INTO isos.producto (cod_producto, tipo, cod_prod_proveedor, cod_barras, id_marca, id_subclase, nombre_generico, nombre_comercial, descripcion, src_imagen, usuario_creacion, fecha_creacion, usuario_modificacion, fecha_modificacion, estado, id_tipoafectacionigv, codigo_sunat) VALUES ('PD00000055', 'B', '', '', 1, 2, '', 'ANGULO 2 1/2"X1/4"X6M', '', NULL, 'DCRUZ', '2018-01-26 12:43:17.91', NULL, NULL, 'A', 1, NULL);
INSERT INTO isos.producto (cod_producto, tipo, cod_prod_proveedor, cod_barras, id_marca, id_subclase, nombre_generico, nombre_comercial, descripcion, src_imagen, usuario_creacion, fecha_creacion, usuario_modificacion, fecha_modificacion, estado, id_tipoafectacionigv, codigo_sunat) VALUES ('PD00000056', 'B', '', '', 1, 2, '', 'ANGULO 4"X1/4"X6M', '', NULL, 'DCRUZ', '2018-01-26 12:43:17.91', NULL, NULL, 'A', 1, NULL);
INSERT INTO isos.producto (cod_producto, tipo, cod_prod_proveedor, cod_barras, id_marca, id_subclase, nombre_generico, nombre_comercial, descripcion, src_imagen, usuario_creacion, fecha_creacion, usuario_modificacion, fecha_modificacion, estado, id_tipoafectacionigv, codigo_sunat) VALUES ('PD00000057', 'B', '', '', 1, 2, '', 'ANGULO 3/16"X1"X6M (25X25X4.5MMX6M)', '', NULL, 'DCRUZ', '2018-01-26 12:43:17.91', NULL, NULL, 'A', 1, NULL);
INSERT INTO isos.producto (cod_producto, tipo, cod_prod_proveedor, cod_barras, id_marca, id_subclase, nombre_generico, nombre_comercial, descripcion, src_imagen, usuario_creacion, fecha_creacion, usuario_modificacion, fecha_modificacion, estado, id_tipoafectacionigv, codigo_sunat) VALUES ('PD00000058', 'B', '', '', 1, 2, '', 'ANGULO 2 1/2"X3/16"X6M', '', NULL, 'DCRUZ', '2018-01-26 12:43:17.91', NULL, NULL, 'A', 1, NULL);
INSERT INTO isos.producto (cod_producto, tipo, cod_prod_proveedor, cod_barras, id_marca, id_subclase, nombre_generico, nombre_comercial, descripcion, src_imagen, usuario_creacion, fecha_creacion, usuario_modificacion, fecha_modificacion, estado, id_tipoafectacionigv, codigo_sunat) VALUES ('PD00000059', 'B', '', '', 1, 2, '', 'ANGULO 3/16"X1 1/4"X6M (30X30X4.5MMX6M)', '', NULL, 'DCRUZ', '2018-01-26 12:43:17.91', NULL, NULL, 'A', 1, NULL);
INSERT INTO isos.producto (cod_producto, tipo, cod_prod_proveedor, cod_barras, id_marca, id_subclase, nombre_generico, nombre_comercial, descripcion, src_imagen, usuario_creacion, fecha_creacion, usuario_modificacion, fecha_modificacion, estado, id_tipoafectacionigv, codigo_sunat) VALUES ('PD00000060', 'B', '', '', 1, 2, '', 'ANGULO 3/16"X3"X6M (20X20X2.0MMX6M)', '', NULL, 'DCRUZ', '2018-01-26 12:43:17.91', NULL, NULL, 'A', 1, NULL);
INSERT INTO isos.producto (cod_producto, tipo, cod_prod_proveedor, cod_barras, id_marca, id_subclase, nombre_generico, nombre_comercial, descripcion, src_imagen, usuario_creacion, fecha_creacion, usuario_modificacion, fecha_modificacion, estado, id_tipoafectacionigv, codigo_sunat) VALUES ('PD00000061', 'B', '', '', 1, 2, '', 'ANGULO 4"X1/2"X6M', '', NULL, 'DCRUZ', '2018-01-26 12:43:17.91', NULL, NULL, 'A', 1, NULL);
INSERT INTO isos.producto (cod_producto, tipo, cod_prod_proveedor, cod_barras, id_marca, id_subclase, nombre_generico, nombre_comercial, descripcion, src_imagen, usuario_creacion, fecha_creacion, usuario_modificacion, fecha_modificacion, estado, id_tipoafectacionigv, codigo_sunat) VALUES ('PD00000062', 'B', '', '', 1, 3, '', 'PLATINA 1/8"X1/2"X6M', '', NULL, 'DCRUZ', '2018-01-26 12:43:17.91', NULL, NULL, 'A', 1, NULL);
INSERT INTO isos.producto (cod_producto, tipo, cod_prod_proveedor, cod_barras, id_marca, id_subclase, nombre_generico, nombre_comercial, descripcion, src_imagen, usuario_creacion, fecha_creacion, usuario_modificacion, fecha_modificacion, estado, id_tipoafectacionigv, codigo_sunat) VALUES ('PD00000063', 'B', '', '', 1, 3, '', 'PLATINA 1/8"X3/4"X6M', '', NULL, 'DCRUZ', '2018-01-26 12:43:17.91', NULL, NULL, 'A', 1, NULL);
INSERT INTO isos.producto (cod_producto, tipo, cod_prod_proveedor, cod_barras, id_marca, id_subclase, nombre_generico, nombre_comercial, descripcion, src_imagen, usuario_creacion, fecha_creacion, usuario_modificacion, fecha_modificacion, estado, id_tipoafectacionigv, codigo_sunat) VALUES ('PD00000064', 'B', '', '', 1, 3, '', 'PLATINA 1/8"X1" X6M', '', NULL, 'DCRUZ', '2018-01-26 12:43:17.91', NULL, NULL, 'A', 1, NULL);
INSERT INTO isos.producto (cod_producto, tipo, cod_prod_proveedor, cod_barras, id_marca, id_subclase, nombre_generico, nombre_comercial, descripcion, src_imagen, usuario_creacion, fecha_creacion, usuario_modificacion, fecha_modificacion, estado, id_tipoafectacionigv, codigo_sunat) VALUES ('PD00000065', 'B', '', '', 1, 3, '', 'PLATINA 1/8"X1 1/2"X6M (3.0MMX38MM)', '', NULL, 'DCRUZ', '2018-01-26 12:43:17.91', NULL, NULL, 'A', 1, NULL);
INSERT INTO isos.producto (cod_producto, tipo, cod_prod_proveedor, cod_barras, id_marca, id_subclase, nombre_generico, nombre_comercial, descripcion, src_imagen, usuario_creacion, fecha_creacion, usuario_modificacion, fecha_modificacion, estado, id_tipoafectacionigv, codigo_sunat) VALUES ('PD00000066', 'B', '', '', 1, 3, '', 'PLATINA 1/8"X1 1/4"X6M (3.0MMX38MM)', '', NULL, 'DCRUZ', '2018-01-26 12:43:17.91', NULL, NULL, 'A', 1, NULL);
INSERT INTO isos.producto (cod_producto, tipo, cod_prod_proveedor, cod_barras, id_marca, id_subclase, nombre_generico, nombre_comercial, descripcion, src_imagen, usuario_creacion, fecha_creacion, usuario_modificacion, fecha_modificacion, estado, id_tipoafectacionigv, codigo_sunat) VALUES ('PD00000067', 'B', '', '', 1, 3, '', 'PLATINA 1/8"X5/8"X6M', '', NULL, 'DCRUZ', '2018-01-26 12:43:17.91', NULL, NULL, 'A', 1, NULL);
INSERT INTO isos.producto (cod_producto, tipo, cod_prod_proveedor, cod_barras, id_marca, id_subclase, nombre_generico, nombre_comercial, descripcion, src_imagen, usuario_creacion, fecha_creacion, usuario_modificacion, fecha_modificacion, estado, id_tipoafectacionigv, codigo_sunat) VALUES ('PD00000068', 'B', '', '', 1, 3, '', 'PLATINA 1/8"X2"X6M (3.0MMX50MM)', '', NULL, 'DCRUZ', '2018-01-26 12:43:17.91', NULL, NULL, 'A', 1, NULL);
INSERT INTO isos.producto (cod_producto, tipo, cod_prod_proveedor, cod_barras, id_marca, id_subclase, nombre_generico, nombre_comercial, descripcion, src_imagen, usuario_creacion, fecha_creacion, usuario_modificacion, fecha_modificacion, estado, id_tipoafectacionigv, codigo_sunat) VALUES ('PD00000069', 'B', '', '', 1, 3, '', 'PLATINA 3/16"X1 1/2"X6M (4.5 MM X 38MM)', '', NULL, 'DCRUZ', '2018-01-26 12:43:17.91', NULL, NULL, 'A', 1, NULL);
INSERT INTO isos.producto (cod_producto, tipo, cod_prod_proveedor, cod_barras, id_marca, id_subclase, nombre_generico, nombre_comercial, descripcion, src_imagen, usuario_creacion, fecha_creacion, usuario_modificacion, fecha_modificacion, estado, id_tipoafectacionigv, codigo_sunat) VALUES ('PD00000070', 'B', '', '', 1, 3, '', 'PLATINA 3/16"X1"X6M (4.5MMX25MM)', '', NULL, 'DCRUZ', '2018-01-26 12:43:17.91', NULL, NULL, 'A', 1, NULL);
INSERT INTO isos.producto (cod_producto, tipo, cod_prod_proveedor, cod_barras, id_marca, id_subclase, nombre_generico, nombre_comercial, descripcion, src_imagen, usuario_creacion, fecha_creacion, usuario_modificacion, fecha_modificacion, estado, id_tipoafectacionigv, codigo_sunat) VALUES ('PD00000071', 'B', '', '', 1, 3, '', 'PLATINA 3/16"X1 1/4"X6M', '', NULL, 'DCRUZ', '2018-01-26 12:43:17.91', NULL, NULL, 'A', 1, NULL);
INSERT INTO isos.producto (cod_producto, tipo, cod_prod_proveedor, cod_barras, id_marca, id_subclase, nombre_generico, nombre_comercial, descripcion, src_imagen, usuario_creacion, fecha_creacion, usuario_modificacion, fecha_modificacion, estado, id_tipoafectacionigv, codigo_sunat) VALUES ('PD00000072', 'B', '', '', 1, 3, '', 'PLATINA 3/16"X3/4"X6M', '', NULL, 'DCRUZ', '2018-01-26 12:43:17.91', NULL, NULL, 'A', 1, NULL);
INSERT INTO isos.producto (cod_producto, tipo, cod_prod_proveedor, cod_barras, id_marca, id_subclase, nombre_generico, nombre_comercial, descripcion, src_imagen, usuario_creacion, fecha_creacion, usuario_modificacion, fecha_modificacion, estado, id_tipoafectacionigv, codigo_sunat) VALUES ('PD00000073', 'B', '', '', 1, 3, '', 'PLATINA 3/16"X2"X6M', '', NULL, 'DCRUZ', '2018-01-26 12:43:17.91', NULL, NULL, 'A', 1, NULL);
INSERT INTO isos.producto (cod_producto, tipo, cod_prod_proveedor, cod_barras, id_marca, id_subclase, nombre_generico, nombre_comercial, descripcion, src_imagen, usuario_creacion, fecha_creacion, usuario_modificacion, fecha_modificacion, estado, id_tipoafectacionigv, codigo_sunat) VALUES ('PD00000074', 'B', '', '', 1, 3, '', 'PLATINA 3/16"X3"X6M', '', NULL, 'DCRUZ', '2018-01-26 12:43:17.91', NULL, NULL, 'A', 1, NULL);
INSERT INTO isos.producto (cod_producto, tipo, cod_prod_proveedor, cod_barras, id_marca, id_subclase, nombre_generico, nombre_comercial, descripcion, src_imagen, usuario_creacion, fecha_creacion, usuario_modificacion, fecha_modificacion, estado, id_tipoafectacionigv, codigo_sunat) VALUES ('PD00000075', 'B', '', '', 1, 3, '', 'PLATINA 1/4X5/8 X6M', '', NULL, 'DCRUZ', '2018-01-26 12:43:17.91', NULL, NULL, 'A', 1, NULL);
INSERT INTO isos.producto (cod_producto, tipo, cod_prod_proveedor, cod_barras, id_marca, id_subclase, nombre_generico, nombre_comercial, descripcion, src_imagen, usuario_creacion, fecha_creacion, usuario_modificacion, fecha_modificacion, estado, id_tipoafectacionigv, codigo_sunat) VALUES ('PD00000076', 'B', '', '', 1, 3, '', 'PLATINA 1/4"X1"X6M', '', NULL, 'DCRUZ', '2018-01-26 12:43:17.91', NULL, NULL, 'A', 1, NULL);
INSERT INTO isos.producto (cod_producto, tipo, cod_prod_proveedor, cod_barras, id_marca, id_subclase, nombre_generico, nombre_comercial, descripcion, src_imagen, usuario_creacion, fecha_creacion, usuario_modificacion, fecha_modificacion, estado, id_tipoafectacionigv, codigo_sunat) VALUES ('PD00000077', 'B', '', '', 1, 3, '', 'PLATINA 1/4"X1 1/2"X6M', '', NULL, 'DCRUZ', '2018-01-26 12:43:17.91', NULL, NULL, 'A', 1, NULL);
INSERT INTO isos.producto (cod_producto, tipo, cod_prod_proveedor, cod_barras, id_marca, id_subclase, nombre_generico, nombre_comercial, descripcion, src_imagen, usuario_creacion, fecha_creacion, usuario_modificacion, fecha_modificacion, estado, id_tipoafectacionigv, codigo_sunat) VALUES ('PD00000078', 'B', '', '', 1, 3, '', 'PLATINA 1/4"X1 1/4"X6M', '', NULL, 'DCRUZ', '2018-01-26 12:43:17.91', NULL, NULL, 'A', 1, NULL);
INSERT INTO isos.producto (cod_producto, tipo, cod_prod_proveedor, cod_barras, id_marca, id_subclase, nombre_generico, nombre_comercial, descripcion, src_imagen, usuario_creacion, fecha_creacion, usuario_modificacion, fecha_modificacion, estado, id_tipoafectacionigv, codigo_sunat) VALUES ('PD00000079', 'B', '', '', 1, 3, '', 'PLATINA 1/4"X2"X6M', '', NULL, 'DCRUZ', '2018-01-26 12:43:17.91', NULL, NULL, 'A', 1, NULL);
INSERT INTO isos.producto (cod_producto, tipo, cod_prod_proveedor, cod_barras, id_marca, id_subclase, nombre_generico, nombre_comercial, descripcion, src_imagen, usuario_creacion, fecha_creacion, usuario_modificacion, fecha_modificacion, estado, id_tipoafectacionigv, codigo_sunat) VALUES ('PD00000080', 'B', '', '', 1, 3, '', 'PLATINA 1/4"X2 1/2"X6M (6.0MMX63.5MM)', '', NULL, 'DCRUZ', '2018-01-26 12:43:17.91', NULL, NULL, 'A', 1, NULL);
INSERT INTO isos.producto (cod_producto, tipo, cod_prod_proveedor, cod_barras, id_marca, id_subclase, nombre_generico, nombre_comercial, descripcion, src_imagen, usuario_creacion, fecha_creacion, usuario_modificacion, fecha_modificacion, estado, id_tipoafectacionigv, codigo_sunat) VALUES ('PD00000081', 'B', '', '', 1, 3, '', 'PLATINA 1/4"X3"X6M (6.0MMX75MM)', '', NULL, 'DCRUZ', '2018-01-26 12:43:17.91', NULL, NULL, 'A', 1, NULL);
INSERT INTO isos.producto (cod_producto, tipo, cod_prod_proveedor, cod_barras, id_marca, id_subclase, nombre_generico, nombre_comercial, descripcion, src_imagen, usuario_creacion, fecha_creacion, usuario_modificacion, fecha_modificacion, estado, id_tipoafectacionigv, codigo_sunat) VALUES ('PD00000082', 'B', '', '', 1, 3, '', 'PLATINA 3/8"X1"X6M', '', NULL, 'DCRUZ', '2018-01-26 12:43:17.91', NULL, NULL, 'A', 1, NULL);
INSERT INTO isos.producto (cod_producto, tipo, cod_prod_proveedor, cod_barras, id_marca, id_subclase, nombre_generico, nombre_comercial, descripcion, src_imagen, usuario_creacion, fecha_creacion, usuario_modificacion, fecha_modificacion, estado, id_tipoafectacionigv, codigo_sunat) VALUES ('PD00000083', 'B', '', '', 1, 3, '', 'PLATINA 3/8"X1 1/2"X6M', '', NULL, 'DCRUZ', '2018-01-26 12:43:17.91', NULL, NULL, 'A', 1, NULL);
INSERT INTO isos.producto (cod_producto, tipo, cod_prod_proveedor, cod_barras, id_marca, id_subclase, nombre_generico, nombre_comercial, descripcion, src_imagen, usuario_creacion, fecha_creacion, usuario_modificacion, fecha_modificacion, estado, id_tipoafectacionigv, codigo_sunat) VALUES ('PD00000084', 'B', '', '', 1, 3, '', 'PLATINA 3/8"X2"X6M', '', NULL, 'DCRUZ', '2018-01-26 12:43:17.91', NULL, NULL, 'A', 1, NULL);
INSERT INTO isos.producto (cod_producto, tipo, cod_prod_proveedor, cod_barras, id_marca, id_subclase, nombre_generico, nombre_comercial, descripcion, src_imagen, usuario_creacion, fecha_creacion, usuario_modificacion, fecha_modificacion, estado, id_tipoafectacionigv, codigo_sunat) VALUES ('PD00000085', 'B', '', '', 1, 3, '', 'PLATINA 3/8"X2 1/2"X6M', '', NULL, 'DCRUZ', '2018-01-26 12:43:17.91', NULL, NULL, 'A', 1, NULL);
INSERT INTO isos.producto (cod_producto, tipo, cod_prod_proveedor, cod_barras, id_marca, id_subclase, nombre_generico, nombre_comercial, descripcion, src_imagen, usuario_creacion, fecha_creacion, usuario_modificacion, fecha_modificacion, estado, id_tipoafectacionigv, codigo_sunat) VALUES ('PD00000086', 'B', '', '', 1, 3, '', 'PLATINA 3/8"X3"X6M', '', NULL, 'DCRUZ', '2018-01-26 12:43:17.91', NULL, NULL, 'A', 1, NULL);
INSERT INTO isos.producto (cod_producto, tipo, cod_prod_proveedor, cod_barras, id_marca, id_subclase, nombre_generico, nombre_comercial, descripcion, src_imagen, usuario_creacion, fecha_creacion, usuario_modificacion, fecha_modificacion, estado, id_tipoafectacionigv, codigo_sunat) VALUES ('PD00000087', 'B', '', '', 1, 3, '', 'PLATINA 3/8"X4"X6M', '', NULL, 'DCRUZ', '2018-01-26 12:43:17.91', NULL, NULL, 'A', 1, NULL);
INSERT INTO isos.producto (cod_producto, tipo, cod_prod_proveedor, cod_barras, id_marca, id_subclase, nombre_generico, nombre_comercial, descripcion, src_imagen, usuario_creacion, fecha_creacion, usuario_modificacion, fecha_modificacion, estado, id_tipoafectacionigv, codigo_sunat) VALUES ('PD00000088', 'B', '', '', 1, 3, '', 'PLATINA 1/2"X1"X6M', '', NULL, 'DCRUZ', '2018-01-26 12:43:17.91', NULL, NULL, 'A', 1, NULL);
INSERT INTO isos.producto (cod_producto, tipo, cod_prod_proveedor, cod_barras, id_marca, id_subclase, nombre_generico, nombre_comercial, descripcion, src_imagen, usuario_creacion, fecha_creacion, usuario_modificacion, fecha_modificacion, estado, id_tipoafectacionigv, codigo_sunat) VALUES ('PD00000089', 'B', '', '', 1, 3, '', 'PLATINA 1/2"X2"X6M', '', NULL, 'DCRUZ', '2018-01-26 12:43:17.91', NULL, NULL, 'A', 1, NULL);
INSERT INTO isos.producto (cod_producto, tipo, cod_prod_proveedor, cod_barras, id_marca, id_subclase, nombre_generico, nombre_comercial, descripcion, src_imagen, usuario_creacion, fecha_creacion, usuario_modificacion, fecha_modificacion, estado, id_tipoafectacionigv, codigo_sunat) VALUES ('PD00000090', 'B', '', '', 1, 3, '', 'PLATINA 1/2"X2 1/2"X6M', '', NULL, 'DCRUZ', '2018-01-26 12:43:17.91', NULL, NULL, 'A', 1, NULL);
INSERT INTO isos.producto (cod_producto, tipo, cod_prod_proveedor, cod_barras, id_marca, id_subclase, nombre_generico, nombre_comercial, descripcion, src_imagen, usuario_creacion, fecha_creacion, usuario_modificacion, fecha_modificacion, estado, id_tipoafectacionigv, codigo_sunat) VALUES ('PD00000091', 'B', '', '', 1, 3, '', 'PLATINA 1/2"X3"X6M', '', NULL, 'DCRUZ', '2018-01-26 12:43:17.91', NULL, NULL, 'A', 1, NULL);
INSERT INTO isos.producto (cod_producto, tipo, cod_prod_proveedor, cod_barras, id_marca, id_subclase, nombre_generico, nombre_comercial, descripcion, src_imagen, usuario_creacion, fecha_creacion, usuario_modificacion, fecha_modificacion, estado, id_tipoafectacionigv, codigo_sunat) VALUES ('PD00000092', 'B', '', '', 1, 3, '', 'PLATINA 5/8"X4"X6M', '', NULL, 'DCRUZ', '2018-01-26 12:43:17.91', NULL, NULL, 'A', 1, NULL);
INSERT INTO isos.producto (cod_producto, tipo, cod_prod_proveedor, cod_barras, id_marca, id_subclase, nombre_generico, nombre_comercial, descripcion, src_imagen, usuario_creacion, fecha_creacion, usuario_modificacion, fecha_modificacion, estado, id_tipoafectacionigv, codigo_sunat) VALUES ('PD00000093', 'B', '', '', 1, 6, '', 'CANAL U A-36 2"X2.58LB/PIEX6M', '', NULL, 'DCRUZ', '2018-01-26 12:43:17.91', NULL, NULL, 'A', 1, NULL);
INSERT INTO isos.producto (cod_producto, tipo, cod_prod_proveedor, cod_barras, id_marca, id_subclase, nombre_generico, nombre_comercial, descripcion, src_imagen, usuario_creacion, fecha_creacion, usuario_modificacion, fecha_modificacion, estado, id_tipoafectacionigv, codigo_sunat) VALUES ('PD00000094', 'B', '', '', 1, 6, '', 'CANAL U A-36 3"X4.10LB/PIEX6M', '', NULL, 'DCRUZ', '2018-01-26 12:43:17.91', NULL, NULL, 'A', 1, NULL);
INSERT INTO isos.producto (cod_producto, tipo, cod_prod_proveedor, cod_barras, id_marca, id_subclase, nombre_generico, nombre_comercial, descripcion, src_imagen, usuario_creacion, fecha_creacion, usuario_modificacion, fecha_modificacion, estado, id_tipoafectacionigv, codigo_sunat) VALUES ('PD00000095', 'B', '', '', 1, 6, '', 'CANAL U A-36 3"X5.0LB/PIEX6M', '', NULL, 'DCRUZ', '2018-01-26 12:43:17.91', NULL, NULL, 'A', 1, NULL);
INSERT INTO isos.producto (cod_producto, tipo, cod_prod_proveedor, cod_barras, id_marca, id_subclase, nombre_generico, nombre_comercial, descripcion, src_imagen, usuario_creacion, fecha_creacion, usuario_modificacion, fecha_modificacion, estado, id_tipoafectacionigv, codigo_sunat) VALUES ('PD00000096', 'B', '', '', 1, 6, '', 'CANAL U A-36 4"X5.40LB/PIEX6M', '', NULL, 'DCRUZ', '2018-01-26 12:43:17.91', NULL, NULL, 'A', 1, NULL);
INSERT INTO isos.producto (cod_producto, tipo, cod_prod_proveedor, cod_barras, id_marca, id_subclase, nombre_generico, nombre_comercial, descripcion, src_imagen, usuario_creacion, fecha_creacion, usuario_modificacion, fecha_modificacion, estado, id_tipoafectacionigv, codigo_sunat) VALUES ('PD00000097', 'B', '', '', 1, 6, '', 'CANAL U A-36 4"X7.25LB/PIEX6M', '', NULL, 'DCRUZ', '2018-01-26 12:43:17.91', NULL, NULL, 'A', 1, NULL);
INSERT INTO isos.producto (cod_producto, tipo, cod_prod_proveedor, cod_barras, id_marca, id_subclase, nombre_generico, nombre_comercial, descripcion, src_imagen, usuario_creacion, fecha_creacion, usuario_modificacion, fecha_modificacion, estado, id_tipoafectacionigv, codigo_sunat) VALUES ('PD00000098', 'B', '', '', 1, 6, '', 'CANAL U A-36 6"X8.2LB/PIEX6M', '', NULL, 'DCRUZ', '2018-01-26 12:43:17.91', NULL, NULL, 'A', 1, NULL);
INSERT INTO isos.producto (cod_producto, tipo, cod_prod_proveedor, cod_barras, id_marca, id_subclase, nombre_generico, nombre_comercial, descripcion, src_imagen, usuario_creacion, fecha_creacion, usuario_modificacion, fecha_modificacion, estado, id_tipoafectacionigv, codigo_sunat) VALUES ('PD00000099', 'B', '', '', 1, 6, '', 'CANAL U A-36 8"X11.5LB/PIEX6M', '', NULL, 'DCRUZ', '2018-01-26 12:43:17.91', NULL, NULL, 'A', 1, NULL);
INSERT INTO isos.producto (cod_producto, tipo, cod_prod_proveedor, cod_barras, id_marca, id_subclase, nombre_generico, nombre_comercial, descripcion, src_imagen, usuario_creacion, fecha_creacion, usuario_modificacion, fecha_modificacion, estado, id_tipoafectacionigv, codigo_sunat) VALUES ('PD00000100', 'B', '', '', 1, 4, '', 'TEE 3/16"X1 1/2"X1 1/2"X6M', '', NULL, 'DCRUZ', '2018-01-26 12:43:17.91', NULL, NULL, 'A', 1, NULL);
INSERT INTO isos.producto (cod_producto, tipo, cod_prod_proveedor, cod_barras, id_marca, id_subclase, nombre_generico, nombre_comercial, descripcion, src_imagen, usuario_creacion, fecha_creacion, usuario_modificacion, fecha_modificacion, estado, id_tipoafectacionigv, codigo_sunat) VALUES ('PD00000101', 'B', '', '', 1, 4, '', 'TEE 1/8"X1"X1"X6M(3MMX25MMX25MMX6M)', '', NULL, 'DCRUZ', '2018-01-26 12:43:17.91', NULL, NULL, 'A', 1, NULL);
INSERT INTO isos.producto (cod_producto, tipo, cod_prod_proveedor, cod_barras, id_marca, id_subclase, nombre_generico, nombre_comercial, descripcion, src_imagen, usuario_creacion, fecha_creacion, usuario_modificacion, fecha_modificacion, estado, id_tipoafectacionigv, codigo_sunat) VALUES ('PD00000102', 'B', '', '', 1, 18, '', 'REDONDO LISO 3/8"X6M', '', NULL, 'DCRUZ', '2018-01-26 12:43:17.91', NULL, NULL, 'A', 1, NULL);
INSERT INTO isos.producto (cod_producto, tipo, cod_prod_proveedor, cod_barras, id_marca, id_subclase, nombre_generico, nombre_comercial, descripcion, src_imagen, usuario_creacion, fecha_creacion, usuario_modificacion, fecha_modificacion, estado, id_tipoafectacionigv, codigo_sunat) VALUES ('PD00000103', 'B', '', '', 1, 18, '', 'REDONDO LISO 5/8"X6M', '', NULL, 'DCRUZ', '2018-01-26 12:43:17.91', NULL, NULL, 'A', 1, NULL);
INSERT INTO isos.producto (cod_producto, tipo, cod_prod_proveedor, cod_barras, id_marca, id_subclase, nombre_generico, nombre_comercial, descripcion, src_imagen, usuario_creacion, fecha_creacion, usuario_modificacion, fecha_modificacion, estado, id_tipoafectacionigv, codigo_sunat) VALUES ('PD00000104', 'B', '', '', 1, 18, '', 'REDONDO LISO 3/4"X6M', '', NULL, 'DCRUZ', '2018-01-26 12:43:17.91', NULL, NULL, 'A', 1, NULL);
INSERT INTO isos.producto (cod_producto, tipo, cod_prod_proveedor, cod_barras, id_marca, id_subclase, nombre_generico, nombre_comercial, descripcion, src_imagen, usuario_creacion, fecha_creacion, usuario_modificacion, fecha_modificacion, estado, id_tipoafectacionigv, codigo_sunat) VALUES ('PD00000105', 'B', '', '', 1, 18, '', 'REDONDO LISO 7/8"X6M', '', NULL, 'DCRUZ', '2018-01-26 12:43:17.91', NULL, NULL, 'A', 1, NULL);
INSERT INTO isos.producto (cod_producto, tipo, cod_prod_proveedor, cod_barras, id_marca, id_subclase, nombre_generico, nombre_comercial, descripcion, src_imagen, usuario_creacion, fecha_creacion, usuario_modificacion, fecha_modificacion, estado, id_tipoafectacionigv, codigo_sunat) VALUES ('PD00000106', 'B', '', '', 1, 18, '', 'REDONDO LISO 1"X6M', '', NULL, 'DCRUZ', '2018-01-26 12:43:17.91', NULL, NULL, 'A', 1, NULL);
INSERT INTO isos.producto (cod_producto, tipo, cod_prod_proveedor, cod_barras, id_marca, id_subclase, nombre_generico, nombre_comercial, descripcion, src_imagen, usuario_creacion, fecha_creacion, usuario_modificacion, fecha_modificacion, estado, id_tipoafectacionigv, codigo_sunat) VALUES ('PD00000107', 'B', '', '', 1, 15, '', 'BARRA CUADRADA 1"X6M', '', NULL, 'DCRUZ', '2018-01-26 12:43:17.91', NULL, NULL, 'A', 1, NULL);
INSERT INTO isos.producto (cod_producto, tipo, cod_prod_proveedor, cod_barras, id_marca, id_subclase, nombre_generico, nombre_comercial, descripcion, src_imagen, usuario_creacion, fecha_creacion, usuario_modificacion, fecha_modificacion, estado, id_tipoafectacionigv, codigo_sunat) VALUES ('PD00000108', 'B', '', '', 1, 15, '', 'BARRA CUADRADA 3/8"X6M (9MMX6M)', '', NULL, 'DCRUZ', '2018-01-26 12:43:17.91', NULL, NULL, 'A', 1, NULL);
INSERT INTO isos.producto (cod_producto, tipo, cod_prod_proveedor, cod_barras, id_marca, id_subclase, nombre_generico, nombre_comercial, descripcion, src_imagen, usuario_creacion, fecha_creacion, usuario_modificacion, fecha_modificacion, estado, id_tipoafectacionigv, codigo_sunat) VALUES ('PD00000109', 'B', '', '', 1, 15, '', 'BARRA CUADRADA 1/2"X6M (12MMX6M)', '', NULL, 'DCRUZ', '2018-01-26 12:43:17.91', NULL, NULL, 'A', 1, NULL);
INSERT INTO isos.producto (cod_producto, tipo, cod_prod_proveedor, cod_barras, id_marca, id_subclase, nombre_generico, nombre_comercial, descripcion, src_imagen, usuario_creacion, fecha_creacion, usuario_modificacion, fecha_modificacion, estado, id_tipoafectacionigv, codigo_sunat) VALUES ('PD00000110', 'B', '', '', 1, 15, '', 'BARRA CUADRADA 3/4"X6 M (19MMX6M)', '', NULL, 'DCRUZ', '2018-01-26 12:43:17.91', NULL, NULL, 'A', 1, NULL);
INSERT INTO isos.producto (cod_producto, tipo, cod_prod_proveedor, cod_barras, id_marca, id_subclase, nombre_generico, nombre_comercial, descripcion, src_imagen, usuario_creacion, fecha_creacion, usuario_modificacion, fecha_modificacion, estado, id_tipoafectacionigv, codigo_sunat) VALUES ('PD00000111', 'B', '', '', 1, 15, '', 'BARRA CUADRADA 1/4"X6M', '', NULL, 'DCRUZ', '2018-01-26 12:43:17.91', NULL, NULL, 'A', 1, NULL);
INSERT INTO isos.producto (cod_producto, tipo, cod_prod_proveedor, cod_barras, id_marca, id_subclase, nombre_generico, nombre_comercial, descripcion, src_imagen, usuario_creacion, fecha_creacion, usuario_modificacion, fecha_modificacion, estado, id_tipoafectacionigv, codigo_sunat) VALUES ('PD00000112', 'B', '', '', 1, 26, '', 'TUBO NEGRO RECTANGULAR 50MMX25MMX2.0MMX6M (2"X1")', '', NULL, 'DCRUZ', '2018-01-26 12:43:17.91', NULL, NULL, 'A', 1, NULL);
INSERT INTO isos.producto (cod_producto, tipo, cod_prod_proveedor, cod_barras, id_marca, id_subclase, nombre_generico, nombre_comercial, descripcion, src_imagen, usuario_creacion, fecha_creacion, usuario_modificacion, fecha_modificacion, estado, id_tipoafectacionigv, codigo_sunat) VALUES ('PD00000113', 'B', '', '', 1, 26, '', 'TUBO NEGRO RECTANGULAR 60MMX40MMX2MMX6M (1 1/2"X2 1/2")', '', NULL, 'DCRUZ', '2018-01-26 12:43:17.91', NULL, NULL, 'A', 1, NULL);
INSERT INTO isos.producto (cod_producto, tipo, cod_prod_proveedor, cod_barras, id_marca, id_subclase, nombre_generico, nombre_comercial, descripcion, src_imagen, usuario_creacion, fecha_creacion, usuario_modificacion, fecha_modificacion, estado, id_tipoafectacionigv, codigo_sunat) VALUES ('PD00000114', 'B', '', '', 1, 26, '', 'TUBO NEGRO RECTANGULAR 60MMX40MM X3MMX6M', '', NULL, 'DCRUZ', '2018-01-26 12:43:17.91', NULL, NULL, 'A', 1, NULL);
INSERT INTO isos.producto (cod_producto, tipo, cod_prod_proveedor, cod_barras, id_marca, id_subclase, nombre_generico, nombre_comercial, descripcion, src_imagen, usuario_creacion, fecha_creacion, usuario_modificacion, fecha_modificacion, estado, id_tipoafectacionigv, codigo_sunat) VALUES ('PD00000115', 'B', '', '', 1, 26, '', 'TUBO NEGRO RECTANGULAR 70MMX50MMX2.0MMX6M (3"X2")', '', NULL, 'DCRUZ', '2018-01-26 12:43:17.91', NULL, NULL, 'A', 1, NULL);
INSERT INTO isos.producto (cod_producto, tipo, cod_prod_proveedor, cod_barras, id_marca, id_subclase, nombre_generico, nombre_comercial, descripcion, src_imagen, usuario_creacion, fecha_creacion, usuario_modificacion, fecha_modificacion, estado, id_tipoafectacionigv, codigo_sunat) VALUES ('PD00000116', 'B', '', '', 1, 26, '', 'TUBO NEGRO RECTANGULAR 80MMX40MMX2.0MMX6M (3"X1 1/2")', '', NULL, 'DCRUZ', '2018-01-26 12:43:17.91', NULL, NULL, 'A', 1, NULL);
INSERT INTO isos.producto (cod_producto, tipo, cod_prod_proveedor, cod_barras, id_marca, id_subclase, nombre_generico, nombre_comercial, descripcion, src_imagen, usuario_creacion, fecha_creacion, usuario_modificacion, fecha_modificacion, estado, id_tipoafectacionigv, codigo_sunat) VALUES ('PD00000117', 'B', '', '', 1, 26, '', 'TUBO NEGRO RECTANGULAR 80MMX40MMX2.5MMX6M(3"X1 1/2")', '', NULL, 'DCRUZ', '2018-01-26 12:43:17.91', NULL, NULL, 'A', 1, NULL);
INSERT INTO isos.producto (cod_producto, tipo, cod_prod_proveedor, cod_barras, id_marca, id_subclase, nombre_generico, nombre_comercial, descripcion, src_imagen, usuario_creacion, fecha_creacion, usuario_modificacion, fecha_modificacion, estado, id_tipoafectacionigv, codigo_sunat) VALUES ('PD00000118', 'B', '', '', 1, 26, '', 'TUBO NEGRO RECTANGULAR 100MMX50MMX2.0MM(4"X2")', '', NULL, 'DCRUZ', '2018-01-26 12:43:17.91', NULL, NULL, 'A', 1, NULL);
INSERT INTO isos.producto (cod_producto, tipo, cod_prod_proveedor, cod_barras, id_marca, id_subclase, nombre_generico, nombre_comercial, descripcion, src_imagen, usuario_creacion, fecha_creacion, usuario_modificacion, fecha_modificacion, estado, id_tipoafectacionigv, codigo_sunat) VALUES ('PD00000119', 'B', '', '', 1, 26, '', 'TUBO NEGRO RECTANGULAR 150MMX50MMX2.0MM (6"X2")', '', NULL, 'DCRUZ', '2018-01-26 12:43:17.91', NULL, NULL, 'A', 1, NULL);
INSERT INTO isos.producto (cod_producto, tipo, cod_prod_proveedor, cod_barras, id_marca, id_subclase, nombre_generico, nombre_comercial, descripcion, src_imagen, usuario_creacion, fecha_creacion, usuario_modificacion, fecha_modificacion, estado, id_tipoafectacionigv, codigo_sunat) VALUES ('PD00000120', 'B', '', '', 1, 26, '', 'TUBO NEGRO RECTANGULAR 150MMX50MMX2.5MM (6"X2")', '', NULL, 'DCRUZ', '2018-01-26 12:43:17.91', NULL, NULL, 'A', 1, NULL);
INSERT INTO isos.producto (cod_producto, tipo, cod_prod_proveedor, cod_barras, id_marca, id_subclase, nombre_generico, nombre_comercial, descripcion, src_imagen, usuario_creacion, fecha_creacion, usuario_modificacion, fecha_modificacion, estado, id_tipoafectacionigv, codigo_sunat) VALUES ('PD00000121', 'B', '', '', 1, 26, '', 'TUBO NEGRO RECTANGULAR 150MMX100MMX3.0MM (6"X4")', '', NULL, 'DCRUZ', '2018-01-26 12:43:17.91', NULL, NULL, 'A', 1, NULL);
INSERT INTO isos.producto (cod_producto, tipo, cod_prod_proveedor, cod_barras, id_marca, id_subclase, nombre_generico, nombre_comercial, descripcion, src_imagen, usuario_creacion, fecha_creacion, usuario_modificacion, fecha_modificacion, estado, id_tipoafectacionigv, codigo_sunat) VALUES ('PD00000122', 'B', '', '', 1, 26, '', 'TUBO NEGRO RECTANGULAR 200MMX100MMX3.0MM (8"X4")', '', NULL, 'DCRUZ', '2018-01-26 12:43:17.91', NULL, NULL, 'A', 1, NULL);
INSERT INTO isos.producto (cod_producto, tipo, cod_prod_proveedor, cod_barras, id_marca, id_subclase, nombre_generico, nombre_comercial, descripcion, src_imagen, usuario_creacion, fecha_creacion, usuario_modificacion, fecha_modificacion, estado, id_tipoafectacionigv, codigo_sunat) VALUES ('PD00000123', 'B', '', '', 1, 26, '', 'TUBO NEGRO RECTANGULAR 200MMX150MMX4.5MM (8"X6")', '', NULL, 'DCRUZ', '2018-01-26 12:43:17.91', NULL, NULL, 'A', 1, NULL);
INSERT INTO isos.producto (cod_producto, tipo, cod_prod_proveedor, cod_barras, id_marca, id_subclase, nombre_generico, nombre_comercial, descripcion, src_imagen, usuario_creacion, fecha_creacion, usuario_modificacion, fecha_modificacion, estado, id_tipoafectacionigv, codigo_sunat) VALUES ('PD00000124', 'B', '', '', 1, 25, '', 'TUBO NEGRO CUADRADO 1"X1"X2.0MM (25MMX25MM)', '', NULL, 'DCRUZ', '2018-01-26 12:43:17.91', NULL, NULL, 'A', 1, NULL);
INSERT INTO isos.producto (cod_producto, tipo, cod_prod_proveedor, cod_barras, id_marca, id_subclase, nombre_generico, nombre_comercial, descripcion, src_imagen, usuario_creacion, fecha_creacion, usuario_modificacion, fecha_modificacion, estado, id_tipoafectacionigv, codigo_sunat) VALUES ('PD00000125', 'B', '', '', 1, 25, '', 'TUBO NEGRO CUADRADO 1 1/4"X1 1/4"X2.0MM(30MM X 30MM)', '', NULL, 'DCRUZ', '2018-01-26 12:43:17.91', NULL, NULL, 'A', 1, NULL);
INSERT INTO isos.producto (cod_producto, tipo, cod_prod_proveedor, cod_barras, id_marca, id_subclase, nombre_generico, nombre_comercial, descripcion, src_imagen, usuario_creacion, fecha_creacion, usuario_modificacion, fecha_modificacion, estado, id_tipoafectacionigv, codigo_sunat) VALUES ('PD00000126', 'B', '', '', 1, 25, '', 'TUBO NEGRO CUADRADO 1 1/2"X1 1/2"X2.0MM(38MMX38MM)', '', NULL, 'DCRUZ', '2018-01-26 12:43:17.91', NULL, NULL, 'A', 1, NULL);
INSERT INTO isos.producto (cod_producto, tipo, cod_prod_proveedor, cod_barras, id_marca, id_subclase, nombre_generico, nombre_comercial, descripcion, src_imagen, usuario_creacion, fecha_creacion, usuario_modificacion, fecha_modificacion, estado, id_tipoafectacionigv, codigo_sunat) VALUES ('PD00000405', 'B', '', '', 1, 58, '', 'BROCAS 1/8', '', NULL, 'DCRUZ', '2018-05-02 15:50:36.246', NULL, NULL, 'A', 1, NULL);
INSERT INTO isos.producto (cod_producto, tipo, cod_prod_proveedor, cod_barras, id_marca, id_subclase, nombre_generico, nombre_comercial, descripcion, src_imagen, usuario_creacion, fecha_creacion, usuario_modificacion, fecha_modificacion, estado, id_tipoafectacionigv, codigo_sunat) VALUES ('PD00000127', 'B', '', '', 1, 25, '', 'TUBO NEGRO CUADRADO 1 1/2"X1 1/2"X2.5MM(38MMX38MM)', '', NULL, 'DCRUZ', '2018-01-26 12:43:17.91', NULL, NULL, 'A', 1, NULL);
INSERT INTO isos.producto (cod_producto, tipo, cod_prod_proveedor, cod_barras, id_marca, id_subclase, nombre_generico, nombre_comercial, descripcion, src_imagen, usuario_creacion, fecha_creacion, usuario_modificacion, fecha_modificacion, estado, id_tipoafectacionigv, codigo_sunat) VALUES ('PD00000128', 'B', '', '', 1, 25, '', 'TUBO NEGRO CUADRADO 2"X2"X2.0MM(50MMX50MM)', '', NULL, 'DCRUZ', '2018-01-26 12:43:17.91', NULL, NULL, 'A', 1, NULL);
INSERT INTO isos.producto (cod_producto, tipo, cod_prod_proveedor, cod_barras, id_marca, id_subclase, nombre_generico, nombre_comercial, descripcion, src_imagen, usuario_creacion, fecha_creacion, usuario_modificacion, fecha_modificacion, estado, id_tipoafectacionigv, codigo_sunat) VALUES ('PD00000129', 'B', '', '', 1, 25, '', 'TUBO NEGRO CUADRADO 2"X2"X2.5MM(50MMX50MM)', '', NULL, 'DCRUZ', '2018-01-26 12:43:17.91', NULL, NULL, 'A', 1, NULL);
INSERT INTO isos.producto (cod_producto, tipo, cod_prod_proveedor, cod_barras, id_marca, id_subclase, nombre_generico, nombre_comercial, descripcion, src_imagen, usuario_creacion, fecha_creacion, usuario_modificacion, fecha_modificacion, estado, id_tipoafectacionigv, codigo_sunat) VALUES ('PD00000130', 'B', '', '', 1, 25, '', 'TUBO NEGRO CUADRADO 60MMX60MMX1.5MM (2 3/8")', '', NULL, 'DCRUZ', '2018-01-26 12:43:17.91', NULL, NULL, 'A', 1, NULL);
INSERT INTO isos.producto (cod_producto, tipo, cod_prod_proveedor, cod_barras, id_marca, id_subclase, nombre_generico, nombre_comercial, descripcion, src_imagen, usuario_creacion, fecha_creacion, usuario_modificacion, fecha_modificacion, estado, id_tipoafectacionigv, codigo_sunat) VALUES ('PD00000131', 'B', '', '', 1, 25, '', 'TUBO NEGRO CUADRADO 3"X3"X2.0MM (75 MMX75MM)', '', NULL, 'DCRUZ', '2018-01-26 12:43:17.91', NULL, NULL, 'A', 1, NULL);
INSERT INTO isos.producto (cod_producto, tipo, cod_prod_proveedor, cod_barras, id_marca, id_subclase, nombre_generico, nombre_comercial, descripcion, src_imagen, usuario_creacion, fecha_creacion, usuario_modificacion, fecha_modificacion, estado, id_tipoafectacionigv, codigo_sunat) VALUES ('PD00000132', 'B', '', '', 1, 25, '', 'TUBO NEGRO CUADRADO 3"X3"X2.5MM(75MMX75MM)', '', NULL, 'DCRUZ', '2018-01-26 12:43:17.91', NULL, NULL, 'A', 1, NULL);
INSERT INTO isos.producto (cod_producto, tipo, cod_prod_proveedor, cod_barras, id_marca, id_subclase, nombre_generico, nombre_comercial, descripcion, src_imagen, usuario_creacion, fecha_creacion, usuario_modificacion, fecha_modificacion, estado, id_tipoafectacionigv, codigo_sunat) VALUES ('PD00000133', 'B', '', '', 1, 25, '', 'TUBO NEGRO CUADRADO 4"X4"X2.0MM(100MMX100MM)', '', NULL, 'DCRUZ', '2018-01-26 12:43:17.91', NULL, NULL, 'A', 1, NULL);
INSERT INTO isos.producto (cod_producto, tipo, cod_prod_proveedor, cod_barras, id_marca, id_subclase, nombre_generico, nombre_comercial, descripcion, src_imagen, usuario_creacion, fecha_creacion, usuario_modificacion, fecha_modificacion, estado, id_tipoafectacionigv, codigo_sunat) VALUES ('PD00000134', 'B', '', '', 1, 25, '', 'TUBO NEGRO CUADRADO 6"X6"X4.5(150MMX150MM)', '', NULL, 'DCRUZ', '2018-01-26 12:43:17.91', NULL, NULL, 'A', 1, NULL);
INSERT INTO isos.producto (cod_producto, tipo, cod_prod_proveedor, cod_barras, id_marca, id_subclase, nombre_generico, nombre_comercial, descripcion, src_imagen, usuario_creacion, fecha_creacion, usuario_modificacion, fecha_modificacion, estado, id_tipoafectacionigv, codigo_sunat) VALUES ('PD00000137', 'B', '', '', 1, 27, '', 'TUBO REDONDO LAC 3/4"X2.0X6.4M', '', NULL, 'DCRUZ', '2018-01-26 12:43:17.91', NULL, NULL, 'A', 1, NULL);
INSERT INTO isos.producto (cod_producto, tipo, cod_prod_proveedor, cod_barras, id_marca, id_subclase, nombre_generico, nombre_comercial, descripcion, src_imagen, usuario_creacion, fecha_creacion, usuario_modificacion, fecha_modificacion, estado, id_tipoafectacionigv, codigo_sunat) VALUES ('PD00000138', 'B', '', '', 1, 27, '', 'TUBO REDONDO LAC 1"X2.0X6.0M (25MM)', '', NULL, 'DCRUZ', '2018-01-26 12:43:17.91', NULL, NULL, 'A', 1, NULL);
INSERT INTO isos.producto (cod_producto, tipo, cod_prod_proveedor, cod_barras, id_marca, id_subclase, nombre_generico, nombre_comercial, descripcion, src_imagen, usuario_creacion, fecha_creacion, usuario_modificacion, fecha_modificacion, estado, id_tipoafectacionigv, codigo_sunat) VALUES ('PD00000139', 'B', '', '', 1, 27, '', 'TUBO REDONDO LAC 1"X2.5X6.4M (25MM)', '', NULL, 'DCRUZ', '2018-01-26 12:43:17.91', NULL, NULL, 'A', 1, NULL);
INSERT INTO isos.producto (cod_producto, tipo, cod_prod_proveedor, cod_barras, id_marca, id_subclase, nombre_generico, nombre_comercial, descripcion, src_imagen, usuario_creacion, fecha_creacion, usuario_modificacion, fecha_modificacion, estado, id_tipoafectacionigv, codigo_sunat) VALUES ('PD00000140', 'B', '', '', 1, 27, '', 'TUBO REDONDO LAC 1 1/2"X2.5X6.0M', '', NULL, 'DCRUZ', '2018-01-26 12:43:17.91', NULL, NULL, 'A', 1, NULL);
INSERT INTO isos.producto (cod_producto, tipo, cod_prod_proveedor, cod_barras, id_marca, id_subclase, nombre_generico, nombre_comercial, descripcion, src_imagen, usuario_creacion, fecha_creacion, usuario_modificacion, fecha_modificacion, estado, id_tipoafectacionigv, codigo_sunat) VALUES ('PD00000141', 'B', '', '', 1, 27, '', 'TUBO REDONDO LAC 2"X2.5X6.0M', '', NULL, 'DCRUZ', '2018-01-26 12:43:17.91', NULL, NULL, 'A', 1, NULL);
INSERT INTO isos.producto (cod_producto, tipo, cod_prod_proveedor, cod_barras, id_marca, id_subclase, nombre_generico, nombre_comercial, descripcion, src_imagen, usuario_creacion, fecha_creacion, usuario_modificacion, fecha_modificacion, estado, id_tipoafectacionigv, codigo_sunat) VALUES ('PD00000142', 'B', '', '', 1, 27, '', 'TUBO REDONDO LAC 2"X2.0X6.0M', '', NULL, 'DCRUZ', '2018-01-26 12:43:17.91', NULL, NULL, 'A', 1, NULL);
INSERT INTO isos.producto (cod_producto, tipo, cod_prod_proveedor, cod_barras, id_marca, id_subclase, nombre_generico, nombre_comercial, descripcion, src_imagen, usuario_creacion, fecha_creacion, usuario_modificacion, fecha_modificacion, estado, id_tipoafectacionigv, codigo_sunat) VALUES ('PD00000143', 'B', '', '', 1, 27, '', 'TUBO REDONDO LAC 2 1/2"X2.5X6.0M', '', NULL, 'DCRUZ', '2018-01-26 12:43:17.91', NULL, NULL, 'A', 1, NULL);
INSERT INTO isos.producto (cod_producto, tipo, cod_prod_proveedor, cod_barras, id_marca, id_subclase, nombre_generico, nombre_comercial, descripcion, src_imagen, usuario_creacion, fecha_creacion, usuario_modificacion, fecha_modificacion, estado, id_tipoafectacionigv, codigo_sunat) VALUES ('PD00000144', 'B', '', '', 1, 27, '', 'TUBO REDONDO LAC 3"X2.0X6.0M', '', NULL, 'DCRUZ', '2018-01-26 12:43:17.91', NULL, NULL, 'A', 1, NULL);
INSERT INTO isos.producto (cod_producto, tipo, cod_prod_proveedor, cod_barras, id_marca, id_subclase, nombre_generico, nombre_comercial, descripcion, src_imagen, usuario_creacion, fecha_creacion, usuario_modificacion, fecha_modificacion, estado, id_tipoafectacionigv, codigo_sunat) VALUES ('PD00000145', 'B', '', '', 1, 27, '', 'TUBO REDONDO LAC 3"X2.5X6.0M', '', NULL, 'DCRUZ', '2018-01-26 12:43:17.91', NULL, NULL, 'A', 1, NULL);
INSERT INTO isos.producto (cod_producto, tipo, cod_prod_proveedor, cod_barras, id_marca, id_subclase, nombre_generico, nombre_comercial, descripcion, src_imagen, usuario_creacion, fecha_creacion, usuario_modificacion, fecha_modificacion, estado, id_tipoafectacionigv, codigo_sunat) VALUES ('PD00000146', 'B', '', '', 1, 27, '', 'TUBO REDONDO LAC 3"X2.5X6.4M', '', NULL, 'DCRUZ', '2018-01-26 12:43:17.91', NULL, NULL, 'A', 1, NULL);
INSERT INTO isos.producto (cod_producto, tipo, cod_prod_proveedor, cod_barras, id_marca, id_subclase, nombre_generico, nombre_comercial, descripcion, src_imagen, usuario_creacion, fecha_creacion, usuario_modificacion, fecha_modificacion, estado, id_tipoafectacionigv, codigo_sunat) VALUES ('S000000001', 'S', '', NULL, NULL, 44, '', 'SERVICIO DE ENERGIA ELECTRICA', '', NULL, 'WZAMORA', '2018-04-04 11:03:54.526', NULL, NULL, 'A', 1, NULL);
INSERT INTO isos.producto (cod_producto, tipo, cod_prod_proveedor, cod_barras, id_marca, id_subclase, nombre_generico, nombre_comercial, descripcion, src_imagen, usuario_creacion, fecha_creacion, usuario_modificacion, fecha_modificacion, estado, id_tipoafectacionigv, codigo_sunat) VALUES ('S000000002', 'S', '', NULL, NULL, 44, '', 'SERVICIO DE AGUA POTABLE ', '', NULL, 'RHUAMAN', '2018-04-04 11:12:27.089', NULL, NULL, 'A', 1, NULL);
INSERT INTO isos.producto (cod_producto, tipo, cod_prod_proveedor, cod_barras, id_marca, id_subclase, nombre_generico, nombre_comercial, descripcion, src_imagen, usuario_creacion, fecha_creacion, usuario_modificacion, fecha_modificacion, estado, id_tipoafectacionigv, codigo_sunat) VALUES ('S000000003', 'S', '', NULL, NULL, 44, '', 'SERVICIO DE TELEFONÍA FIJA ', '', NULL, 'RHUAMAN', '2018-04-04 11:16:10.443', NULL, NULL, 'A', 1, NULL);
INSERT INTO isos.producto (cod_producto, tipo, cod_prod_proveedor, cod_barras, id_marca, id_subclase, nombre_generico, nombre_comercial, descripcion, src_imagen, usuario_creacion, fecha_creacion, usuario_modificacion, fecha_modificacion, estado, id_tipoafectacionigv, codigo_sunat) VALUES ('S000000004', 'S', '', NULL, NULL, 44, '', 'SERVICIO DE TELEFONÍA MÓVIL ', '', NULL, 'RHUAMAN', '2018-04-04 11:16:58.562', NULL, NULL, 'A', 1, NULL);
INSERT INTO isos.producto (cod_producto, tipo, cod_prod_proveedor, cod_barras, id_marca, id_subclase, nombre_generico, nombre_comercial, descripcion, src_imagen, usuario_creacion, fecha_creacion, usuario_modificacion, fecha_modificacion, estado, id_tipoafectacionigv, codigo_sunat) VALUES ('S000000005', 'S', '', NULL, NULL, 44, '', 'SERVICIO DE INTERNET', '', NULL, 'RHUAMAN', '2018-04-04 11:17:40.963', NULL, NULL, 'A', 1, NULL);
INSERT INTO isos.producto (cod_producto, tipo, cod_prod_proveedor, cod_barras, id_marca, id_subclase, nombre_generico, nombre_comercial, descripcion, src_imagen, usuario_creacion, fecha_creacion, usuario_modificacion, fecha_modificacion, estado, id_tipoafectacionigv, codigo_sunat) VALUES ('S000000008', 'S', '', NULL, NULL, 72, '', 'SERVICIO DE SEGURIDAD', '', NULL, 'RHUAMAN', '2018-04-04 12:28:12.366', 'DCRUZ', '2018-05-17 17:55:53.63', 'A', 1, NULL);
INSERT INTO isos.producto (cod_producto, tipo, cod_prod_proveedor, cod_barras, id_marca, id_subclase, nombre_generico, nombre_comercial, descripcion, src_imagen, usuario_creacion, fecha_creacion, usuario_modificacion, fecha_modificacion, estado, id_tipoafectacionigv, codigo_sunat) VALUES ('S000000009', 'S', '', NULL, NULL, 73, '', 'CONSUMO DE COMBUSTIBLE', '', NULL, 'RHUAMAN', '2018-04-04 12:31:53.874', 'DCRUZ', '2018-05-17 17:56:56.403', 'A', 1, NULL);
INSERT INTO isos.producto (cod_producto, tipo, cod_prod_proveedor, cod_barras, id_marca, id_subclase, nombre_generico, nombre_comercial, descripcion, src_imagen, usuario_creacion, fecha_creacion, usuario_modificacion, fecha_modificacion, estado, id_tipoafectacionigv, codigo_sunat) VALUES ('PD00000157', 'B', '', '', 1, 33, '', 'EJE CALIBRADO 2"X5.8M', '', NULL, 'DCRUZ', '2018-01-26 12:43:17.91', 'DCRUZ', '2018-04-10 11:06:58.018', 'A', 1, NULL);
INSERT INTO isos.producto (cod_producto, tipo, cod_prod_proveedor, cod_barras, id_marca, id_subclase, nombre_generico, nombre_comercial, descripcion, src_imagen, usuario_creacion, fecha_creacion, usuario_modificacion, fecha_modificacion, estado, id_tipoafectacionigv, codigo_sunat) VALUES ('S000000006', 'S', '', NULL, NULL, 46, '', 'SERVICIO DE FLETE', '', NULL, 'RHUAMAN', '2018-04-04 11:19:25.346', 'RHUAMAN', '2018-04-04 12:21:21.447', 'A', 1, NULL);
INSERT INTO isos.producto (cod_producto, tipo, cod_prod_proveedor, cod_barras, id_marca, id_subclase, nombre_generico, nombre_comercial, descripcion, src_imagen, usuario_creacion, fecha_creacion, usuario_modificacion, fecha_modificacion, estado, id_tipoafectacionigv, codigo_sunat) VALUES ('S000000007', 'S', '', NULL, NULL, 46, '', 'PAGO DE PEAJE', '', NULL, 'RHUAMAN', '2018-04-04 12:21:59.582', NULL, NULL, 'A', 1, NULL);
INSERT INTO isos.producto (cod_producto, tipo, cod_prod_proveedor, cod_barras, id_marca, id_subclase, nombre_generico, nombre_comercial, descripcion, src_imagen, usuario_creacion, fecha_creacion, usuario_modificacion, fecha_modificacion, estado, id_tipoafectacionigv, codigo_sunat) VALUES ('PD00000160', 'B', '', '', 1, 33, '', 'EJE CALIBRADO 1 1/4"X5.90M', '', NULL, 'DCRUZ', '2018-01-26 12:43:17.91', 'DCRUZ', '2018-04-10 12:12:52.355', 'A', 1, NULL);
INSERT INTO isos.producto (cod_producto, tipo, cod_prod_proveedor, cod_barras, id_marca, id_subclase, nombre_generico, nombre_comercial, descripcion, src_imagen, usuario_creacion, fecha_creacion, usuario_modificacion, fecha_modificacion, estado, id_tipoafectacionigv, codigo_sunat) VALUES ('S000000011', 'S', '', NULL, NULL, 49, '', 'GASTOS NOTARIALES', '', NULL, 'RHUAMAN', '2018-04-04 12:46:19.439', NULL, NULL, 'A', 1, NULL);
INSERT INTO isos.producto (cod_producto, tipo, cod_prod_proveedor, cod_barras, id_marca, id_subclase, nombre_generico, nombre_comercial, descripcion, src_imagen, usuario_creacion, fecha_creacion, usuario_modificacion, fecha_modificacion, estado, id_tipoafectacionigv, codigo_sunat) VALUES ('S000000010', 'S', '', NULL, NULL, 48, '', 'SERVICIO DE NUMERACIÓN DE LIBROS', '', NULL, 'RHUAMAN', '2018-04-04 12:32:47.61', 'RHUAMAN', '2018-04-04 15:55:09.15', 'A', 1, NULL);
INSERT INTO isos.producto (cod_producto, tipo, cod_prod_proveedor, cod_barras, id_marca, id_subclase, nombre_generico, nombre_comercial, descripcion, src_imagen, usuario_creacion, fecha_creacion, usuario_modificacion, fecha_modificacion, estado, id_tipoafectacionigv, codigo_sunat) VALUES ('S000000012', 'S', '', NULL, NULL, 48, '', 'TALONARIO DE FACTURAS', '', NULL, 'RHUAMAN', '2018-04-04 15:57:16.112', NULL, NULL, 'A', 1, NULL);
INSERT INTO isos.producto (cod_producto, tipo, cod_prod_proveedor, cod_barras, id_marca, id_subclase, nombre_generico, nombre_comercial, descripcion, src_imagen, usuario_creacion, fecha_creacion, usuario_modificacion, fecha_modificacion, estado, id_tipoafectacionigv, codigo_sunat) VALUES ('S000000013', 'S', '', NULL, NULL, 48, '', 'TALONARIO DE BOLETAS', '', NULL, 'RHUAMAN', '2018-04-04 15:57:43.121', NULL, NULL, 'A', 1, NULL);
INSERT INTO isos.producto (cod_producto, tipo, cod_prod_proveedor, cod_barras, id_marca, id_subclase, nombre_generico, nombre_comercial, descripcion, src_imagen, usuario_creacion, fecha_creacion, usuario_modificacion, fecha_modificacion, estado, id_tipoafectacionigv, codigo_sunat) VALUES ('S000000015', 'S', '', NULL, NULL, 48, '', 'TALONARIO DE CONTRATOS', '', NULL, 'RHUAMAN', '2018-04-04 15:58:58.143', NULL, NULL, 'A', 1, NULL);
INSERT INTO isos.producto (cod_producto, tipo, cod_prod_proveedor, cod_barras, id_marca, id_subclase, nombre_generico, nombre_comercial, descripcion, src_imagen, usuario_creacion, fecha_creacion, usuario_modificacion, fecha_modificacion, estado, id_tipoafectacionigv, codigo_sunat) VALUES ('S000000017', 'S', '', NULL, NULL, 48, '', 'OTROS DOCUMENTOS', '', NULL, 'RHUAMAN', '2018-04-04 16:03:09.069', NULL, NULL, 'A', 1, NULL);
INSERT INTO isos.producto (cod_producto, tipo, cod_prod_proveedor, cod_barras, id_marca, id_subclase, nombre_generico, nombre_comercial, descripcion, src_imagen, usuario_creacion, fecha_creacion, usuario_modificacion, fecha_modificacion, estado, id_tipoafectacionigv, codigo_sunat) VALUES ('S000000018', 'S', '', NULL, NULL, 50, '', 'BANNERS', '', NULL, 'RHUAMAN', '2018-04-04 16:06:04.179', 'RHUAMAN', '2018-04-04 16:08:34.826', 'A', 1, NULL);
INSERT INTO isos.producto (cod_producto, tipo, cod_prod_proveedor, cod_barras, id_marca, id_subclase, nombre_generico, nombre_comercial, descripcion, src_imagen, usuario_creacion, fecha_creacion, usuario_modificacion, fecha_modificacion, estado, id_tipoafectacionigv, codigo_sunat) VALUES ('S000000020', 'S', '', NULL, NULL, 50, '', 'VOLANTES', '', NULL, 'RHUAMAN', '2018-04-04 16:07:10.183', 'RHUAMAN', '2018-04-04 16:08:45.171', 'A', 1, NULL);
INSERT INTO isos.producto (cod_producto, tipo, cod_prod_proveedor, cod_barras, id_marca, id_subclase, nombre_generico, nombre_comercial, descripcion, src_imagen, usuario_creacion, fecha_creacion, usuario_modificacion, fecha_modificacion, estado, id_tipoafectacionigv, codigo_sunat) VALUES ('S000000014', 'S', '', NULL, NULL, 48, '', 'TALONARIO  DE GUÍAS DE REMISIÓN REMITENTE', '', NULL, 'RHUAMAN', '2018-04-04 15:58:01.537', 'RHUAMAN', '2018-04-04 16:29:31.726', 'A', 1, NULL);
INSERT INTO isos.producto (cod_producto, tipo, cod_prod_proveedor, cod_barras, id_marca, id_subclase, nombre_generico, nombre_comercial, descripcion, src_imagen, usuario_creacion, fecha_creacion, usuario_modificacion, fecha_modificacion, estado, id_tipoafectacionigv, codigo_sunat) VALUES ('S000000021', 'S', '', NULL, NULL, 48, '', 'TALONARIO DE GUÍAS DE REMISIÓN TRANSPORTISTA', '', NULL, 'RHUAMAN', '2018-04-04 16:30:56.738', NULL, NULL, 'A', 1, NULL);
INSERT INTO isos.producto (cod_producto, tipo, cod_prod_proveedor, cod_barras, id_marca, id_subclase, nombre_generico, nombre_comercial, descripcion, src_imagen, usuario_creacion, fecha_creacion, usuario_modificacion, fecha_modificacion, estado, id_tipoafectacionigv, codigo_sunat) VALUES ('PD00000255', 'B', '', '', 1, 54, '', 'SIRENA 30W', '', NULL, 'DCRUZ', '2018-04-18 15:52:27.233', NULL, NULL, 'A', 1, NULL);
INSERT INTO isos.producto (cod_producto, tipo, cod_prod_proveedor, cod_barras, id_marca, id_subclase, nombre_generico, nombre_comercial, descripcion, src_imagen, usuario_creacion, fecha_creacion, usuario_modificacion, fecha_modificacion, estado, id_tipoafectacionigv, codigo_sunat) VALUES ('PD00000147', 'B', '', '', 1, 23, '', 'TUBO NEGRO SCH80 1 1/2"', '', NULL, 'DCRUZ', '2018-01-26 12:43:17.91', NULL, NULL, 'A', 1, NULL);
INSERT INTO isos.producto (cod_producto, tipo, cod_prod_proveedor, cod_barras, id_marca, id_subclase, nombre_generico, nombre_comercial, descripcion, src_imagen, usuario_creacion, fecha_creacion, usuario_modificacion, fecha_modificacion, estado, id_tipoafectacionigv, codigo_sunat) VALUES ('PD00000148', 'B', '', '', 1, 22, '', 'TUBO NEGRO SCH40 A53-A106-API S/C 1/2"', '', NULL, 'DCRUZ', '2018-01-26 12:43:17.91', NULL, NULL, 'A', 1, NULL);
INSERT INTO isos.producto (cod_producto, tipo, cod_prod_proveedor, cod_barras, id_marca, id_subclase, nombre_generico, nombre_comercial, descripcion, src_imagen, usuario_creacion, fecha_creacion, usuario_modificacion, fecha_modificacion, estado, id_tipoafectacionigv, codigo_sunat) VALUES ('PD00000149', 'B', '', '', 1, 22, '', 'TUBO NEGRO SCH40 A53-A106-API S/C 3/4"', '', NULL, 'DCRUZ', '2018-01-26 12:43:17.91', NULL, NULL, 'A', 1, NULL);
INSERT INTO isos.producto (cod_producto, tipo, cod_prod_proveedor, cod_barras, id_marca, id_subclase, nombre_generico, nombre_comercial, descripcion, src_imagen, usuario_creacion, fecha_creacion, usuario_modificacion, fecha_modificacion, estado, id_tipoafectacionigv, codigo_sunat) VALUES ('PD00000150', 'B', '', '', 1, 22, '', 'TUBO NEGRO SCH40 A53-A106-API S/C 1"', '', NULL, 'DCRUZ', '2018-01-26 12:43:17.91', NULL, NULL, 'A', 1, NULL);
INSERT INTO isos.producto (cod_producto, tipo, cod_prod_proveedor, cod_barras, id_marca, id_subclase, nombre_generico, nombre_comercial, descripcion, src_imagen, usuario_creacion, fecha_creacion, usuario_modificacion, fecha_modificacion, estado, id_tipoafectacionigv, codigo_sunat) VALUES ('PD00000151', 'B', '', '', 1, 22, '', 'TUBO NEGRO SCH40 A53-A106-API S/C 1 1/4"', '', NULL, 'DCRUZ', '2018-01-26 12:43:17.91', NULL, NULL, 'A', 1, NULL);
INSERT INTO isos.producto (cod_producto, tipo, cod_prod_proveedor, cod_barras, id_marca, id_subclase, nombre_generico, nombre_comercial, descripcion, src_imagen, usuario_creacion, fecha_creacion, usuario_modificacion, fecha_modificacion, estado, id_tipoafectacionigv, codigo_sunat) VALUES ('PD00000152', 'B', '', '', 1, 22, '', 'TUBO NEGRO SCH40 A53-A106-API S/C 1 1/2"', '', NULL, 'DCRUZ', '2018-01-26 12:43:17.91', NULL, NULL, 'A', 1, NULL);
INSERT INTO isos.producto (cod_producto, tipo, cod_prod_proveedor, cod_barras, id_marca, id_subclase, nombre_generico, nombre_comercial, descripcion, src_imagen, usuario_creacion, fecha_creacion, usuario_modificacion, fecha_modificacion, estado, id_tipoafectacionigv, codigo_sunat) VALUES ('PD00000153', 'B', '', '', 1, 22, '', 'TUBO NEGRO SCH40 A53-A106-API S/C 2"', '', NULL, 'DCRUZ', '2018-01-26 12:43:17.91', NULL, NULL, 'A', 1, NULL);
INSERT INTO isos.producto (cod_producto, tipo, cod_prod_proveedor, cod_barras, id_marca, id_subclase, nombre_generico, nombre_comercial, descripcion, src_imagen, usuario_creacion, fecha_creacion, usuario_modificacion, fecha_modificacion, estado, id_tipoafectacionigv, codigo_sunat) VALUES ('PD00000154', 'B', '', '', 1, 22, '', 'TUBO NEGRO SCH40 A53-A106-API S/C 2 1/2"', '', NULL, 'DCRUZ', '2018-01-26 12:43:17.91', NULL, NULL, 'A', 1, NULL);
INSERT INTO isos.producto (cod_producto, tipo, cod_prod_proveedor, cod_barras, id_marca, id_subclase, nombre_generico, nombre_comercial, descripcion, src_imagen, usuario_creacion, fecha_creacion, usuario_modificacion, fecha_modificacion, estado, id_tipoafectacionigv, codigo_sunat) VALUES ('PD00000155', 'B', '', '', 1, 22, '', 'TUBO NEGRO SCH40 A53-A106-API S/C 3"', '', NULL, 'DCRUZ', '2018-01-26 12:43:17.91', NULL, NULL, 'A', 1, NULL);
INSERT INTO isos.producto (cod_producto, tipo, cod_prod_proveedor, cod_barras, id_marca, id_subclase, nombre_generico, nombre_comercial, descripcion, src_imagen, usuario_creacion, fecha_creacion, usuario_modificacion, fecha_modificacion, estado, id_tipoafectacionigv, codigo_sunat) VALUES ('PD00000156', 'B', '', '', 1, 22, '', 'TUBO NEGRO SCH40 A53-A106-API S/C 4"', '', NULL, 'DCRUZ', '2018-01-26 12:43:17.91', NULL, NULL, 'A', 1, NULL);
INSERT INTO isos.producto (cod_producto, tipo, cod_prod_proveedor, cod_barras, id_marca, id_subclase, nombre_generico, nombre_comercial, descripcion, src_imagen, usuario_creacion, fecha_creacion, usuario_modificacion, fecha_modificacion, estado, id_tipoafectacionigv, codigo_sunat) VALUES ('PD00000158', 'B', '', '', 1, 33, '', 'EJE CALIBRADO 1 1/2"X6.00M', '', NULL, 'DCRUZ', '2018-01-26 12:43:17.91', NULL, NULL, 'A', 1, NULL);
INSERT INTO isos.producto (cod_producto, tipo, cod_prod_proveedor, cod_barras, id_marca, id_subclase, nombre_generico, nombre_comercial, descripcion, src_imagen, usuario_creacion, fecha_creacion, usuario_modificacion, fecha_modificacion, estado, id_tipoafectacionigv, codigo_sunat) VALUES ('PD00000159', 'B', '', '', 1, 33, '', 'EJE CALIBRADO 2 1/2"X6.05M', '', NULL, 'DCRUZ', '2018-01-26 12:43:17.91', NULL, NULL, 'A', 1, NULL);
INSERT INTO isos.producto (cod_producto, tipo, cod_prod_proveedor, cod_barras, id_marca, id_subclase, nombre_generico, nombre_comercial, descripcion, src_imagen, usuario_creacion, fecha_creacion, usuario_modificacion, fecha_modificacion, estado, id_tipoafectacionigv, codigo_sunat) VALUES ('PD00000161', 'B', '', '', 1, 33, '', 'EJE CALIBRADO 1 3/4"X5.90M', '', NULL, 'DCRUZ', '2018-01-26 12:43:17.91', NULL, NULL, 'A', 1, NULL);
INSERT INTO isos.producto (cod_producto, tipo, cod_prod_proveedor, cod_barras, id_marca, id_subclase, nombre_generico, nombre_comercial, descripcion, src_imagen, usuario_creacion, fecha_creacion, usuario_modificacion, fecha_modificacion, estado, id_tipoafectacionigv, codigo_sunat) VALUES ('PD00000162', 'B', '', '', 1, 33, '', 'EJE CALIBRADO 1"X6.00M', '', NULL, 'DCRUZ', '2018-01-26 12:43:17.91', NULL, NULL, 'A', 1, NULL);
INSERT INTO isos.producto (cod_producto, tipo, cod_prod_proveedor, cod_barras, id_marca, id_subclase, nombre_generico, nombre_comercial, descripcion, src_imagen, usuario_creacion, fecha_creacion, usuario_modificacion, fecha_modificacion, estado, id_tipoafectacionigv, codigo_sunat) VALUES ('PD00000163', 'B', '', '', 1, 33, '', 'EJE CALIBRADO 2 1/4"X5.70M', '', NULL, 'DCRUZ', '2018-01-26 12:43:17.91', NULL, NULL, 'A', 1, NULL);
INSERT INTO isos.producto (cod_producto, tipo, cod_prod_proveedor, cod_barras, id_marca, id_subclase, nombre_generico, nombre_comercial, descripcion, src_imagen, usuario_creacion, fecha_creacion, usuario_modificacion, fecha_modificacion, estado, id_tipoafectacionigv, codigo_sunat) VALUES ('PD00000164', 'B', '', '', 1, 33, '', 'EJE CALIBRADO 1 1/8"X5.80M', '', NULL, 'DCRUZ', '2018-01-26 12:43:17.91', NULL, NULL, 'A', 1, NULL);
INSERT INTO isos.producto (cod_producto, tipo, cod_prod_proveedor, cod_barras, id_marca, id_subclase, nombre_generico, nombre_comercial, descripcion, src_imagen, usuario_creacion, fecha_creacion, usuario_modificacion, fecha_modificacion, estado, id_tipoafectacionigv, codigo_sunat) VALUES ('PD00000165', 'B', '', '', 1, 33, '', 'EJE CALIBRADO 1 3/8"X5.80M', '', NULL, 'DCRUZ', '2018-01-26 12:43:17.91', NULL, NULL, 'A', 1, NULL);
INSERT INTO isos.producto (cod_producto, tipo, cod_prod_proveedor, cod_barras, id_marca, id_subclase, nombre_generico, nombre_comercial, descripcion, src_imagen, usuario_creacion, fecha_creacion, usuario_modificacion, fecha_modificacion, estado, id_tipoafectacionigv, codigo_sunat) VALUES ('PD00000166', 'B', '', '', 1, 33, '', 'EJE CALIBRADO 1 5/8"X6.00M', '', NULL, 'DCRUZ', '2018-01-26 12:43:17.91', NULL, NULL, 'A', 1, NULL);
INSERT INTO isos.producto (cod_producto, tipo, cod_prod_proveedor, cod_barras, id_marca, id_subclase, nombre_generico, nombre_comercial, descripcion, src_imagen, usuario_creacion, fecha_creacion, usuario_modificacion, fecha_modificacion, estado, id_tipoafectacionigv, codigo_sunat) VALUES ('PD00000167', 'B', '', '', 1, 34, '', 'EJE CALIBRADO SAE 1045 3 1/2"X5.50M', '', NULL, 'DCRUZ', '2018-01-26 12:43:17.91', NULL, NULL, 'A', 1, NULL);
INSERT INTO isos.producto (cod_producto, tipo, cod_prod_proveedor, cod_barras, id_marca, id_subclase, nombre_generico, nombre_comercial, descripcion, src_imagen, usuario_creacion, fecha_creacion, usuario_modificacion, fecha_modificacion, estado, id_tipoafectacionigv, codigo_sunat) VALUES ('PD00000168', 'B', '', '', 1, 34, '', 'EJE CALIBRADO SAE 1045 3"X6.00M', '', NULL, 'DCRUZ', '2018-01-26 12:43:17.91', NULL, NULL, 'A', 1, NULL);
INSERT INTO isos.producto (cod_producto, tipo, cod_prod_proveedor, cod_barras, id_marca, id_subclase, nombre_generico, nombre_comercial, descripcion, src_imagen, usuario_creacion, fecha_creacion, usuario_modificacion, fecha_modificacion, estado, id_tipoafectacionigv, codigo_sunat) VALUES ('PD00000260', 'B', '', '', 2, 54, '', 'CAJAS TOMADATOS', '', NULL, 'DCRUZ', '2018-04-18 16:16:20.586', NULL, NULL, 'A', 1, NULL);
INSERT INTO isos.producto (cod_producto, tipo, cod_prod_proveedor, cod_barras, id_marca, id_subclase, nombre_generico, nombre_comercial, descripcion, src_imagen, usuario_creacion, fecha_creacion, usuario_modificacion, fecha_modificacion, estado, id_tipoafectacionigv, codigo_sunat) VALUES ('PD00000263', 'B', '', '', 2, 54, '', 'CABLE DE RED', '', NULL, 'DCRUZ', '2018-04-18 16:23:37.531', 'DCRUZ', '2018-04-18 16:24:14.173', 'A', 1, NULL);
INSERT INTO isos.producto (cod_producto, tipo, cod_prod_proveedor, cod_barras, id_marca, id_subclase, nombre_generico, nombre_comercial, descripcion, src_imagen, usuario_creacion, fecha_creacion, usuario_modificacion, fecha_modificacion, estado, id_tipoafectacionigv, codigo_sunat) VALUES ('PD00000270', 'B', '', '', 1, 54, '', 'RACK DE TV', '', NULL, 'DCRUZ', '2018-04-18 17:07:58.076', NULL, NULL, 'A', 1, NULL);
INSERT INTO isos.producto (cod_producto, tipo, cod_prod_proveedor, cod_barras, id_marca, id_subclase, nombre_generico, nombre_comercial, descripcion, src_imagen, usuario_creacion, fecha_creacion, usuario_modificacion, fecha_modificacion, estado, id_tipoafectacionigv, codigo_sunat) VALUES ('PD00000274', 'B', '', '', 1, 51, '', 'SELLOS REDONDOS', '', NULL, 'DCRUZ', '2018-04-18 17:29:20.503', NULL, NULL, 'A', 1, NULL);
INSERT INTO isos.producto (cod_producto, tipo, cod_prod_proveedor, cod_barras, id_marca, id_subclase, nombre_generico, nombre_comercial, descripcion, src_imagen, usuario_creacion, fecha_creacion, usuario_modificacion, fecha_modificacion, estado, id_tipoafectacionigv, codigo_sunat) VALUES ('PD00000275', 'B', '', '', 1, 62, '', 'SOLAPEROS', '', NULL, 'DCRUZ', '2018-04-18 17:30:14.074', NULL, NULL, 'A', 1, NULL);
INSERT INTO isos.producto (cod_producto, tipo, cod_prod_proveedor, cod_barras, id_marca, id_subclase, nombre_generico, nombre_comercial, descripcion, src_imagen, usuario_creacion, fecha_creacion, usuario_modificacion, fecha_modificacion, estado, id_tipoafectacionigv, codigo_sunat) VALUES ('PD00000276', 'B', '', '', 1, 60, '', 'ROLL SCREEM', '', NULL, 'DCRUZ', '2018-04-18 17:31:57.249', NULL, NULL, 'A', 1, NULL);
INSERT INTO isos.producto (cod_producto, tipo, cod_prod_proveedor, cod_barras, id_marca, id_subclase, nombre_generico, nombre_comercial, descripcion, src_imagen, usuario_creacion, fecha_creacion, usuario_modificacion, fecha_modificacion, estado, id_tipoafectacionigv, codigo_sunat) VALUES ('PD00000277', 'B', '', '', 1, 60, '', 'BANNER', '', NULL, 'DCRUZ', '2018-04-18 17:33:41.736', NULL, NULL, 'A', 1, NULL);
INSERT INTO isos.producto (cod_producto, tipo, cod_prod_proveedor, cod_barras, id_marca, id_subclase, nombre_generico, nombre_comercial, descripcion, src_imagen, usuario_creacion, fecha_creacion, usuario_modificacion, fecha_modificacion, estado, id_tipoafectacionigv, codigo_sunat) VALUES ('PD00000396', 'B', '', '', 5, 53, '', 'TELEFONO', '', NULL, 'DCRUZ', '2018-04-27 14:59:44.855', NULL, NULL, 'A', 1, NULL);
INSERT INTO isos.producto (cod_producto, tipo, cod_prod_proveedor, cod_barras, id_marca, id_subclase, nombre_generico, nombre_comercial, descripcion, src_imagen, usuario_creacion, fecha_creacion, usuario_modificacion, fecha_modificacion, estado, id_tipoafectacionigv, codigo_sunat) VALUES ('PD00000404', 'B', '', '', 4, 54, '', 'TINTA 6641', '', NULL, 'DCRUZ', '2018-05-02 15:48:21.229', NULL, NULL, 'A', 1, NULL);
INSERT INTO isos.producto (cod_producto, tipo, cod_prod_proveedor, cod_barras, id_marca, id_subclase, nombre_generico, nombre_comercial, descripcion, src_imagen, usuario_creacion, fecha_creacion, usuario_modificacion, fecha_modificacion, estado, id_tipoafectacionigv, codigo_sunat) VALUES ('PD00000406', 'B', '', '', 1, 58, '', 'BROCAS 9/16', '', NULL, 'DCRUZ', '2018-05-02 15:51:21.497', NULL, NULL, 'A', 1, NULL);
INSERT INTO isos.producto (cod_producto, tipo, cod_prod_proveedor, cod_barras, id_marca, id_subclase, nombre_generico, nombre_comercial, descripcion, src_imagen, usuario_creacion, fecha_creacion, usuario_modificacion, fecha_modificacion, estado, id_tipoafectacionigv, codigo_sunat) VALUES ('PD00000407', 'B', '', '', 1, 58, '', 'MACHOS 3/8', '', NULL, 'DCRUZ', '2018-05-02 15:52:40.137', NULL, NULL, 'A', 1, NULL);
INSERT INTO isos.producto (cod_producto, tipo, cod_prod_proveedor, cod_barras, id_marca, id_subclase, nombre_generico, nombre_comercial, descripcion, src_imagen, usuario_creacion, fecha_creacion, usuario_modificacion, fecha_modificacion, estado, id_tipoafectacionigv, codigo_sunat) VALUES ('PD00000408', 'B', '', '', 7, 53, '', 'TABLET 7"', '', NULL, 'DCRUZ', '2018-05-02 15:58:01.295', NULL, NULL, 'A', 1, NULL);
INSERT INTO isos.producto (cod_producto, tipo, cod_prod_proveedor, cod_barras, id_marca, id_subclase, nombre_generico, nombre_comercial, descripcion, src_imagen, usuario_creacion, fecha_creacion, usuario_modificacion, fecha_modificacion, estado, id_tipoafectacionigv, codigo_sunat) VALUES ('PD00000170', 'B', '', '', 1, 32, '', 'EJE AC REDONDO GRADO 140 BONIFICADO 7/8"(22.23MMX5.73)', '', NULL, 'DCRUZ', '2018-01-26 12:43:17.91', NULL, NULL, 'A', 1, NULL);
INSERT INTO isos.producto (cod_producto, tipo, cod_prod_proveedor, cod_barras, id_marca, id_subclase, nombre_generico, nombre_comercial, descripcion, src_imagen, usuario_creacion, fecha_creacion, usuario_modificacion, fecha_modificacion, estado, id_tipoafectacionigv, codigo_sunat) VALUES ('PD00000171', 'B', '', '', 1, 32, '', 'EJE AC REDONDO GRADO 140 BONIFICADO 1"(25MMX4.33)', '', NULL, 'DCRUZ', '2018-01-26 12:43:17.91', NULL, NULL, 'A', 1, NULL);
INSERT INTO isos.producto (cod_producto, tipo, cod_prod_proveedor, cod_barras, id_marca, id_subclase, nombre_generico, nombre_comercial, descripcion, src_imagen, usuario_creacion, fecha_creacion, usuario_modificacion, fecha_modificacion, estado, id_tipoafectacionigv, codigo_sunat) VALUES ('PD00000173', 'B', '', '', 1, 32, '', 'EJE AC REDONDO GRADO 140 BONIFICADO 1 1/2"(41.28MMX4.31)', '', NULL, 'DCRUZ', '2018-01-26 12:43:17.91', NULL, NULL, 'A', 1, NULL);
INSERT INTO isos.producto (cod_producto, tipo, cod_prod_proveedor, cod_barras, id_marca, id_subclase, nombre_generico, nombre_comercial, descripcion, src_imagen, usuario_creacion, fecha_creacion, usuario_modificacion, fecha_modificacion, estado, id_tipoafectacionigv, codigo_sunat) VALUES ('PD00000174', 'B', '', '', 1, 32, '', 'EJE AC REDONDO GRADO 140 BONIFICADO 1 3/4"(44.45MMX5.62)', '', NULL, 'DCRUZ', '2018-01-26 12:43:17.91', NULL, NULL, 'A', 1, NULL);
INSERT INTO isos.producto (cod_producto, tipo, cod_prod_proveedor, cod_barras, id_marca, id_subclase, nombre_generico, nombre_comercial, descripcion, src_imagen, usuario_creacion, fecha_creacion, usuario_modificacion, fecha_modificacion, estado, id_tipoafectacionigv, codigo_sunat) VALUES ('PD00000175', 'B', '', '', 1, 32, '', 'EJE AC REDONDO GRADO 140 BONIFICADO 2"(52MMX1.735)', '', NULL, 'DCRUZ', '2018-01-26 12:43:17.91', NULL, NULL, 'A', 1, NULL);
INSERT INTO isos.producto (cod_producto, tipo, cod_prod_proveedor, cod_barras, id_marca, id_subclase, nombre_generico, nombre_comercial, descripcion, src_imagen, usuario_creacion, fecha_creacion, usuario_modificacion, fecha_modificacion, estado, id_tipoafectacionigv, codigo_sunat) VALUES ('PD00000176', 'B', '', '', 1, 32, '', 'EJE AC REDONDO GRADO 140 BONIFICADO 2 1/4"(60MMX5.72)', '', NULL, 'DCRUZ', '2018-01-26 12:43:17.91', NULL, NULL, 'A', 1, NULL);
INSERT INTO isos.producto (cod_producto, tipo, cod_prod_proveedor, cod_barras, id_marca, id_subclase, nombre_generico, nombre_comercial, descripcion, src_imagen, usuario_creacion, fecha_creacion, usuario_modificacion, fecha_modificacion, estado, id_tipoafectacionigv, codigo_sunat) VALUES ('PD00000177', 'B', '', '', 1, 32, '', 'EJE AC REDONDO GRADO 140 BONIFICADO 2 3/4"(69.85MMX5.77)', '', NULL, 'DCRUZ', '2018-01-26 12:43:17.91', NULL, NULL, 'A', 1, NULL);
INSERT INTO isos.producto (cod_producto, tipo, cod_prod_proveedor, cod_barras, id_marca, id_subclase, nombre_generico, nombre_comercial, descripcion, src_imagen, usuario_creacion, fecha_creacion, usuario_modificacion, fecha_modificacion, estado, id_tipoafectacionigv, codigo_sunat) VALUES ('PD00000178', 'B', '', '', 1, 37, '', 'SOLDADURA SUPERCITO E-7018 1/8"', '', NULL, 'DCRUZ', '2018-01-26 12:43:17.91', NULL, NULL, 'A', 1, NULL);
INSERT INTO isos.producto (cod_producto, tipo, cod_prod_proveedor, cod_barras, id_marca, id_subclase, nombre_generico, nombre_comercial, descripcion, src_imagen, usuario_creacion, fecha_creacion, usuario_modificacion, fecha_modificacion, estado, id_tipoafectacionigv, codigo_sunat) VALUES ('PD00000179', 'B', '', '', 1, 37, '', 'SOLDADURA PUNTO AZUL E-6011 1/8"', '', NULL, 'DCRUZ', '2018-01-26 12:43:17.91', NULL, NULL, 'A', 1, NULL);
INSERT INTO isos.producto (cod_producto, tipo, cod_prod_proveedor, cod_barras, id_marca, id_subclase, nombre_generico, nombre_comercial, descripcion, src_imagen, usuario_creacion, fecha_creacion, usuario_modificacion, fecha_modificacion, estado, id_tipoafectacionigv, codigo_sunat) VALUES ('PD00000180', 'B', '', '', 1, 37, '', 'SOLDADURA OVERCORD E-6013 1/8"', '', NULL, 'DCRUZ', '2018-01-26 12:43:17.91', NULL, NULL, 'A', 1, NULL);
INSERT INTO isos.producto (cod_producto, tipo, cod_prod_proveedor, cod_barras, id_marca, id_subclase, nombre_generico, nombre_comercial, descripcion, src_imagen, usuario_creacion, fecha_creacion, usuario_modificacion, fecha_modificacion, estado, id_tipoafectacionigv, codigo_sunat) VALUES ('PD00000182', 'B', '', '', 1, 1, '', 'ELECTRODO PLASMA', '', NULL, 'DCRUZ', '2018-01-26 12:43:17.91', NULL, NULL, 'A', 1, NULL);
INSERT INTO isos.producto (cod_producto, tipo, cod_prod_proveedor, cod_barras, id_marca, id_subclase, nombre_generico, nombre_comercial, descripcion, src_imagen, usuario_creacion, fecha_creacion, usuario_modificacion, fecha_modificacion, estado, id_tipoafectacionigv, codigo_sunat) VALUES ('PD00000183', 'B', '', '', 1, 1, '', 'SHIELD CUP-CAPUCHON', '', NULL, 'DCRUZ', '2018-01-26 12:43:17.91', NULL, NULL, 'A', 1, NULL);
INSERT INTO isos.producto (cod_producto, tipo, cod_prod_proveedor, cod_barras, id_marca, id_subclase, nombre_generico, nombre_comercial, descripcion, src_imagen, usuario_creacion, fecha_creacion, usuario_modificacion, fecha_modificacion, estado, id_tipoafectacionigv, codigo_sunat) VALUES ('PD00000184', 'B', '', '', 1, 1, '', 'ANILLO DIFUSOR CERAMICA PLASMA', '', NULL, 'DCRUZ', '2018-01-26 12:43:17.91', NULL, NULL, 'A', 1, NULL);
INSERT INTO isos.producto (cod_producto, tipo, cod_prod_proveedor, cod_barras, id_marca, id_subclase, nombre_generico, nombre_comercial, descripcion, src_imagen, usuario_creacion, fecha_creacion, usuario_modificacion, fecha_modificacion, estado, id_tipoafectacionigv, codigo_sunat) VALUES ('PD00000185', 'B', '', '', 1, 1, '', 'RETAINING CUP PLASMA', '', NULL, 'DCRUZ', '2018-01-26 12:43:17.91', NULL, NULL, 'A', 1, NULL);
INSERT INTO isos.producto (cod_producto, tipo, cod_prod_proveedor, cod_barras, id_marca, id_subclase, nombre_generico, nombre_comercial, descripcion, src_imagen, usuario_creacion, fecha_creacion, usuario_modificacion, fecha_modificacion, estado, id_tipoafectacionigv, codigo_sunat) VALUES ('PD00000186', 'B', '', '', 1, 1, '', 'TOBERA LINCOLN 5/8"-16MM  MIG', '', NULL, 'DCRUZ', '2018-01-26 12:43:17.91', NULL, NULL, 'A', 1, NULL);
INSERT INTO isos.producto (cod_producto, tipo, cod_prod_proveedor, cod_barras, id_marca, id_subclase, nombre_generico, nombre_comercial, descripcion, src_imagen, usuario_creacion, fecha_creacion, usuario_modificacion, fecha_modificacion, estado, id_tipoafectacionigv, codigo_sunat) VALUES ('PD00000187', 'B', '', '', 1, 1, '', 'DIFUSOR DE GAS LINCOLN MIG', '', NULL, 'DCRUZ', '2018-01-26 12:43:17.91', NULL, NULL, 'A', 1, NULL);
INSERT INTO isos.producto (cod_producto, tipo, cod_prod_proveedor, cod_barras, id_marca, id_subclase, nombre_generico, nombre_comercial, descripcion, src_imagen, usuario_creacion, fecha_creacion, usuario_modificacion, fecha_modificacion, estado, id_tipoafectacionigv, codigo_sunat) VALUES ('PD00000188', 'B', '', '', 1, 1, '', 'TIP LINCOLN 0.8MM', '', NULL, 'DCRUZ', '2018-01-26 12:43:17.91', NULL, NULL, 'A', 1, NULL);
INSERT INTO isos.producto (cod_producto, tipo, cod_prod_proveedor, cod_barras, id_marca, id_subclase, nombre_generico, nombre_comercial, descripcion, src_imagen, usuario_creacion, fecha_creacion, usuario_modificacion, fecha_modificacion, estado, id_tipoafectacionigv, codigo_sunat) VALUES ('PD00000189', 'B', '', '', 1, 1, '', 'ANTISPATTER SPRAY BINZEL', '', NULL, 'DCRUZ', '2018-01-26 12:43:17.91', NULL, NULL, 'A', 1, NULL);
INSERT INTO isos.producto (cod_producto, tipo, cod_prod_proveedor, cod_barras, id_marca, id_subclase, nombre_generico, nombre_comercial, descripcion, src_imagen, usuario_creacion, fecha_creacion, usuario_modificacion, fecha_modificacion, estado, id_tipoafectacionigv, codigo_sunat) VALUES ('PD00000190', 'B', '', '', 1, 29, '', 'PIÑONES SIMPLES DE 19 DIENTES PASO 1/2" ASA 40', '', NULL, 'DCRUZ', '2018-01-26 12:43:17.91', NULL, NULL, 'A', 1, NULL);
INSERT INTO isos.producto (cod_producto, tipo, cod_prod_proveedor, cod_barras, id_marca, id_subclase, nombre_generico, nombre_comercial, descripcion, src_imagen, usuario_creacion, fecha_creacion, usuario_modificacion, fecha_modificacion, estado, id_tipoafectacionigv, codigo_sunat) VALUES ('PD00000191', 'B', '', '', 1, 29, '', 'PIÑONES SIMPLES DE 14 DIENTES PASO 5/8" ASA 50', '', NULL, 'DCRUZ', '2018-01-26 12:43:17.91', NULL, NULL, 'A', 1, NULL);
INSERT INTO isos.producto (cod_producto, tipo, cod_prod_proveedor, cod_barras, id_marca, id_subclase, nombre_generico, nombre_comercial, descripcion, src_imagen, usuario_creacion, fecha_creacion, usuario_modificacion, fecha_modificacion, estado, id_tipoafectacionigv, codigo_sunat) VALUES ('PD00000192', 'B', '', '', 1, 29, '', 'PIÑONES SIMPLES DE 16 DIENTES PASO 5/8" ASA 50', '', NULL, 'DCRUZ', '2018-01-26 12:43:17.91', NULL, NULL, 'A', 1, NULL);
INSERT INTO isos.producto (cod_producto, tipo, cod_prod_proveedor, cod_barras, id_marca, id_subclase, nombre_generico, nombre_comercial, descripcion, src_imagen, usuario_creacion, fecha_creacion, usuario_modificacion, fecha_modificacion, estado, id_tipoafectacionigv, codigo_sunat) VALUES ('PD00000193', 'B', '', '', 1, 29, '', 'PIÑONES SIMPLES DE 17 DIENTES PASO 5/8" ASA 50', '', NULL, 'DCRUZ', '2018-01-26 12:43:17.91', NULL, NULL, 'A', 1, NULL);
INSERT INTO isos.producto (cod_producto, tipo, cod_prod_proveedor, cod_barras, id_marca, id_subclase, nombre_generico, nombre_comercial, descripcion, src_imagen, usuario_creacion, fecha_creacion, usuario_modificacion, fecha_modificacion, estado, id_tipoafectacionigv, codigo_sunat) VALUES ('PD00000194', 'B', '', '', 1, 29, '', 'PIÑONES SIMPLES DE 19 DIENTES PASO 5/8" ASA 50', '', NULL, 'DCRUZ', '2018-01-26 12:43:17.91', NULL, NULL, 'A', 1, NULL);
INSERT INTO isos.producto (cod_producto, tipo, cod_prod_proveedor, cod_barras, id_marca, id_subclase, nombre_generico, nombre_comercial, descripcion, src_imagen, usuario_creacion, fecha_creacion, usuario_modificacion, fecha_modificacion, estado, id_tipoafectacionigv, codigo_sunat) VALUES ('PD00000195', 'B', '', '', 1, 29, '', 'PIÑONES SIMPLES DE 20 DIENTES PASO 5/8" ASA 50', '', NULL, 'DCRUZ', '2018-01-26 12:43:17.91', NULL, NULL, 'A', 1, NULL);
INSERT INTO isos.producto (cod_producto, tipo, cod_prod_proveedor, cod_barras, id_marca, id_subclase, nombre_generico, nombre_comercial, descripcion, src_imagen, usuario_creacion, fecha_creacion, usuario_modificacion, fecha_modificacion, estado, id_tipoafectacionigv, codigo_sunat) VALUES ('PD00000196', 'B', '', '', 1, 29, '', 'PIÑONES SIMPLES DE 21 DIENTES PASO 5/8" ASA 50', '', NULL, 'DCRUZ', '2018-01-26 12:43:17.91', NULL, NULL, 'A', 1, NULL);
INSERT INTO isos.producto (cod_producto, tipo, cod_prod_proveedor, cod_barras, id_marca, id_subclase, nombre_generico, nombre_comercial, descripcion, src_imagen, usuario_creacion, fecha_creacion, usuario_modificacion, fecha_modificacion, estado, id_tipoafectacionigv, codigo_sunat) VALUES ('PD00000197', 'B', '', '', 1, 29, '', 'PIÑONES SIMPLES DE 22 DIENTES PASO 5/8" ASA 50', '', NULL, 'DCRUZ', '2018-01-26 12:43:17.91', NULL, NULL, 'A', 1, NULL);
INSERT INTO isos.producto (cod_producto, tipo, cod_prod_proveedor, cod_barras, id_marca, id_subclase, nombre_generico, nombre_comercial, descripcion, src_imagen, usuario_creacion, fecha_creacion, usuario_modificacion, fecha_modificacion, estado, id_tipoafectacionigv, codigo_sunat) VALUES ('PD00000198', 'B', '', '', 1, 29, '', 'PIÑONES SIMPLES DE 23 DIENTES PASO 5/8" ASA 50', '', NULL, 'DCRUZ', '2018-01-26 12:43:17.91', NULL, NULL, 'A', 1, NULL);
INSERT INTO isos.producto (cod_producto, tipo, cod_prod_proveedor, cod_barras, id_marca, id_subclase, nombre_generico, nombre_comercial, descripcion, src_imagen, usuario_creacion, fecha_creacion, usuario_modificacion, fecha_modificacion, estado, id_tipoafectacionigv, codigo_sunat) VALUES ('PD00000199', 'B', '', '', 1, 29, '', 'PIÑONES SIMPLES DE 24 DIENTES PASO 5/8" ASA 50', '', NULL, 'DCRUZ', '2018-01-26 12:43:17.91', NULL, NULL, 'A', 1, NULL);
INSERT INTO isos.producto (cod_producto, tipo, cod_prod_proveedor, cod_barras, id_marca, id_subclase, nombre_generico, nombre_comercial, descripcion, src_imagen, usuario_creacion, fecha_creacion, usuario_modificacion, fecha_modificacion, estado, id_tipoafectacionigv, codigo_sunat) VALUES ('PD00000200', 'B', '', '', 1, 29, '', 'PIÑONES SIMPLES DE 33 DIENTES PASO 5/8" ASA 50', '', NULL, 'DCRUZ', '2018-01-26 12:43:17.91', NULL, NULL, 'A', 1, NULL);
INSERT INTO isos.producto (cod_producto, tipo, cod_prod_proveedor, cod_barras, id_marca, id_subclase, nombre_generico, nombre_comercial, descripcion, src_imagen, usuario_creacion, fecha_creacion, usuario_modificacion, fecha_modificacion, estado, id_tipoafectacionigv, codigo_sunat) VALUES ('PD00000201', 'B', '', '', 1, 29, '', 'PIÑONES SIMPLES DE 34 DIENTES PASO 5/8" ASA 50', '', NULL, 'DCRUZ', '2018-01-26 12:43:17.91', NULL, NULL, 'A', 1, NULL);
INSERT INTO isos.producto (cod_producto, tipo, cod_prod_proveedor, cod_barras, id_marca, id_subclase, nombre_generico, nombre_comercial, descripcion, src_imagen, usuario_creacion, fecha_creacion, usuario_modificacion, fecha_modificacion, estado, id_tipoafectacionigv, codigo_sunat) VALUES ('PD00000202', 'B', '', '', 1, 29, '', 'PIÑONES SIMPLES DE 35 DIENTES PASO 5/8" ASA 50', '', NULL, 'DCRUZ', '2018-01-26 12:43:17.91', NULL, NULL, 'A', 1, NULL);
INSERT INTO isos.producto (cod_producto, tipo, cod_prod_proveedor, cod_barras, id_marca, id_subclase, nombre_generico, nombre_comercial, descripcion, src_imagen, usuario_creacion, fecha_creacion, usuario_modificacion, fecha_modificacion, estado, id_tipoafectacionigv, codigo_sunat) VALUES ('PD00000203', 'B', '', '', 1, 29, '', 'PIÑONES SIMPLES DE 10 DIENTES PASO 3/4" ASA 60', '', NULL, 'DCRUZ', '2018-01-26 12:43:17.91', NULL, NULL, 'A', 1, NULL);
INSERT INTO isos.producto (cod_producto, tipo, cod_prod_proveedor, cod_barras, id_marca, id_subclase, nombre_generico, nombre_comercial, descripcion, src_imagen, usuario_creacion, fecha_creacion, usuario_modificacion, fecha_modificacion, estado, id_tipoafectacionigv, codigo_sunat) VALUES ('PD00000204', 'B', '', '', 1, 29, '', 'PIÑONES SIMPLES DE 13 DIENTES PASO 3/4" ASA 60', '', NULL, 'DCRUZ', '2018-01-26 12:43:17.91', NULL, NULL, 'A', 1, NULL);
INSERT INTO isos.producto (cod_producto, tipo, cod_prod_proveedor, cod_barras, id_marca, id_subclase, nombre_generico, nombre_comercial, descripcion, src_imagen, usuario_creacion, fecha_creacion, usuario_modificacion, fecha_modificacion, estado, id_tipoafectacionigv, codigo_sunat) VALUES ('PD00000205', 'B', '', '', 1, 29, '', 'PIÑONES SIMPLES DE 14 DIENTES PASO 3/4" ASA 60', '', NULL, 'DCRUZ', '2018-01-26 12:43:17.91', NULL, NULL, 'A', 1, NULL);
INSERT INTO isos.producto (cod_producto, tipo, cod_prod_proveedor, cod_barras, id_marca, id_subclase, nombre_generico, nombre_comercial, descripcion, src_imagen, usuario_creacion, fecha_creacion, usuario_modificacion, fecha_modificacion, estado, id_tipoafectacionigv, codigo_sunat) VALUES ('PD00000206', 'B', '', '', 1, 29, '', 'PIÑONES SIMPLES DE 15 DIENTES PASO 3/4" ASA 60', '', NULL, 'DCRUZ', '2018-01-26 12:43:17.91', NULL, NULL, 'A', 1, NULL);
INSERT INTO isos.producto (cod_producto, tipo, cod_prod_proveedor, cod_barras, id_marca, id_subclase, nombre_generico, nombre_comercial, descripcion, src_imagen, usuario_creacion, fecha_creacion, usuario_modificacion, fecha_modificacion, estado, id_tipoafectacionigv, codigo_sunat) VALUES ('PD00000207', 'B', '', '', 1, 29, '', 'PIÑONES SIMPLES DE 16 DIENTES PASO 3/4" ASA 60', '', NULL, 'DCRUZ', '2018-01-26 12:43:17.91', NULL, NULL, 'A', 1, NULL);
INSERT INTO isos.producto (cod_producto, tipo, cod_prod_proveedor, cod_barras, id_marca, id_subclase, nombre_generico, nombre_comercial, descripcion, src_imagen, usuario_creacion, fecha_creacion, usuario_modificacion, fecha_modificacion, estado, id_tipoafectacionigv, codigo_sunat) VALUES ('PD00000208', 'B', '', '', 1, 29, '', 'PIÑONES SIMPLES DE 17 DIENTES PASO 3/4" ASA 60', '', NULL, 'DCRUZ', '2018-01-26 12:43:17.91', NULL, NULL, 'A', 1, NULL);
INSERT INTO isos.producto (cod_producto, tipo, cod_prod_proveedor, cod_barras, id_marca, id_subclase, nombre_generico, nombre_comercial, descripcion, src_imagen, usuario_creacion, fecha_creacion, usuario_modificacion, fecha_modificacion, estado, id_tipoafectacionigv, codigo_sunat) VALUES ('PD00000209', 'B', '', '', 1, 29, '', 'PIÑONES SIMPLES DE 18 DIENTES PASO 3/4" ASA 60', '', NULL, 'DCRUZ', '2018-01-26 12:43:17.91', NULL, NULL, 'A', 1, NULL);
INSERT INTO isos.producto (cod_producto, tipo, cod_prod_proveedor, cod_barras, id_marca, id_subclase, nombre_generico, nombre_comercial, descripcion, src_imagen, usuario_creacion, fecha_creacion, usuario_modificacion, fecha_modificacion, estado, id_tipoafectacionigv, codigo_sunat) VALUES ('PD00000210', 'B', '', '', 1, 29, '', 'PIÑONES SIMPLES DE 19 DIENTES PASO 3/4" ASA 60', '', NULL, 'DCRUZ', '2018-01-26 12:43:17.91', NULL, NULL, 'A', 1, NULL);
INSERT INTO isos.producto (cod_producto, tipo, cod_prod_proveedor, cod_barras, id_marca, id_subclase, nombre_generico, nombre_comercial, descripcion, src_imagen, usuario_creacion, fecha_creacion, usuario_modificacion, fecha_modificacion, estado, id_tipoafectacionigv, codigo_sunat) VALUES ('PD00000211', 'B', '', '', 1, 29, '', 'PIÑONES SIMPLES DE 20 DIENTES PASO 3/4" ASA 60', '', NULL, 'DCRUZ', '2018-01-26 12:43:17.91', NULL, NULL, 'A', 1, NULL);
INSERT INTO isos.producto (cod_producto, tipo, cod_prod_proveedor, cod_barras, id_marca, id_subclase, nombre_generico, nombre_comercial, descripcion, src_imagen, usuario_creacion, fecha_creacion, usuario_modificacion, fecha_modificacion, estado, id_tipoafectacionigv, codigo_sunat) VALUES ('PD00000212', 'B', '', '', 1, 29, '', 'PIÑONES SIMPLES DE 23 DIENTES PASO 3/4" ASA 60', '', NULL, 'DCRUZ', '2018-01-26 12:43:17.91', NULL, NULL, 'A', 1, NULL);
INSERT INTO isos.producto (cod_producto, tipo, cod_prod_proveedor, cod_barras, id_marca, id_subclase, nombre_generico, nombre_comercial, descripcion, src_imagen, usuario_creacion, fecha_creacion, usuario_modificacion, fecha_modificacion, estado, id_tipoafectacionigv, codigo_sunat) VALUES ('PD00000213', 'B', '', '', 1, 29, '', 'PIÑONES SIMPLES DE 24 DIENTES PASO 3/4" ASA 60', '', NULL, 'DCRUZ', '2018-01-26 12:43:17.91', NULL, NULL, 'A', 1, NULL);
INSERT INTO isos.producto (cod_producto, tipo, cod_prod_proveedor, cod_barras, id_marca, id_subclase, nombre_generico, nombre_comercial, descripcion, src_imagen, usuario_creacion, fecha_creacion, usuario_modificacion, fecha_modificacion, estado, id_tipoafectacionigv, codigo_sunat) VALUES ('PD00000214', 'B', '', '', 1, 29, '', 'PIÑONES SIMPLES DE 26 DIENTES PASO 3/4" ASA 60', '', NULL, 'DCRUZ', '2018-01-26 12:43:17.91', NULL, NULL, 'A', 1, NULL);
INSERT INTO isos.producto (cod_producto, tipo, cod_prod_proveedor, cod_barras, id_marca, id_subclase, nombre_generico, nombre_comercial, descripcion, src_imagen, usuario_creacion, fecha_creacion, usuario_modificacion, fecha_modificacion, estado, id_tipoafectacionigv, codigo_sunat) VALUES ('PD00000215', 'B', '', '', 1, 29, '', 'PIÑONES SIMPLES DE 28 DIENTES PASO 3/4" ASA 60', '', NULL, 'DCRUZ', '2018-01-26 12:43:17.91', NULL, NULL, 'A', 1, NULL);
INSERT INTO isos.producto (cod_producto, tipo, cod_prod_proveedor, cod_barras, id_marca, id_subclase, nombre_generico, nombre_comercial, descripcion, src_imagen, usuario_creacion, fecha_creacion, usuario_modificacion, fecha_modificacion, estado, id_tipoafectacionigv, codigo_sunat) VALUES ('PD00000216', 'B', '', '', 1, 29, '', 'PIÑONES SIMPLES DE 30 DIENTES PASO 3/4" ASA 60', '', NULL, 'DCRUZ', '2018-01-26 12:43:17.91', NULL, NULL, 'A', 1, NULL);
INSERT INTO isos.producto (cod_producto, tipo, cod_prod_proveedor, cod_barras, id_marca, id_subclase, nombre_generico, nombre_comercial, descripcion, src_imagen, usuario_creacion, fecha_creacion, usuario_modificacion, fecha_modificacion, estado, id_tipoafectacionigv, codigo_sunat) VALUES ('PD00000217', 'B', '', '', 1, 29, '', 'PIÑONES SIMPLES DE 15 DIENTES PASO 1" ASA 80', '', NULL, 'DCRUZ', '2018-01-26 12:43:17.91', NULL, NULL, 'A', 1, NULL);
INSERT INTO isos.producto (cod_producto, tipo, cod_prod_proveedor, cod_barras, id_marca, id_subclase, nombre_generico, nombre_comercial, descripcion, src_imagen, usuario_creacion, fecha_creacion, usuario_modificacion, fecha_modificacion, estado, id_tipoafectacionigv, codigo_sunat) VALUES ('PD00000218', 'B', '', '', 1, 29, '', 'PIÑONES SIMPLES DE 22 DIENTES PASO 1" ASA 80', '', NULL, 'DCRUZ', '2018-01-26 12:43:17.91', NULL, NULL, 'A', 1, NULL);
INSERT INTO isos.producto (cod_producto, tipo, cod_prod_proveedor, cod_barras, id_marca, id_subclase, nombre_generico, nombre_comercial, descripcion, src_imagen, usuario_creacion, fecha_creacion, usuario_modificacion, fecha_modificacion, estado, id_tipoafectacionigv, codigo_sunat) VALUES ('PD00000219', 'B', '', '', 1, 29, '', 'PIÑONES SIMPLES DE 24 DIENTES PASO 1" ASA 80', '', NULL, 'DCRUZ', '2018-01-26 12:43:17.91', NULL, NULL, 'A', 1, NULL);
INSERT INTO isos.producto (cod_producto, tipo, cod_prod_proveedor, cod_barras, id_marca, id_subclase, nombre_generico, nombre_comercial, descripcion, src_imagen, usuario_creacion, fecha_creacion, usuario_modificacion, fecha_modificacion, estado, id_tipoafectacionigv, codigo_sunat) VALUES ('PD00000220', 'B', '', '', 1, 29, '', 'PIÑONES SIMPLES DE 25 DIENTES PASO 1" ASA 80', '', NULL, 'DCRUZ', '2018-01-26 12:43:17.91', NULL, NULL, 'A', 1, NULL);
INSERT INTO isos.producto (cod_producto, tipo, cod_prod_proveedor, cod_barras, id_marca, id_subclase, nombre_generico, nombre_comercial, descripcion, src_imagen, usuario_creacion, fecha_creacion, usuario_modificacion, fecha_modificacion, estado, id_tipoafectacionigv, codigo_sunat) VALUES ('PD00000221', 'B', '', '', 1, 29, '', 'PIÑONES SIMPLES DE 34 DIENTES PASO 1" ASA 80', '', NULL, 'DCRUZ', '2018-01-26 12:43:17.91', NULL, NULL, 'A', 1, NULL);
INSERT INTO isos.producto (cod_producto, tipo, cod_prod_proveedor, cod_barras, id_marca, id_subclase, nombre_generico, nombre_comercial, descripcion, src_imagen, usuario_creacion, fecha_creacion, usuario_modificacion, fecha_modificacion, estado, id_tipoafectacionigv, codigo_sunat) VALUES ('PD00000222', 'B', '', '', 1, 29, '', 'PIÑONES SIMPLES DE 17 DIENTES PASO 1 1/2" ASA 120', '', NULL, 'DCRUZ', '2018-01-26 12:43:17.91', NULL, NULL, 'A', 1, NULL);
INSERT INTO isos.producto (cod_producto, tipo, cod_prod_proveedor, cod_barras, id_marca, id_subclase, nombre_generico, nombre_comercial, descripcion, src_imagen, usuario_creacion, fecha_creacion, usuario_modificacion, fecha_modificacion, estado, id_tipoafectacionigv, codigo_sunat) VALUES ('PD00000223', 'B', '', '', 1, 29, '', 'PIÑONES SIMPLES DE 18 DIENTES PASO 1 1/2" ASA 120', '', NULL, 'DCRUZ', '2018-01-26 12:43:17.91', NULL, NULL, 'A', 1, NULL);
INSERT INTO isos.producto (cod_producto, tipo, cod_prod_proveedor, cod_barras, id_marca, id_subclase, nombre_generico, nombre_comercial, descripcion, src_imagen, usuario_creacion, fecha_creacion, usuario_modificacion, fecha_modificacion, estado, id_tipoafectacionigv, codigo_sunat) VALUES ('PD00000224', 'B', '', '', 1, 29, '', 'PIÑONES SIMPLES DE 20 DIENTES PASO 1 1/2" ASA 120', '', NULL, 'DCRUZ', '2018-01-26 12:43:17.91', NULL, NULL, 'A', 1, NULL);
INSERT INTO isos.producto (cod_producto, tipo, cod_prod_proveedor, cod_barras, id_marca, id_subclase, nombre_generico, nombre_comercial, descripcion, src_imagen, usuario_creacion, fecha_creacion, usuario_modificacion, fecha_modificacion, estado, id_tipoafectacionigv, codigo_sunat) VALUES ('PD00000225', 'B', '', '', 1, 29, '', 'PIÑONES SIMPLES DE 27 DIENTES PASO 1 1/2" ASA 120', '', NULL, 'DCRUZ', '2018-01-26 12:43:17.91', NULL, NULL, 'A', 1, NULL);
INSERT INTO isos.producto (cod_producto, tipo, cod_prod_proveedor, cod_barras, id_marca, id_subclase, nombre_generico, nombre_comercial, descripcion, src_imagen, usuario_creacion, fecha_creacion, usuario_modificacion, fecha_modificacion, estado, id_tipoafectacionigv, codigo_sunat) VALUES ('PD00000226', 'B', '', '', 1, 29, '', 'PIÑONES SIMPLES DE 45 DIENTES PASO 1 1/2" ASA 120', '', NULL, 'DCRUZ', '2018-01-26 12:43:17.91', NULL, NULL, 'A', 1, NULL);
INSERT INTO isos.producto (cod_producto, tipo, cod_prod_proveedor, cod_barras, id_marca, id_subclase, nombre_generico, nombre_comercial, descripcion, src_imagen, usuario_creacion, fecha_creacion, usuario_modificacion, fecha_modificacion, estado, id_tipoafectacionigv, codigo_sunat) VALUES ('PD00000227', 'B', '', '', 1, 29, '', 'PIÑONES SIMPLES DE 20 DIENTES PASO 1 3/4" ASA 140', '', NULL, 'DCRUZ', '2018-01-26 12:43:17.91', NULL, NULL, 'A', 1, NULL);
INSERT INTO isos.producto (cod_producto, tipo, cod_prod_proveedor, cod_barras, id_marca, id_subclase, nombre_generico, nombre_comercial, descripcion, src_imagen, usuario_creacion, fecha_creacion, usuario_modificacion, fecha_modificacion, estado, id_tipoafectacionigv, codigo_sunat) VALUES ('PD00000228', 'B', '', '', 1, 39, '', 'DISCOS DE CORTE 4 1/2" PRESICE CUT', '', NULL, 'DCRUZ', '2018-01-26 12:43:17.91', NULL, NULL, 'A', 1, NULL);
INSERT INTO isos.producto (cod_producto, tipo, cod_prod_proveedor, cod_barras, id_marca, id_subclase, nombre_generico, nombre_comercial, descripcion, src_imagen, usuario_creacion, fecha_creacion, usuario_modificacion, fecha_modificacion, estado, id_tipoafectacionigv, codigo_sunat) VALUES ('PD00000229', 'B', '', '', 1, 39, '', 'DISCO DE CORTE 7"X1.6MM', '', NULL, 'DCRUZ', '2018-01-26 12:43:17.91', NULL, NULL, 'A', 1, NULL);
INSERT INTO isos.producto (cod_producto, tipo, cod_prod_proveedor, cod_barras, id_marca, id_subclase, nombre_generico, nombre_comercial, descripcion, src_imagen, usuario_creacion, fecha_creacion, usuario_modificacion, fecha_modificacion, estado, id_tipoafectacionigv, codigo_sunat) VALUES ('PD00000230', 'B', '', '', 1, 39, '', 'DISCO DE CORTE PARA TRONZADORA 14"', '', NULL, 'DCRUZ', '2018-01-26 12:43:17.91', NULL, NULL, 'A', 1, NULL);
INSERT INTO isos.producto (cod_producto, tipo, cod_prod_proveedor, cod_barras, id_marca, id_subclase, nombre_generico, nombre_comercial, descripcion, src_imagen, usuario_creacion, fecha_creacion, usuario_modificacion, fecha_modificacion, estado, id_tipoafectacionigv, codigo_sunat) VALUES ('PD00000232', 'B', '', '', 1, 40, '', 'DISCO DE DESBASTE DE 7"', '', NULL, 'DCRUZ', '2018-01-26 12:43:17.91', NULL, NULL, 'A', 1, NULL);
INSERT INTO isos.producto (cod_producto, tipo, cod_prod_proveedor, cod_barras, id_marca, id_subclase, nombre_generico, nombre_comercial, descripcion, src_imagen, usuario_creacion, fecha_creacion, usuario_modificacion, fecha_modificacion, estado, id_tipoafectacionigv, codigo_sunat) VALUES ('PD00000233', 'B', '', '', 1, 38, '', 'LIJA FIERRO ASA GRANO 40', '', NULL, 'DCRUZ', '2018-01-26 12:43:17.91', NULL, NULL, 'A', 1, NULL);
INSERT INTO isos.producto (cod_producto, tipo, cod_prod_proveedor, cod_barras, id_marca, id_subclase, nombre_generico, nombre_comercial, descripcion, src_imagen, usuario_creacion, fecha_creacion, usuario_modificacion, fecha_modificacion, estado, id_tipoafectacionigv, codigo_sunat) VALUES ('PD00000234', 'B', '', '', 1, 11, '', 'PLANCHA NEGRA 1"X1200X2400 (25 MM)', '', NULL, 'DCRUZ', '2018-01-26 12:43:17.91', NULL, NULL, 'A', 1, NULL);
INSERT INTO isos.producto (cod_producto, tipo, cod_prod_proveedor, cod_barras, id_marca, id_subclase, nombre_generico, nombre_comercial, descripcion, src_imagen, usuario_creacion, fecha_creacion, usuario_modificacion, fecha_modificacion, estado, id_tipoafectacionigv, codigo_sunat) VALUES ('PD00000235', 'B', '', '', 1, 24, '', 'TUBO NEGRO SCH160 A53-A106-API S/C 4"', '', NULL, 'DCRUZ', '2018-01-26 12:43:17.91', NULL, NULL, 'A', 1, NULL);
INSERT INTO isos.producto (cod_producto, tipo, cod_prod_proveedor, cod_barras, id_marca, id_subclase, nombre_generico, nombre_comercial, descripcion, src_imagen, usuario_creacion, fecha_creacion, usuario_modificacion, fecha_modificacion, estado, id_tipoafectacionigv, codigo_sunat) VALUES ('PD00000236', 'B', '', '', 1, 2, '', 'ANGULO 1/4"X1 1/4"X6M', '', NULL, 'DCRUZ', '2018-01-26 12:43:17.91', NULL, NULL, 'A', 1, NULL);
INSERT INTO isos.producto (cod_producto, tipo, cod_prod_proveedor, cod_barras, id_marca, id_subclase, nombre_generico, nombre_comercial, descripcion, src_imagen, usuario_creacion, fecha_creacion, usuario_modificacion, fecha_modificacion, estado, id_tipoafectacionigv, codigo_sunat) VALUES ('PD00000237', 'B', '', '', 1, 8, '', 'PLANCHA GALVANIZADA 0.85X1200X2400 (1/27)', '', NULL, 'DCRUZ', '2018-01-26 12:43:17.91', NULL, NULL, 'A', 1, NULL);
INSERT INTO isos.producto (cod_producto, tipo, cod_prod_proveedor, cod_barras, id_marca, id_subclase, nombre_generico, nombre_comercial, descripcion, src_imagen, usuario_creacion, fecha_creacion, usuario_modificacion, fecha_modificacion, estado, id_tipoafectacionigv, codigo_sunat) VALUES ('PD00000238', 'B', '', '', 1, 8, '', 'PLANCHA GALVANIZADA 1/24X1200X2400(1MM)', '', NULL, 'DCRUZ', '2018-01-26 12:43:17.91', NULL, NULL, 'A', 1, NULL);
INSERT INTO isos.producto (cod_producto, tipo, cod_prod_proveedor, cod_barras, id_marca, id_subclase, nombre_generico, nombre_comercial, descripcion, src_imagen, usuario_creacion, fecha_creacion, usuario_modificacion, fecha_modificacion, estado, id_tipoafectacionigv, codigo_sunat) VALUES ('PD00000239', 'B', '', '', 1, 3, '', 'PLATINA 1/4"X1/2"X6M', '', NULL, 'DCRUZ', '2018-01-26 12:43:17.91', NULL, NULL, 'A', 1, NULL);
INSERT INTO isos.producto (cod_producto, tipo, cod_prod_proveedor, cod_barras, id_marca, id_subclase, nombre_generico, nombre_comercial, descripcion, src_imagen, usuario_creacion, fecha_creacion, usuario_modificacion, fecha_modificacion, estado, id_tipoafectacionigv, codigo_sunat) VALUES ('PD00000240', 'B', '', '', 1, 8, '', 'PLANCHA GALVANIZADA 0.45X1200X2400', '', NULL, 'DCRUZ', '2018-01-26 12:43:17.91', NULL, NULL, 'A', 1, NULL);
INSERT INTO isos.producto (cod_producto, tipo, cod_prod_proveedor, cod_barras, id_marca, id_subclase, nombre_generico, nombre_comercial, descripcion, src_imagen, usuario_creacion, fecha_creacion, usuario_modificacion, fecha_modificacion, estado, id_tipoafectacionigv, codigo_sunat) VALUES ('PD00000241', 'B', '', '', 1, 8, '', 'PLANCHA GALVANIZADA 0.6X1200X2400', '', NULL, 'DCRUZ', '2018-01-26 12:43:17.91', NULL, NULL, 'A', 1, NULL);
INSERT INTO isos.producto (cod_producto, tipo, cod_prod_proveedor, cod_barras, id_marca, id_subclase, nombre_generico, nombre_comercial, descripcion, src_imagen, usuario_creacion, fecha_creacion, usuario_modificacion, fecha_modificacion, estado, id_tipoafectacionigv, codigo_sunat) VALUES ('PD00000242', 'B', '', '', 1, 27, '', 'TUBO REDONDO LAC 1 1/4"X2.0X6.40M', '', NULL, 'DCRUZ', '2018-01-26 12:43:17.91', NULL, NULL, 'A', 1, NULL);
INSERT INTO isos.producto (cod_producto, tipo, cod_prod_proveedor, cod_barras, id_marca, id_subclase, nombre_generico, nombre_comercial, descripcion, src_imagen, usuario_creacion, fecha_creacion, usuario_modificacion, fecha_modificacion, estado, id_tipoafectacionigv, codigo_sunat) VALUES ('PD00000243', 'B', '', '', 1, 10, '', 'PLANCHA INOXIDABLE C-304 0.40MMX1220X2440 2B (1/64)', '', NULL, 'DCRUZ', '2018-01-26 12:43:17.91', NULL, NULL, 'A', 1, NULL);
INSERT INTO isos.producto (cod_producto, tipo, cod_prod_proveedor, cod_barras, id_marca, id_subclase, nombre_generico, nombre_comercial, descripcion, src_imagen, usuario_creacion, fecha_creacion, usuario_modificacion, fecha_modificacion, estado, id_tipoafectacionigv, codigo_sunat) VALUES ('PD00000244', 'B', '', '', 1, 33, '', 'EJE CALIBRADO 3/4"X 5.8M', '', NULL, 'DCRUZ', '2018-01-26 12:43:17.91', NULL, NULL, 'A', 1, NULL);
INSERT INTO isos.producto (cod_producto, tipo, cod_prod_proveedor, cod_barras, id_marca, id_subclase, nombre_generico, nombre_comercial, descripcion, src_imagen, usuario_creacion, fecha_creacion, usuario_modificacion, fecha_modificacion, estado, id_tipoafectacionigv, codigo_sunat) VALUES ('PD00000245', 'B', '', '', 1, 33, '', 'EJE CALIBRADO 5/8"X5.9M', '', NULL, 'DCRUZ', '2018-01-26 12:43:17.91', NULL, NULL, 'A', 1, NULL);
INSERT INTO isos.producto (cod_producto, tipo, cod_prod_proveedor, cod_barras, id_marca, id_subclase, nombre_generico, nombre_comercial, descripcion, src_imagen, usuario_creacion, fecha_creacion, usuario_modificacion, fecha_modificacion, estado, id_tipoafectacionigv, codigo_sunat) VALUES ('PD00000246', 'B', '', '', 1, 33, '', 'EJE CALIBRADO 2"X6.05M', '', NULL, 'DCRUZ', '2018-01-26 12:43:17.91', NULL, NULL, 'A', 1, NULL);
INSERT INTO isos.producto (cod_producto, tipo, cod_prod_proveedor, cod_barras, id_marca, id_subclase, nombre_generico, nombre_comercial, descripcion, src_imagen, usuario_creacion, fecha_creacion, usuario_modificacion, fecha_modificacion, estado, id_tipoafectacionigv, codigo_sunat) VALUES ('PD00000248', 'B', '', '', 1, 27, '', 'TUBO REDONDO LAC 3/4"X2.0X6M', '', NULL, 'DCRUZ', '2018-01-26 12:43:17.91', NULL, NULL, 'A', 1, NULL);
INSERT INTO isos.producto (cod_producto, tipo, cod_prod_proveedor, cod_barras, id_marca, id_subclase, nombre_generico, nombre_comercial, descripcion, src_imagen, usuario_creacion, fecha_creacion, usuario_modificacion, fecha_modificacion, estado, id_tipoafectacionigv, codigo_sunat) VALUES ('PD00000273', 'B', '', '', 1, 27, '', 'TUBO REDONDO LAC 3/8"X2.0X6.4M', '', NULL, 'DCRUZ', '2018-01-26 12:43:17.91', NULL, NULL, 'A', 1, NULL);
INSERT INTO isos.producto (cod_producto, tipo, cod_prod_proveedor, cod_barras, id_marca, id_subclase, nombre_generico, nombre_comercial, descripcion, src_imagen, usuario_creacion, fecha_creacion, usuario_modificacion, fecha_modificacion, estado, id_tipoafectacionigv, codigo_sunat) VALUES ('PD00000279', 'B', '', '', 1, 26, '', 'TUBO NEGRO RECTANGULAR 70MMX50MMX2.5MMX6M (3"X2")', '', NULL, 'DCRUZ', '2018-01-26 12:43:17.91', NULL, NULL, 'A', 1, NULL);
INSERT INTO isos.producto (cod_producto, tipo, cod_prod_proveedor, cod_barras, id_marca, id_subclase, nombre_generico, nombre_comercial, descripcion, src_imagen, usuario_creacion, fecha_creacion, usuario_modificacion, fecha_modificacion, estado, id_tipoafectacionigv, codigo_sunat) VALUES ('PD00000280', 'B', '', '', 1, 41, '', 'CODOS SOLDABLES NEGRO 1"X90', '', NULL, 'DCRUZ', '2018-01-26 12:43:17.91', NULL, NULL, 'A', 1, NULL);
INSERT INTO isos.producto (cod_producto, tipo, cod_prod_proveedor, cod_barras, id_marca, id_subclase, nombre_generico, nombre_comercial, descripcion, src_imagen, usuario_creacion, fecha_creacion, usuario_modificacion, fecha_modificacion, estado, id_tipoafectacionigv, codigo_sunat) VALUES ('PD00000281', 'B', '', '', 1, 3, '', 'PLATINA 3/8"X1 1/4"X6M', '', NULL, 'DCRUZ', '2018-01-26 12:43:17.91', NULL, NULL, 'A', 1, NULL);
INSERT INTO isos.producto (cod_producto, tipo, cod_prod_proveedor, cod_barras, id_marca, id_subclase, nombre_generico, nombre_comercial, descripcion, src_imagen, usuario_creacion, fecha_creacion, usuario_modificacion, fecha_modificacion, estado, id_tipoafectacionigv, codigo_sunat) VALUES ('PD00000282', 'B', '', '', 1, 27, '', 'TUBO REDONDO LAC 1/2"X2.0X6.0M', '', NULL, 'DCRUZ', '2018-01-26 12:43:17.91', NULL, NULL, 'A', 1, NULL);
INSERT INTO isos.producto (cod_producto, tipo, cod_prod_proveedor, cod_barras, id_marca, id_subclase, nombre_generico, nombre_comercial, descripcion, src_imagen, usuario_creacion, fecha_creacion, usuario_modificacion, fecha_modificacion, estado, id_tipoafectacionigv, codigo_sunat) VALUES ('PD00000283', 'B', '', '', 1, 11, '', 'PLANCHA NEGRA 1/8"X1500X3000 (3.0MM)', '', NULL, 'DCRUZ', '2018-01-26 12:43:17.91', NULL, NULL, 'A', 1, NULL);
INSERT INTO isos.producto (cod_producto, tipo, cod_prod_proveedor, cod_barras, id_marca, id_subclase, nombre_generico, nombre_comercial, descripcion, src_imagen, usuario_creacion, fecha_creacion, usuario_modificacion, fecha_modificacion, estado, id_tipoafectacionigv, codigo_sunat) VALUES ('PD00000284', 'B', '', '', 1, 28, '', 'TUBO GALVANIZADO 1"X3.0X6.40M CON ROSCA', '', NULL, 'DCRUZ', '2018-01-26 12:43:17.91', NULL, NULL, 'A', 1, NULL);
INSERT INTO isos.producto (cod_producto, tipo, cod_prod_proveedor, cod_barras, id_marca, id_subclase, nombre_generico, nombre_comercial, descripcion, src_imagen, usuario_creacion, fecha_creacion, usuario_modificacion, fecha_modificacion, estado, id_tipoafectacionigv, codigo_sunat) VALUES ('PD00000285', 'B', '', '', 1, 11, '', 'PLANCHA NEGRA 1/8"X1500X6000 (3.0MM)', '', NULL, 'DCRUZ', '2018-01-26 12:43:17.91', NULL, NULL, 'A', 1, NULL);
INSERT INTO isos.producto (cod_producto, tipo, cod_prod_proveedor, cod_barras, id_marca, id_subclase, nombre_generico, nombre_comercial, descripcion, src_imagen, usuario_creacion, fecha_creacion, usuario_modificacion, fecha_modificacion, estado, id_tipoafectacionigv, codigo_sunat) VALUES ('PD00000286', 'B', '', '', 1, 7, '', 'CANAL C  150X70X20X3.0MMX6M', '', NULL, 'DCRUZ', '2018-01-26 12:43:17.91', NULL, NULL, 'A', 1, NULL);
INSERT INTO isos.producto (cod_producto, tipo, cod_prod_proveedor, cod_barras, id_marca, id_subclase, nombre_generico, nombre_comercial, descripcion, src_imagen, usuario_creacion, fecha_creacion, usuario_modificacion, fecha_modificacion, estado, id_tipoafectacionigv, codigo_sunat) VALUES ('PD00000287', 'B', '', '', 1, 13, '', 'PLANCHA NEGRA ESTRUCTURAL 1/4"X1500X3000 (6.0MM)', '', NULL, 'DCRUZ', '2018-01-26 12:43:17.91', NULL, NULL, 'A', 1, NULL);
INSERT INTO isos.producto (cod_producto, tipo, cod_prod_proveedor, cod_barras, id_marca, id_subclase, nombre_generico, nombre_comercial, descripcion, src_imagen, usuario_creacion, fecha_creacion, usuario_modificacion, fecha_modificacion, estado, id_tipoafectacionigv, codigo_sunat) VALUES ('PD00000288', 'B', '', '', 1, 25, '', 'TUBO NEGRO CUADRADO 6"X6"X6.0MM (150MMX150MM)', '', NULL, 'DCRUZ', '2018-01-26 12:43:17.91', NULL, NULL, 'A', 1, NULL);
INSERT INTO isos.producto (cod_producto, tipo, cod_prod_proveedor, cod_barras, id_marca, id_subclase, nombre_generico, nombre_comercial, descripcion, src_imagen, usuario_creacion, fecha_creacion, usuario_modificacion, fecha_modificacion, estado, id_tipoafectacionigv, codigo_sunat) VALUES ('PD00000289', 'B', '', '', 1, 11, '', 'PLANCHA NEGRA 1/16"X1200X2400 (1.50MM)', '', NULL, 'DCRUZ', '2018-01-26 12:43:17.91', NULL, NULL, 'A', 1, NULL);
INSERT INTO isos.producto (cod_producto, tipo, cod_prod_proveedor, cod_barras, id_marca, id_subclase, nombre_generico, nombre_comercial, descripcion, src_imagen, usuario_creacion, fecha_creacion, usuario_modificacion, fecha_modificacion, estado, id_tipoafectacionigv, codigo_sunat) VALUES ('PD00000290', 'B', '', '', 1, 42, '', 'GARRUCHAS PARA RIEL STANLEY 2"X4 RUEDAS', '', NULL, 'DCRUZ', '2018-01-26 12:43:17.91', NULL, NULL, 'A', 1, NULL);
INSERT INTO isos.producto (cod_producto, tipo, cod_prod_proveedor, cod_barras, id_marca, id_subclase, nombre_generico, nombre_comercial, descripcion, src_imagen, usuario_creacion, fecha_creacion, usuario_modificacion, fecha_modificacion, estado, id_tipoafectacionigv, codigo_sunat) VALUES ('PD00000291', 'B', '', '', 1, 42, '', 'SUPER RIEL X2.0', '', NULL, 'DCRUZ', '2018-01-26 12:43:17.91', NULL, NULL, 'A', 1, NULL);
INSERT INTO isos.producto (cod_producto, tipo, cod_prod_proveedor, cod_barras, id_marca, id_subclase, nombre_generico, nombre_comercial, descripcion, src_imagen, usuario_creacion, fecha_creacion, usuario_modificacion, fecha_modificacion, estado, id_tipoafectacionigv, codigo_sunat) VALUES ('PD00000292', 'B', '', '', 1, 28, '', 'TUBO GALVANIZADO 3/4"X2.0X6M(26MM)', '', NULL, 'DCRUZ', '2018-01-26 12:43:17.91', NULL, NULL, 'A', 1, NULL);
INSERT INTO isos.producto (cod_producto, tipo, cod_prod_proveedor, cod_barras, id_marca, id_subclase, nombre_generico, nombre_comercial, descripcion, src_imagen, usuario_creacion, fecha_creacion, usuario_modificacion, fecha_modificacion, estado, id_tipoafectacionigv, codigo_sunat) VALUES ('PD00000293', 'B', '', '', 1, 17, '', 'BARRA ROSCADA 3/4"X1M', '', NULL, 'DCRUZ', '2018-01-26 12:43:17.91', NULL, NULL, 'A', 1, NULL);
INSERT INTO isos.producto (cod_producto, tipo, cod_prod_proveedor, cod_barras, id_marca, id_subclase, nombre_generico, nombre_comercial, descripcion, src_imagen, usuario_creacion, fecha_creacion, usuario_modificacion, fecha_modificacion, estado, id_tipoafectacionigv, codigo_sunat) VALUES ('PD00000294', 'B', '', '', 1, 3, '', 'PLATINA 3/16"X2 1/2"X6M', '', NULL, 'DCRUZ', '2018-01-26 12:43:17.91', NULL, NULL, 'A', 1, NULL);
INSERT INTO isos.producto (cod_producto, tipo, cod_prod_proveedor, cod_barras, id_marca, id_subclase, nombre_generico, nombre_comercial, descripcion, src_imagen, usuario_creacion, fecha_creacion, usuario_modificacion, fecha_modificacion, estado, id_tipoafectacionigv, codigo_sunat) VALUES ('PD00000295', 'B', '', '', 1, 3, '', 'PLATINA 1/2"X4"X6M', '', NULL, 'DCRUZ', '2018-01-26 12:43:17.91', NULL, NULL, 'A', 1, NULL);
INSERT INTO isos.producto (cod_producto, tipo, cod_prod_proveedor, cod_barras, id_marca, id_subclase, nombre_generico, nombre_comercial, descripcion, src_imagen, usuario_creacion, fecha_creacion, usuario_modificacion, fecha_modificacion, estado, id_tipoafectacionigv, codigo_sunat) VALUES ('PD00000296', 'B', '', '', 1, 2, '', 'ANGULO 1"X2.0MMX6M (25X25X2.0MMX6M)', '', NULL, 'DCRUZ', '2018-01-26 12:43:17.91', NULL, NULL, 'A', 1, NULL);
INSERT INTO isos.producto (cod_producto, tipo, cod_prod_proveedor, cod_barras, id_marca, id_subclase, nombre_generico, nombre_comercial, descripcion, src_imagen, usuario_creacion, fecha_creacion, usuario_modificacion, fecha_modificacion, estado, id_tipoafectacionigv, codigo_sunat) VALUES ('PD00000370', 'B', '', '', 1, 11, '', 'PLANCHA NEGRA 1/32X1200X2400(0.80MM)', '', NULL, 'DCRUZ', '2018-01-26 12:43:17.91', NULL, NULL, 'A', 1, NULL);
INSERT INTO isos.producto (cod_producto, tipo, cod_prod_proveedor, cod_barras, id_marca, id_subclase, nombre_generico, nombre_comercial, descripcion, src_imagen, usuario_creacion, fecha_creacion, usuario_modificacion, fecha_modificacion, estado, id_tipoafectacionigv, codigo_sunat) VALUES ('PD00000371', 'B', '', '', 1, 29, '', 'PIÑONES SIMPLES DE 45 DIENTES PASO 5/8" ASA 50 ', '', NULL, 'DCRUZ', '2018-01-26 12:43:17.91', NULL, NULL, 'A', 1, NULL);
INSERT INTO isos.producto (cod_producto, tipo, cod_prod_proveedor, cod_barras, id_marca, id_subclase, nombre_generico, nombre_comercial, descripcion, src_imagen, usuario_creacion, fecha_creacion, usuario_modificacion, fecha_modificacion, estado, id_tipoafectacionigv, codigo_sunat) VALUES ('PD00000364', 'B', '', '', 1, 31, '', 'CADENA ASA 60-1 HECORAD', '', NULL, 'DCRUZ', '2018-01-26 12:43:17.91', NULL, NULL, 'A', 1, NULL);
INSERT INTO isos.producto (cod_producto, tipo, cod_prod_proveedor, cod_barras, id_marca, id_subclase, nombre_generico, nombre_comercial, descripcion, src_imagen, usuario_creacion, fecha_creacion, usuario_modificacion, fecha_modificacion, estado, id_tipoafectacionigv, codigo_sunat) VALUES ('PD00000391', 'B', '', '', 1, 25, '', 'TUBO NEGRO CUADRADO GALVANIZADO 25MMX25MMX1.5MM (1")', '', NULL, 'DCRUZ', '2018-01-26 12:43:17.91', NULL, NULL, 'A', 1, NULL);
INSERT INTO isos.producto (cod_producto, tipo, cod_prod_proveedor, cod_barras, id_marca, id_subclase, nombre_generico, nombre_comercial, descripcion, src_imagen, usuario_creacion, fecha_creacion, usuario_modificacion, fecha_modificacion, estado, id_tipoafectacionigv, codigo_sunat) VALUES ('PD00000390', 'B', '', '', 1, 10, '', 'PLANCHA INOXIDABLE C-304 2.5MMX1220X2440 2B', '', NULL, 'DCRUZ', '2018-01-26 12:43:17.91', NULL, NULL, 'A', 1, NULL);
INSERT INTO isos.producto (cod_producto, tipo, cod_prod_proveedor, cod_barras, id_marca, id_subclase, nombre_generico, nombre_comercial, descripcion, src_imagen, usuario_creacion, fecha_creacion, usuario_modificacion, fecha_modificacion, estado, id_tipoafectacionigv, codigo_sunat) VALUES ('PD00000394', 'B', '', '', 1, 29, '', 'PIÑONES SIMPLES DE 48 DIENTES PASO 3/4" ASA 60', '', NULL, 'DCRUZ', '2018-01-26 12:43:17.91', NULL, NULL, 'A', 1, NULL);
INSERT INTO isos.producto (cod_producto, tipo, cod_prod_proveedor, cod_barras, id_marca, id_subclase, nombre_generico, nombre_comercial, descripcion, src_imagen, usuario_creacion, fecha_creacion, usuario_modificacion, fecha_modificacion, estado, id_tipoafectacionigv, codigo_sunat) VALUES ('PD00000389', 'B', '', '', 1, 36, '', 'REDONDO LISO SAE 1020 4” (100MM) X5.95MT', '', NULL, 'DCRUZ', '2018-01-26 12:43:17.91', NULL, NULL, 'A', 1, NULL);
INSERT INTO isos.producto (cod_producto, tipo, cod_prod_proveedor, cod_barras, id_marca, id_subclase, nombre_generico, nombre_comercial, descripcion, src_imagen, usuario_creacion, fecha_creacion, usuario_modificacion, fecha_modificacion, estado, id_tipoafectacionigv, codigo_sunat) VALUES ('PD00000388', 'B', '', '', 1, 36, '', 'REDONDO LISO SAE 1020 3” (75MM) X 6MT', '', NULL, 'DCRUZ', '2018-01-26 12:43:17.91', NULL, NULL, 'A', 1, NULL);
INSERT INTO isos.producto (cod_producto, tipo, cod_prod_proveedor, cod_barras, id_marca, id_subclase, nombre_generico, nombre_comercial, descripcion, src_imagen, usuario_creacion, fecha_creacion, usuario_modificacion, fecha_modificacion, estado, id_tipoafectacionigv, codigo_sunat) VALUES ('PD00000365', 'B', '', '', 1, 31, '', 'CANDADO ASA 60-1 WROL', '', NULL, 'DCRUZ', '2018-01-26 12:43:17.91', NULL, NULL, 'A', 1, NULL);
INSERT INTO isos.producto (cod_producto, tipo, cod_prod_proveedor, cod_barras, id_marca, id_subclase, nombre_generico, nombre_comercial, descripcion, src_imagen, usuario_creacion, fecha_creacion, usuario_modificacion, fecha_modificacion, estado, id_tipoafectacionigv, codigo_sunat) VALUES ('PD00000366', 'B', '', '', 1, 18, '', 'REDONDO LISO 1 1/8X6MT', '', NULL, 'DCRUZ', '2018-01-26 12:43:17.91', NULL, NULL, 'A', 1, NULL);
INSERT INTO isos.producto (cod_producto, tipo, cod_prod_proveedor, cod_barras, id_marca, id_subclase, nombre_generico, nombre_comercial, descripcion, src_imagen, usuario_creacion, fecha_creacion, usuario_modificacion, fecha_modificacion, estado, id_tipoafectacionigv, codigo_sunat) VALUES ('PD00000367', 'B', '', '', 1, 27, '', 'TUBO REDONDO LAC 3/4"X1.5X6M', '', NULL, 'DCRUZ', '2018-01-26 12:43:17.91', NULL, NULL, 'A', 1, NULL);
INSERT INTO isos.producto (cod_producto, tipo, cod_prod_proveedor, cod_barras, id_marca, id_subclase, nombre_generico, nombre_comercial, descripcion, src_imagen, usuario_creacion, fecha_creacion, usuario_modificacion, fecha_modificacion, estado, id_tipoafectacionigv, codigo_sunat) VALUES ('PD00000368', 'B', '', '', 1, 26, '', 'TUBO NEGRO RECTANGULAR 100MMX50MMX1.8MM(4"X2")', '', NULL, 'DCRUZ', '2018-01-26 12:43:17.91', NULL, NULL, 'A', 1, NULL);
INSERT INTO isos.producto (cod_producto, tipo, cod_prod_proveedor, cod_barras, id_marca, id_subclase, nombre_generico, nombre_comercial, descripcion, src_imagen, usuario_creacion, fecha_creacion, usuario_modificacion, fecha_modificacion, estado, id_tipoafectacionigv, codigo_sunat) VALUES ('PD00000372', 'B', '', '', 1, 29, '', 'PIÑONES SIMPLES DE 40 DIENTES PASO 5/8" ASA 50', '', NULL, 'DCRUZ', '2018-01-26 12:43:17.91', NULL, NULL, 'A', 1, NULL);
INSERT INTO isos.producto (cod_producto, tipo, cod_prod_proveedor, cod_barras, id_marca, id_subclase, nombre_generico, nombre_comercial, descripcion, src_imagen, usuario_creacion, fecha_creacion, usuario_modificacion, fecha_modificacion, estado, id_tipoafectacionigv, codigo_sunat) VALUES ('PD00000373', 'B', '', '', 1, 30, '', 'PIÑONES DOBLES  DE 16 DIENTES PASO 1" ASA 80', '', NULL, 'DCRUZ', '2018-01-26 12:43:17.91', NULL, NULL, 'A', 1, NULL);
INSERT INTO isos.producto (cod_producto, tipo, cod_prod_proveedor, cod_barras, id_marca, id_subclase, nombre_generico, nombre_comercial, descripcion, src_imagen, usuario_creacion, fecha_creacion, usuario_modificacion, fecha_modificacion, estado, id_tipoafectacionigv, codigo_sunat) VALUES ('PD00000374', 'B', '', '', 1, 29, '', 'PIÑONES SIMPLES DE 47 DIENTES PASO 1" ASA 80', '', NULL, 'DCRUZ', '2018-01-26 12:43:17.91', NULL, NULL, 'A', 1, NULL);
INSERT INTO isos.producto (cod_producto, tipo, cod_prod_proveedor, cod_barras, id_marca, id_subclase, nombre_generico, nombre_comercial, descripcion, src_imagen, usuario_creacion, fecha_creacion, usuario_modificacion, fecha_modificacion, estado, id_tipoafectacionigv, codigo_sunat) VALUES ('PD00000375', 'B', '', '', 1, 29, '', 'PIÑONES SIMPLE DE 17 DIENTES PASO 1" ASA 80', '', NULL, 'DCRUZ', '2018-01-26 12:43:17.91', NULL, NULL, 'A', 1, NULL);
INSERT INTO isos.producto (cod_producto, tipo, cod_prod_proveedor, cod_barras, id_marca, id_subclase, nombre_generico, nombre_comercial, descripcion, src_imagen, usuario_creacion, fecha_creacion, usuario_modificacion, fecha_modificacion, estado, id_tipoafectacionigv, codigo_sunat) VALUES ('PD00000376', 'B', '', '', 1, 29, '', 'PIÑONES SIMPLE DE 16 DIENTES PASO 1" ASA 80', '', NULL, 'DCRUZ', '2018-01-26 12:43:17.91', NULL, NULL, 'A', 1, NULL);
INSERT INTO isos.producto (cod_producto, tipo, cod_prod_proveedor, cod_barras, id_marca, id_subclase, nombre_generico, nombre_comercial, descripcion, src_imagen, usuario_creacion, fecha_creacion, usuario_modificacion, fecha_modificacion, estado, id_tipoafectacionigv, codigo_sunat) VALUES ('PD00000377', 'B', '', '', 1, 27, '', 'TUBO REDONDO LAC 1 1/2"X2.5X6.40M', '', NULL, 'DCRUZ', '2018-01-26 12:43:17.91', NULL, NULL, 'A', 1, NULL);
INSERT INTO isos.producto (cod_producto, tipo, cod_prod_proveedor, cod_barras, id_marca, id_subclase, nombre_generico, nombre_comercial, descripcion, src_imagen, usuario_creacion, fecha_creacion, usuario_modificacion, fecha_modificacion, estado, id_tipoafectacionigv, codigo_sunat) VALUES ('PD00000378', 'B', '', '', 1, 41, '', 'CODOS SOLDABLES NEGRO 1 1/4"X90', '', NULL, 'DCRUZ', '2018-01-26 12:43:17.91', NULL, NULL, 'A', 1, NULL);
INSERT INTO isos.producto (cod_producto, tipo, cod_prod_proveedor, cod_barras, id_marca, id_subclase, nombre_generico, nombre_comercial, descripcion, src_imagen, usuario_creacion, fecha_creacion, usuario_modificacion, fecha_modificacion, estado, id_tipoafectacionigv, codigo_sunat) VALUES ('PD00000379', 'B', '', '', 1, 27, '', 'TUBO REDONDO LAC 1 1/4"X2.0X6M', '', NULL, 'DCRUZ', '2018-01-26 12:43:17.91', NULL, NULL, 'A', 1, NULL);
INSERT INTO isos.producto (cod_producto, tipo, cod_prod_proveedor, cod_barras, id_marca, id_subclase, nombre_generico, nombre_comercial, descripcion, src_imagen, usuario_creacion, fecha_creacion, usuario_modificacion, fecha_modificacion, estado, id_tipoafectacionigv, codigo_sunat) VALUES ('PD00000380', 'B', '', '', 1, 23, '', 'TUBO NEGRO SCH80 A53-A106-API S/C 1"', '', NULL, 'DCRUZ', '2018-01-26 12:43:17.91', NULL, NULL, 'A', 1, NULL);
INSERT INTO isos.producto (cod_producto, tipo, cod_prod_proveedor, cod_barras, id_marca, id_subclase, nombre_generico, nombre_comercial, descripcion, src_imagen, usuario_creacion, fecha_creacion, usuario_modificacion, fecha_modificacion, estado, id_tipoafectacionigv, codigo_sunat) VALUES ('PD00000381', 'B', '', '', 1, 11, '', 'PLANCHA NEGRA 1/4"X1500X3000 (5.9MM)', '', NULL, 'DCRUZ', '2018-01-26 12:43:17.91', NULL, NULL, 'A', 1, NULL);
INSERT INTO isos.producto (cod_producto, tipo, cod_prod_proveedor, cod_barras, id_marca, id_subclase, nombre_generico, nombre_comercial, descripcion, src_imagen, usuario_creacion, fecha_creacion, usuario_modificacion, fecha_modificacion, estado, id_tipoafectacionigv, codigo_sunat) VALUES ('PD00000382', 'B', '', '', 1, 18, '', 'REDONDO LISO A -36 1 1/8"X6M', '', NULL, 'DCRUZ', '2018-01-26 12:43:17.91', NULL, NULL, 'A', 1, NULL);
INSERT INTO isos.producto (cod_producto, tipo, cod_prod_proveedor, cod_barras, id_marca, id_subclase, nombre_generico, nombre_comercial, descripcion, src_imagen, usuario_creacion, fecha_creacion, usuario_modificacion, fecha_modificacion, estado, id_tipoafectacionigv, codigo_sunat) VALUES ('PD00000383', 'B', '', '', 1, 18, '', 'REDONDO LISO A -36 1 1/4"X6M', '', NULL, 'DCRUZ', '2018-01-26 12:43:17.91', NULL, NULL, 'A', 1, NULL);
INSERT INTO isos.producto (cod_producto, tipo, cod_prod_proveedor, cod_barras, id_marca, id_subclase, nombre_generico, nombre_comercial, descripcion, src_imagen, usuario_creacion, fecha_creacion, usuario_modificacion, fecha_modificacion, estado, id_tipoafectacionigv, codigo_sunat) VALUES ('PD00000384', 'B', '', '', 1, 18, '', 'REDONDO LISO A -36 1 1/2"X6M', '', NULL, 'DCRUZ', '2018-01-26 12:43:17.91', NULL, NULL, 'A', 1, NULL);
INSERT INTO isos.producto (cod_producto, tipo, cod_prod_proveedor, cod_barras, id_marca, id_subclase, nombre_generico, nombre_comercial, descripcion, src_imagen, usuario_creacion, fecha_creacion, usuario_modificacion, fecha_modificacion, estado, id_tipoafectacionigv, codigo_sunat) VALUES ('PD00000385', 'B', '', '', 1, 18, '', 'REDONDO LISO A -36 2 1/2"X6M', '', NULL, 'DCRUZ', '2018-01-26 12:43:17.91', NULL, NULL, 'A', 1, NULL);
INSERT INTO isos.producto (cod_producto, tipo, cod_prod_proveedor, cod_barras, id_marca, id_subclase, nombre_generico, nombre_comercial, descripcion, src_imagen, usuario_creacion, fecha_creacion, usuario_modificacion, fecha_modificacion, estado, id_tipoafectacionigv, codigo_sunat) VALUES ('PD00000386', 'B', '', '', 1, 19, '', 'REDONDO LISO SAE 1045 3 1/4” (80MM) X6MT', '', NULL, 'DCRUZ', '2018-01-26 12:43:17.91', NULL, NULL, 'A', 1, NULL);
INSERT INTO isos.producto (cod_producto, tipo, cod_prod_proveedor, cod_barras, id_marca, id_subclase, nombre_generico, nombre_comercial, descripcion, src_imagen, usuario_creacion, fecha_creacion, usuario_modificacion, fecha_modificacion, estado, id_tipoafectacionigv, codigo_sunat) VALUES ('PD00000387', 'B', '', '', 1, 19, '', 'REDONDO LISO SAE 1045 3 1/2” (90MM) X5.95MT', '', NULL, 'DCRUZ', '2018-01-26 12:43:17.91', NULL, NULL, 'A', 1, NULL);
INSERT INTO isos.producto (cod_producto, tipo, cod_prod_proveedor, cod_barras, id_marca, id_subclase, nombre_generico, nombre_comercial, descripcion, src_imagen, usuario_creacion, fecha_creacion, usuario_modificacion, fecha_modificacion, estado, id_tipoafectacionigv, codigo_sunat) VALUES ('PD00000261', 'B', '', '', 2, 54, '', 'PLACAS DOBLES', '', NULL, 'DCRUZ', '2018-04-18 16:17:28.636', NULL, NULL, 'A', 1, NULL);
INSERT INTO isos.producto (cod_producto, tipo, cod_prod_proveedor, cod_barras, id_marca, id_subclase, nombre_generico, nombre_comercial, descripcion, src_imagen, usuario_creacion, fecha_creacion, usuario_modificacion, fecha_modificacion, estado, id_tipoafectacionigv, codigo_sunat) VALUES ('PD00000297', 'B', '', '', 1, 2, '', 'ANGULO 1/8"X1"X6M (25X25X2.5MMX6M)', '', NULL, 'DCRUZ', '2018-01-26 12:43:17.91', NULL, NULL, 'A', 1, NULL);
INSERT INTO isos.producto (cod_producto, tipo, cod_prod_proveedor, cod_barras, id_marca, id_subclase, nombre_generico, nombre_comercial, descripcion, src_imagen, usuario_creacion, fecha_creacion, usuario_modificacion, fecha_modificacion, estado, id_tipoafectacionigv, codigo_sunat) VALUES ('PD00000298', 'B', '', '', 1, 18, '', 'REDONDO LISO 1/2"X6MT', '', NULL, 'DCRUZ', '2018-01-26 12:43:17.91', NULL, NULL, 'A', 1, NULL);
INSERT INTO isos.producto (cod_producto, tipo, cod_prod_proveedor, cod_barras, id_marca, id_subclase, nombre_generico, nombre_comercial, descripcion, src_imagen, usuario_creacion, fecha_creacion, usuario_modificacion, fecha_modificacion, estado, id_tipoafectacionigv, codigo_sunat) VALUES ('PD00000299', 'B', '', '', 1, 29, '', 'PIÑONES SIMPLES DE 20 DIENTES PASO 1" ASA 80', '', NULL, 'DCRUZ', '2018-01-26 12:43:17.91', NULL, NULL, 'A', 1, NULL);
INSERT INTO isos.producto (cod_producto, tipo, cod_prod_proveedor, cod_barras, id_marca, id_subclase, nombre_generico, nombre_comercial, descripcion, src_imagen, usuario_creacion, fecha_creacion, usuario_modificacion, fecha_modificacion, estado, id_tipoafectacionigv, codigo_sunat) VALUES ('PD00000300', 'B', '', '', 1, 3, '', 'PLATINA 3/4"X1 1/4"X6M', '', NULL, 'DCRUZ', '2018-01-26 12:43:17.91', NULL, NULL, 'A', 1, NULL);
INSERT INTO isos.producto (cod_producto, tipo, cod_prod_proveedor, cod_barras, id_marca, id_subclase, nombre_generico, nombre_comercial, descripcion, src_imagen, usuario_creacion, fecha_creacion, usuario_modificacion, fecha_modificacion, estado, id_tipoafectacionigv, codigo_sunat) VALUES ('PD00000301', 'B', '', '', 1, 27, '', 'TUBO REDONDO LAC 3"X3.0X6.4M', '', NULL, 'DCRUZ', '2018-01-26 12:43:17.91', NULL, NULL, 'A', 1, NULL);
INSERT INTO isos.producto (cod_producto, tipo, cod_prod_proveedor, cod_barras, id_marca, id_subclase, nombre_generico, nombre_comercial, descripcion, src_imagen, usuario_creacion, fecha_creacion, usuario_modificacion, fecha_modificacion, estado, id_tipoafectacionigv, codigo_sunat) VALUES ('PD00000302', 'B', '', '', 1, 23, '', 'TUBO SCH80 SC/A53/106/API 5"', '', NULL, 'DCRUZ', '2018-01-26 12:43:17.91', NULL, NULL, 'A', 1, NULL);
INSERT INTO isos.producto (cod_producto, tipo, cod_prod_proveedor, cod_barras, id_marca, id_subclase, nombre_generico, nombre_comercial, descripcion, src_imagen, usuario_creacion, fecha_creacion, usuario_modificacion, fecha_modificacion, estado, id_tipoafectacionigv, codigo_sunat) VALUES ('PD00000303', 'B', '', '', 1, 6, '', 'CANAL U A-36 U 12" X 30.0 LBS/PIEX6MT', '', NULL, 'DCRUZ', '2018-01-26 12:43:17.91', NULL, NULL, 'A', 1, NULL);
INSERT INTO isos.producto (cod_producto, tipo, cod_prod_proveedor, cod_barras, id_marca, id_subclase, nombre_generico, nombre_comercial, descripcion, src_imagen, usuario_creacion, fecha_creacion, usuario_modificacion, fecha_modificacion, estado, id_tipoafectacionigv, codigo_sunat) VALUES ('PD00000304', 'B', '', '', 1, 15, '', 'BARRA CUADRADA 1 1/4”X6MT( 30MMX20`)', '', NULL, 'DCRUZ', '2018-01-26 12:43:17.91', NULL, NULL, 'A', 1, NULL);
INSERT INTO isos.producto (cod_producto, tipo, cod_prod_proveedor, cod_barras, id_marca, id_subclase, nombre_generico, nombre_comercial, descripcion, src_imagen, usuario_creacion, fecha_creacion, usuario_modificacion, fecha_modificacion, estado, id_tipoafectacionigv, codigo_sunat) VALUES ('PD00000305', 'B', '', '', 1, 8, '', 'PLANCHA GALVANIZADA 1/32X1200X2400 (0.75MM)', '', NULL, 'DCRUZ', '2018-01-26 12:43:17.91', NULL, NULL, 'A', 1, NULL);
INSERT INTO isos.producto (cod_producto, tipo, cod_prod_proveedor, cod_barras, id_marca, id_subclase, nombre_generico, nombre_comercial, descripcion, src_imagen, usuario_creacion, fecha_creacion, usuario_modificacion, fecha_modificacion, estado, id_tipoafectacionigv, codigo_sunat) VALUES ('PD00000306', 'B', '', '', 1, 25, '', 'TUBO NEGRO CUADRADO 2"X2"X3.0MM', '', NULL, 'DCRUZ', '2018-01-26 12:43:17.91', NULL, NULL, 'A', 1, NULL);
INSERT INTO isos.producto (cod_producto, tipo, cod_prod_proveedor, cod_barras, id_marca, id_subclase, nombre_generico, nombre_comercial, descripcion, src_imagen, usuario_creacion, fecha_creacion, usuario_modificacion, fecha_modificacion, estado, id_tipoafectacionigv, codigo_sunat) VALUES ('PD00000307', 'B', '', '', 1, 18, '', 'REDONDO LISO 2”X6MT', '', NULL, 'DCRUZ', '2018-01-26 12:43:17.91', NULL, NULL, 'A', 1, NULL);
INSERT INTO isos.producto (cod_producto, tipo, cod_prod_proveedor, cod_barras, id_marca, id_subclase, nombre_generico, nombre_comercial, descripcion, src_imagen, usuario_creacion, fecha_creacion, usuario_modificacion, fecha_modificacion, estado, id_tipoafectacionigv, codigo_sunat) VALUES ('PD00000308', 'B', '', '', 1, 28, '', 'TUBO GALVANIZADO REDONDO 1"X2.0X6.0MT', '', NULL, 'DCRUZ', '2018-01-26 12:43:17.91', NULL, NULL, 'A', 1, NULL);
INSERT INTO isos.producto (cod_producto, tipo, cod_prod_proveedor, cod_barras, id_marca, id_subclase, nombre_generico, nombre_comercial, descripcion, src_imagen, usuario_creacion, fecha_creacion, usuario_modificacion, fecha_modificacion, estado, id_tipoafectacionigv, codigo_sunat) VALUES ('PD00000309', 'B', '', '', 1, 28, '', 'TUBO GALVANIZADO REDONDO 1 1/2"X2.0X6.0MT', '', NULL, 'DCRUZ', '2018-01-26 12:43:17.91', NULL, NULL, 'A', 1, NULL);
INSERT INTO isos.producto (cod_producto, tipo, cod_prod_proveedor, cod_barras, id_marca, id_subclase, nombre_generico, nombre_comercial, descripcion, src_imagen, usuario_creacion, fecha_creacion, usuario_modificacion, fecha_modificacion, estado, id_tipoafectacionigv, codigo_sunat) VALUES ('PD00000310', 'B', '', '', 1, 3, '', 'PLATINA 3/16X1/2 X6MT', '', NULL, 'DCRUZ', '2018-01-26 12:43:17.91', NULL, NULL, 'A', 1, NULL);
INSERT INTO isos.producto (cod_producto, tipo, cod_prod_proveedor, cod_barras, id_marca, id_subclase, nombre_generico, nombre_comercial, descripcion, src_imagen, usuario_creacion, fecha_creacion, usuario_modificacion, fecha_modificacion, estado, id_tipoafectacionigv, codigo_sunat) VALUES ('PD00000311', 'B', '', '', 1, 11, '', 'PLANCHA NEGRA 1/32X1200X2400(0.85MM)', '', NULL, 'DCRUZ', '2018-01-26 12:43:17.91', NULL, NULL, 'A', 1, NULL);
INSERT INTO isos.producto (cod_producto, tipo, cod_prod_proveedor, cod_barras, id_marca, id_subclase, nombre_generico, nombre_comercial, descripcion, src_imagen, usuario_creacion, fecha_creacion, usuario_modificacion, fecha_modificacion, estado, id_tipoafectacionigv, codigo_sunat) VALUES ('PD00000312', 'B', '', '', 1, 28, '', 'TUBO GALVANIZADO REDONDO 1 1/4"X2.0X6.0MT', '', NULL, 'DCRUZ', '2018-01-26 12:43:17.91', NULL, NULL, 'A', 1, NULL);
INSERT INTO isos.producto (cod_producto, tipo, cod_prod_proveedor, cod_barras, id_marca, id_subclase, nombre_generico, nombre_comercial, descripcion, src_imagen, usuario_creacion, fecha_creacion, usuario_modificacion, fecha_modificacion, estado, id_tipoafectacionigv, codigo_sunat) VALUES ('PD00000313', 'B', '', '', 1, 18, '', 'REDONDO LISO 1 1/4"X6M', '', NULL, 'DCRUZ', '2018-01-26 12:43:17.91', NULL, NULL, 'A', 1, NULL);
INSERT INTO isos.producto (cod_producto, tipo, cod_prod_proveedor, cod_barras, id_marca, id_subclase, nombre_generico, nombre_comercial, descripcion, src_imagen, usuario_creacion, fecha_creacion, usuario_modificacion, fecha_modificacion, estado, id_tipoafectacionigv, codigo_sunat) VALUES ('PD00000314', 'B', '', '', 1, 18, '', 'REDONDO LISO 1 1/2"X6M', '', NULL, 'DCRUZ', '2018-01-26 12:43:17.91', NULL, NULL, 'A', 1, NULL);
INSERT INTO isos.producto (cod_producto, tipo, cod_prod_proveedor, cod_barras, id_marca, id_subclase, nombre_generico, nombre_comercial, descripcion, src_imagen, usuario_creacion, fecha_creacion, usuario_modificacion, fecha_modificacion, estado, id_tipoafectacionigv, codigo_sunat) VALUES ('PD00000315', 'B', '', '', 1, 4, '', 'TEE 1/8 X 1 1/2X6MT', '', NULL, 'DCRUZ', '2018-01-26 12:43:17.91', NULL, NULL, 'A', 1, NULL);
INSERT INTO isos.producto (cod_producto, tipo, cod_prod_proveedor, cod_barras, id_marca, id_subclase, nombre_generico, nombre_comercial, descripcion, src_imagen, usuario_creacion, fecha_creacion, usuario_modificacion, fecha_modificacion, estado, id_tipoafectacionigv, codigo_sunat) VALUES ('PD00000316', 'B', '', '', 1, 30, '', 'PIÑONES DOBLES  DE 15 DIENTES PASO 1" ASA 80', '', NULL, 'DCRUZ', '2018-01-26 12:43:17.91', NULL, NULL, 'A', 1, NULL);
INSERT INTO isos.producto (cod_producto, tipo, cod_prod_proveedor, cod_barras, id_marca, id_subclase, nombre_generico, nombre_comercial, descripcion, src_imagen, usuario_creacion, fecha_creacion, usuario_modificacion, fecha_modificacion, estado, id_tipoafectacionigv, codigo_sunat) VALUES ('PD00000317', 'B', '', '', 1, 30, '', 'PIÑONES DOBLES  DE 20 DIENTES PASO 1" ASA 80', '', NULL, 'DCRUZ', '2018-01-26 12:43:17.91', NULL, NULL, 'A', 1, NULL);
INSERT INTO isos.producto (cod_producto, tipo, cod_prod_proveedor, cod_barras, id_marca, id_subclase, nombre_generico, nombre_comercial, descripcion, src_imagen, usuario_creacion, fecha_creacion, usuario_modificacion, fecha_modificacion, estado, id_tipoafectacionigv, codigo_sunat) VALUES ('PD00000318', 'B', '', '', 1, 27, '', 'TUBO REDONDO LAC 1"X2.0X6.40MT CON ROSCA', '', NULL, 'DCRUZ', '2018-01-26 12:43:17.91', NULL, NULL, 'A', 1, NULL);
INSERT INTO isos.producto (cod_producto, tipo, cod_prod_proveedor, cod_barras, id_marca, id_subclase, nombre_generico, nombre_comercial, descripcion, src_imagen, usuario_creacion, fecha_creacion, usuario_modificacion, fecha_modificacion, estado, id_tipoafectacionigv, codigo_sunat) VALUES ('PD00000319', 'B', '', '', 1, 16, '', 'BARRA INOXIDABLE C-304 6.35MMX 6 MT (1/4)', '', NULL, 'DCRUZ', '2018-01-26 12:43:17.91', NULL, NULL, 'A', 1, NULL);
INSERT INTO isos.producto (cod_producto, tipo, cod_prod_proveedor, cod_barras, id_marca, id_subclase, nombre_generico, nombre_comercial, descripcion, src_imagen, usuario_creacion, fecha_creacion, usuario_modificacion, fecha_modificacion, estado, id_tipoafectacionigv, codigo_sunat) VALUES ('PD00000320', 'B', '', '', 1, 29, '', 'PIÑONES SIMPLES DE 28 DIENTES PASO 1/2 ASA 40', '', NULL, 'DCRUZ', '2018-01-26 12:43:17.91', NULL, NULL, 'A', 1, NULL);
INSERT INTO isos.producto (cod_producto, tipo, cod_prod_proveedor, cod_barras, id_marca, id_subclase, nombre_generico, nombre_comercial, descripcion, src_imagen, usuario_creacion, fecha_creacion, usuario_modificacion, fecha_modificacion, estado, id_tipoafectacionigv, codigo_sunat) VALUES ('PD00000321', 'B', '', '', 1, 25, '', 'TUBO NEGRO CUADRADO 2”X2"X1.5MM(50MMX50MM)', '', NULL, 'DCRUZ', '2018-01-26 12:43:17.91', NULL, NULL, 'A', 1, NULL);
INSERT INTO isos.producto (cod_producto, tipo, cod_prod_proveedor, cod_barras, id_marca, id_subclase, nombre_generico, nombre_comercial, descripcion, src_imagen, usuario_creacion, fecha_creacion, usuario_modificacion, fecha_modificacion, estado, id_tipoafectacionigv, codigo_sunat) VALUES ('PD00000322', 'B', '', '', 1, 29, '', 'PIÑONES SIMPLES DE 30 DIENTES PASO 5/8" ASA 50', '', NULL, 'DCRUZ', '2018-01-26 12:43:17.91', NULL, NULL, 'A', 1, NULL);
INSERT INTO isos.producto (cod_producto, tipo, cod_prod_proveedor, cod_barras, id_marca, id_subclase, nombre_generico, nombre_comercial, descripcion, src_imagen, usuario_creacion, fecha_creacion, usuario_modificacion, fecha_modificacion, estado, id_tipoafectacionigv, codigo_sunat) VALUES ('PD00000323', 'B', '', '', 1, 29, '', 'PIÑONES SIMPLES DE 13 DIENTES PASO 5/8" ASA 50', '', NULL, 'DCRUZ', '2018-01-26 12:43:17.91', NULL, NULL, 'A', 1, NULL);
INSERT INTO isos.producto (cod_producto, tipo, cod_prod_proveedor, cod_barras, id_marca, id_subclase, nombre_generico, nombre_comercial, descripcion, src_imagen, usuario_creacion, fecha_creacion, usuario_modificacion, fecha_modificacion, estado, id_tipoafectacionigv, codigo_sunat) VALUES ('PD00000324', 'B', '', '', 1, 26, '', 'TUBO NEGRO RECTANGULAR 50MMX25MMX1.5MMX6MT(2”X1”)', '', NULL, 'DCRUZ', '2018-01-26 12:43:17.91', NULL, NULL, 'A', 1, NULL);
INSERT INTO isos.producto (cod_producto, tipo, cod_prod_proveedor, cod_barras, id_marca, id_subclase, nombre_generico, nombre_comercial, descripcion, src_imagen, usuario_creacion, fecha_creacion, usuario_modificacion, fecha_modificacion, estado, id_tipoafectacionigv, codigo_sunat) VALUES ('PD00000325', 'B', '', '', 1, 10, '', 'PLANCHA INOXIDABLE C-304 4.50MMX1220X2440 2B (3/16)', '', NULL, 'DCRUZ', '2018-01-26 12:43:17.91', NULL, NULL, 'A', 1, NULL);
INSERT INTO isos.producto (cod_producto, tipo, cod_prod_proveedor, cod_barras, id_marca, id_subclase, nombre_generico, nombre_comercial, descripcion, src_imagen, usuario_creacion, fecha_creacion, usuario_modificacion, fecha_modificacion, estado, id_tipoafectacionigv, codigo_sunat) VALUES ('PD00000326', 'B', '', '', 1, 2, '', 'ANGULO 3/8X2 1/2X6MT', '', NULL, 'DCRUZ', '2018-01-26 12:43:17.91', NULL, NULL, 'A', 1, NULL);
INSERT INTO isos.producto (cod_producto, tipo, cod_prod_proveedor, cod_barras, id_marca, id_subclase, nombre_generico, nombre_comercial, descripcion, src_imagen, usuario_creacion, fecha_creacion, usuario_modificacion, fecha_modificacion, estado, id_tipoafectacionigv, codigo_sunat) VALUES ('PD00000327', 'B', '', '', 1, 11, '', 'PLANCHA NEGRA 1/40 X1200X2400(0.6MM)', '', NULL, 'DCRUZ', '2018-01-26 12:43:17.91', NULL, NULL, 'A', 1, NULL);
INSERT INTO isos.producto (cod_producto, tipo, cod_prod_proveedor, cod_barras, id_marca, id_subclase, nombre_generico, nombre_comercial, descripcion, src_imagen, usuario_creacion, fecha_creacion, usuario_modificacion, fecha_modificacion, estado, id_tipoafectacionigv, codigo_sunat) VALUES ('PD00000328', 'B', '', '', 1, 20, '', 'TUBO AC INOXIDABLE SCH40 1" X 6MT', '', NULL, 'DCRUZ', '2018-01-26 12:43:17.91', NULL, NULL, 'A', 1, NULL);
INSERT INTO isos.producto (cod_producto, tipo, cod_prod_proveedor, cod_barras, id_marca, id_subclase, nombre_generico, nombre_comercial, descripcion, src_imagen, usuario_creacion, fecha_creacion, usuario_modificacion, fecha_modificacion, estado, id_tipoafectacionigv, codigo_sunat) VALUES ('PD00000329', 'B', '', '', 1, 41, '', 'CODOS SOLDABLES NEGRO 2"X90`', '', NULL, 'DCRUZ', '2018-01-26 12:43:17.91', NULL, NULL, 'A', 1, NULL);
INSERT INTO isos.producto (cod_producto, tipo, cod_prod_proveedor, cod_barras, id_marca, id_subclase, nombre_generico, nombre_comercial, descripcion, src_imagen, usuario_creacion, fecha_creacion, usuario_modificacion, fecha_modificacion, estado, id_tipoafectacionigv, codigo_sunat) VALUES ('PD00000330', 'B', '', '', 1, 5, '', 'VIGA H A-36 4”X13 LBS/PIEX6MT', '', NULL, 'DCRUZ', '2018-01-26 12:43:17.91', NULL, NULL, 'A', 1, NULL);
INSERT INTO isos.producto (cod_producto, tipo, cod_prod_proveedor, cod_barras, id_marca, id_subclase, nombre_generico, nombre_comercial, descripcion, src_imagen, usuario_creacion, fecha_creacion, usuario_modificacion, fecha_modificacion, estado, id_tipoafectacionigv, codigo_sunat) VALUES ('PD00000331', 'B', '', '', 1, 27, '', 'TUBO REDONDO LAC 1 1/2"X2.0X6.0M', '', NULL, 'DCRUZ', '2018-01-26 12:43:17.91', NULL, NULL, 'A', 1, NULL);
INSERT INTO isos.producto (cod_producto, tipo, cod_prod_proveedor, cod_barras, id_marca, id_subclase, nombre_generico, nombre_comercial, descripcion, src_imagen, usuario_creacion, fecha_creacion, usuario_modificacion, fecha_modificacion, estado, id_tipoafectacionigv, codigo_sunat) VALUES ('PD00000332', 'B', '', '', 1, 25, '', 'TUBO NEGRO CUADRADO 3/4"X3/4"X1.5MM', '', NULL, 'DCRUZ', '2018-01-26 12:43:17.91', NULL, NULL, 'A', 1, NULL);
INSERT INTO isos.producto (cod_producto, tipo, cod_prod_proveedor, cod_barras, id_marca, id_subclase, nombre_generico, nombre_comercial, descripcion, src_imagen, usuario_creacion, fecha_creacion, usuario_modificacion, fecha_modificacion, estado, id_tipoafectacionigv, codigo_sunat) VALUES ('PD00000334', 'B', '', '', 1, 26, '', 'TUBO NEGRO RECTANGULAR 1/2"X1 1/2"X1.5', '', NULL, 'DCRUZ', '2018-01-26 12:43:17.91', NULL, NULL, 'A', 1, NULL);
INSERT INTO isos.producto (cod_producto, tipo, cod_prod_proveedor, cod_barras, id_marca, id_subclase, nombre_generico, nombre_comercial, descripcion, src_imagen, usuario_creacion, fecha_creacion, usuario_modificacion, fecha_modificacion, estado, id_tipoafectacionigv, codigo_sunat) VALUES ('PD00000335', 'B', '', '', 1, 15, '', 'BARRA CUADRADA 5/8"X6M', '', NULL, 'DCRUZ', '2018-01-26 12:43:17.91', NULL, NULL, 'A', 1, NULL);
INSERT INTO isos.producto (cod_producto, tipo, cod_prod_proveedor, cod_barras, id_marca, id_subclase, nombre_generico, nombre_comercial, descripcion, src_imagen, usuario_creacion, fecha_creacion, usuario_modificacion, fecha_modificacion, estado, id_tipoafectacionigv, codigo_sunat) VALUES ('PD00000336', 'B', '', '', 1, 43, '', 'BISAGRAS 6"X5/8', '', NULL, 'DCRUZ', '2018-01-26 12:43:17.91', NULL, NULL, 'A', 1, NULL);
INSERT INTO isos.producto (cod_producto, tipo, cod_prod_proveedor, cod_barras, id_marca, id_subclase, nombre_generico, nombre_comercial, descripcion, src_imagen, usuario_creacion, fecha_creacion, usuario_modificacion, fecha_modificacion, estado, id_tipoafectacionigv, codigo_sunat) VALUES ('PD00000337', 'B', '', '', 1, 42, '', 'GARRUCHAS PARA RIEL STANLEY 2"X2 RUEDAS', '', NULL, 'DCRUZ', '2018-01-26 12:43:17.91', NULL, NULL, 'A', 1, NULL);
INSERT INTO isos.producto (cod_producto, tipo, cod_prod_proveedor, cod_barras, id_marca, id_subclase, nombre_generico, nombre_comercial, descripcion, src_imagen, usuario_creacion, fecha_creacion, usuario_modificacion, fecha_modificacion, estado, id_tipoafectacionigv, codigo_sunat) VALUES ('PD00000338', 'B', '', '', 1, 22, '', 'TUBO NEGRO SCH40 A53-A106-API S/C 5"X6.0MT', '', NULL, 'DCRUZ', '2018-01-26 12:43:17.91', NULL, NULL, 'A', 1, NULL);
INSERT INTO isos.producto (cod_producto, tipo, cod_prod_proveedor, cod_barras, id_marca, id_subclase, nombre_generico, nombre_comercial, descripcion, src_imagen, usuario_creacion, fecha_creacion, usuario_modificacion, fecha_modificacion, estado, id_tipoafectacionigv, codigo_sunat) VALUES ('PD00000339', 'B', '', '', 1, 28, '', 'TUBO GALVANIZADO 2"X2.0X6M', '', NULL, 'DCRUZ', '2018-01-26 12:43:17.91', NULL, NULL, 'A', 1, NULL);
INSERT INTO isos.producto (cod_producto, tipo, cod_prod_proveedor, cod_barras, id_marca, id_subclase, nombre_generico, nombre_comercial, descripcion, src_imagen, usuario_creacion, fecha_creacion, usuario_modificacion, fecha_modificacion, estado, id_tipoafectacionigv, codigo_sunat) VALUES ('PD00000340', 'B', '', '', 1, 4, '', 'TEE 1/8 X 3/4X6MT', '', NULL, 'DCRUZ', '2018-01-26 12:43:17.91', NULL, NULL, 'A', 1, NULL);
INSERT INTO isos.producto (cod_producto, tipo, cod_prod_proveedor, cod_barras, id_marca, id_subclase, nombre_generico, nombre_comercial, descripcion, src_imagen, usuario_creacion, fecha_creacion, usuario_modificacion, fecha_modificacion, estado, id_tipoafectacionigv, codigo_sunat) VALUES ('PD00000341', 'B', '', '', 1, 28, '', 'TUBO GALVANIZADO REDONDO 2"X2.9MMX6.40MT', '', NULL, 'DCRUZ', '2018-01-26 12:43:17.91', NULL, NULL, 'A', 1, NULL);
INSERT INTO isos.producto (cod_producto, tipo, cod_prod_proveedor, cod_barras, id_marca, id_subclase, nombre_generico, nombre_comercial, descripcion, src_imagen, usuario_creacion, fecha_creacion, usuario_modificacion, fecha_modificacion, estado, id_tipoafectacionigv, codigo_sunat) VALUES ('PD00000342', 'B', '', '', 1, 28, '', 'TUBO GALVANIZADO REDONDO 2"X2.0X6.40MT', '', NULL, 'DCRUZ', '2018-01-26 12:43:17.91', NULL, NULL, 'A', 1, NULL);
INSERT INTO isos.producto (cod_producto, tipo, cod_prod_proveedor, cod_barras, id_marca, id_subclase, nombre_generico, nombre_comercial, descripcion, src_imagen, usuario_creacion, fecha_creacion, usuario_modificacion, fecha_modificacion, estado, id_tipoafectacionigv, codigo_sunat) VALUES ('PD00000343', 'B', '', '', 1, 10, '', 'PLANCHA INOXIDABLE C-304 CON BRILLO 1.2MMX1220X2440 2B (1/20)', '', NULL, 'DCRUZ', '2018-01-26 12:43:17.91', NULL, NULL, 'A', 1, NULL);
INSERT INTO isos.producto (cod_producto, tipo, cod_prod_proveedor, cod_barras, id_marca, id_subclase, nombre_generico, nombre_comercial, descripcion, src_imagen, usuario_creacion, fecha_creacion, usuario_modificacion, fecha_modificacion, estado, id_tipoafectacionigv, codigo_sunat) VALUES ('PD00000344', 'B', '', '', 1, 5, '', 'VIGA H A-36 6”X15 LBS/PIEX6MT', '', NULL, 'DCRUZ', '2018-01-26 12:43:17.91', NULL, NULL, 'A', 1, NULL);
INSERT INTO isos.producto (cod_producto, tipo, cod_prod_proveedor, cod_barras, id_marca, id_subclase, nombre_generico, nombre_comercial, descripcion, src_imagen, usuario_creacion, fecha_creacion, usuario_modificacion, fecha_modificacion, estado, id_tipoafectacionigv, codigo_sunat) VALUES ('PD00000345', 'B', '', '', 1, 3, '', 'PLATINA 3/4"X1/4"X6M', '', NULL, 'DCRUZ', '2018-01-26 12:43:17.91', NULL, NULL, 'A', 1, NULL);
INSERT INTO isos.producto (cod_producto, tipo, cod_prod_proveedor, cod_barras, id_marca, id_subclase, nombre_generico, nombre_comercial, descripcion, src_imagen, usuario_creacion, fecha_creacion, usuario_modificacion, fecha_modificacion, estado, id_tipoafectacionigv, codigo_sunat) VALUES ('PD00000346', 'B', '', '', 1, 27, '', 'TUBO REDONDO LAC 1/2"X2.0X6.40MT', '', NULL, 'DCRUZ', '2018-01-26 12:43:17.91', NULL, NULL, 'A', 1, NULL);
INSERT INTO isos.producto (cod_producto, tipo, cod_prod_proveedor, cod_barras, id_marca, id_subclase, nombre_generico, nombre_comercial, descripcion, src_imagen, usuario_creacion, fecha_creacion, usuario_modificacion, fecha_modificacion, estado, id_tipoafectacionigv, codigo_sunat) VALUES ('PD00000347', 'B', '', '', 1, 28, '', 'TUBO GALVANIZADO LIV. 1/2"X2.0X6.40M SIN ROSCA', '', NULL, 'DCRUZ', '2018-01-26 12:43:17.91', NULL, NULL, 'A', 1, NULL);
INSERT INTO isos.producto (cod_producto, tipo, cod_prod_proveedor, cod_barras, id_marca, id_subclase, nombre_generico, nombre_comercial, descripcion, src_imagen, usuario_creacion, fecha_creacion, usuario_modificacion, fecha_modificacion, estado, id_tipoafectacionigv, codigo_sunat) VALUES ('PD00000348', 'B', '', '', 1, 3, '', 'PLATINA 1/2"X1 1/2"X6M', '', NULL, 'DCRUZ', '2018-01-26 12:43:17.91', NULL, NULL, 'A', 1, NULL);
INSERT INTO isos.producto (cod_producto, tipo, cod_prod_proveedor, cod_barras, id_marca, id_subclase, nombre_generico, nombre_comercial, descripcion, src_imagen, usuario_creacion, fecha_creacion, usuario_modificacion, fecha_modificacion, estado, id_tipoafectacionigv, codigo_sunat) VALUES ('PD00000349', 'B', '', '', 1, 27, '', 'TUBO REDONDO LAC 2 1/2"X2.0X6.40M CON ROSCA', '', NULL, 'DCRUZ', '2018-01-26 12:43:17.91', NULL, NULL, 'A', 1, NULL);
INSERT INTO isos.producto (cod_producto, tipo, cod_prod_proveedor, cod_barras, id_marca, id_subclase, nombre_generico, nombre_comercial, descripcion, src_imagen, usuario_creacion, fecha_creacion, usuario_modificacion, fecha_modificacion, estado, id_tipoafectacionigv, codigo_sunat) VALUES ('PD00000350', 'B', '', '', 1, 27, '', 'TUBO REDONDO LAC 1"X2.5X6.0MT (25MM)', '', NULL, 'DCRUZ', '2018-01-26 12:43:17.91', NULL, NULL, 'A', 1, NULL);
INSERT INTO isos.producto (cod_producto, tipo, cod_prod_proveedor, cod_barras, id_marca, id_subclase, nombre_generico, nombre_comercial, descripcion, src_imagen, usuario_creacion, fecha_creacion, usuario_modificacion, fecha_modificacion, estado, id_tipoafectacionigv, codigo_sunat) VALUES ('PD00000351', 'B', '', '', 1, 28, '', 'TUBO GALVANIZADO REDONDO 1/2"X2.0MMX6.0MT', '', NULL, 'DCRUZ', '2018-01-26 12:43:17.91', NULL, NULL, 'A', 1, NULL);
INSERT INTO isos.producto (cod_producto, tipo, cod_prod_proveedor, cod_barras, id_marca, id_subclase, nombre_generico, nombre_comercial, descripcion, src_imagen, usuario_creacion, fecha_creacion, usuario_modificacion, fecha_modificacion, estado, id_tipoafectacionigv, codigo_sunat) VALUES ('PD00000352', 'B', '', '', 1, 19, '', 'REDONDO LISO SAE 1045 2”X6MT', '', NULL, 'DCRUZ', '2018-01-26 12:43:17.91', NULL, NULL, 'A', 1, NULL);
INSERT INTO isos.producto (cod_producto, tipo, cod_prod_proveedor, cod_barras, id_marca, id_subclase, nombre_generico, nombre_comercial, descripcion, src_imagen, usuario_creacion, fecha_creacion, usuario_modificacion, fecha_modificacion, estado, id_tipoafectacionigv, codigo_sunat) VALUES ('PD00000353', 'B', '', '', 1, 19, '', 'REDONDO LISO SAE 1045 1 3/4"X6MT', '', NULL, 'DCRUZ', '2018-01-26 12:43:17.91', NULL, NULL, 'A', 1, NULL);
INSERT INTO isos.producto (cod_producto, tipo, cod_prod_proveedor, cod_barras, id_marca, id_subclase, nombre_generico, nombre_comercial, descripcion, src_imagen, usuario_creacion, fecha_creacion, usuario_modificacion, fecha_modificacion, estado, id_tipoafectacionigv, codigo_sunat) VALUES ('PD00000354', 'B', '', '', 1, 26, '', 'TUBO NEGRO RECTANGULAR 20MMX40MMX2MMX6M', '', NULL, 'DCRUZ', '2018-01-26 12:43:17.91', NULL, NULL, 'A', 1, NULL);
INSERT INTO isos.producto (cod_producto, tipo, cod_prod_proveedor, cod_barras, id_marca, id_subclase, nombre_generico, nombre_comercial, descripcion, src_imagen, usuario_creacion, fecha_creacion, usuario_modificacion, fecha_modificacion, estado, id_tipoafectacionigv, codigo_sunat) VALUES ('PD00000355', 'B', '', '', 1, 32, '', 'EJE CALIBRADO BOHOLER H-1045 5/8"X6M', '', NULL, 'DCRUZ', '2018-01-26 12:43:17.91', NULL, NULL, 'A', 1, NULL);
INSERT INTO isos.producto (cod_producto, tipo, cod_prod_proveedor, cod_barras, id_marca, id_subclase, nombre_generico, nombre_comercial, descripcion, src_imagen, usuario_creacion, fecha_creacion, usuario_modificacion, fecha_modificacion, estado, id_tipoafectacionigv, codigo_sunat) VALUES ('PD00000356', 'B', '', '', 1, 21, '', 'TUBO INOXIDABLE SCH80 A-312 C-316 S/C 1 1/4"', '', NULL, 'DCRUZ', '2018-01-26 12:43:17.91', NULL, NULL, 'A', 1, NULL);
INSERT INTO isos.producto (cod_producto, tipo, cod_prod_proveedor, cod_barras, id_marca, id_subclase, nombre_generico, nombre_comercial, descripcion, src_imagen, usuario_creacion, fecha_creacion, usuario_modificacion, fecha_modificacion, estado, id_tipoafectacionigv, codigo_sunat) VALUES ('PD00000357', 'B', '', '', 1, 21, '', 'TUBO INOXIDABLE SCH80 A-312 C-304 S/C 1 1/4"', '', NULL, 'DCRUZ', '2018-01-26 12:43:17.91', NULL, NULL, 'A', 1, NULL);
INSERT INTO isos.producto (cod_producto, tipo, cod_prod_proveedor, cod_barras, id_marca, id_subclase, nombre_generico, nombre_comercial, descripcion, src_imagen, usuario_creacion, fecha_creacion, usuario_modificacion, fecha_modificacion, estado, id_tipoafectacionigv, codigo_sunat) VALUES ('PD00000358', 'B', '', '', 1, 33, '', 'EJE CALIBRADO 5/8"X6.05M', '', NULL, 'DCRUZ', '2018-01-26 12:43:17.91', NULL, NULL, 'A', 1, NULL);
INSERT INTO isos.producto (cod_producto, tipo, cod_prod_proveedor, cod_barras, id_marca, id_subclase, nombre_generico, nombre_comercial, descripcion, src_imagen, usuario_creacion, fecha_creacion, usuario_modificacion, fecha_modificacion, estado, id_tipoafectacionigv, codigo_sunat) VALUES ('PD00000359', 'B', '', '', 1, 33, '', 'EJE CALIBRADO 7/8"X5.30M', '', NULL, 'DCRUZ', '2018-01-26 12:43:17.91', NULL, NULL, 'A', 1, NULL);
INSERT INTO isos.producto (cod_producto, tipo, cod_prod_proveedor, cod_barras, id_marca, id_subclase, nombre_generico, nombre_comercial, descripcion, src_imagen, usuario_creacion, fecha_creacion, usuario_modificacion, fecha_modificacion, estado, id_tipoafectacionigv, codigo_sunat) VALUES ('PD00000360', 'B', '', '', 1, 33, '', 'EJE CALIBRADO 1"X6.10M', '', NULL, 'DCRUZ', '2018-01-26 12:43:17.91', NULL, NULL, 'A', 1, NULL);
INSERT INTO isos.producto (cod_producto, tipo, cod_prod_proveedor, cod_barras, id_marca, id_subclase, nombre_generico, nombre_comercial, descripcion, src_imagen, usuario_creacion, fecha_creacion, usuario_modificacion, fecha_modificacion, estado, id_tipoafectacionigv, codigo_sunat) VALUES ('PD00000361', 'B', '', '', 1, 33, '', 'EJE CALIBRADO 1 1/2"X5.90M', '', NULL, 'DCRUZ', '2018-01-26 12:43:17.91', NULL, NULL, 'A', 1, NULL);
INSERT INTO isos.producto (cod_producto, tipo, cod_prod_proveedor, cod_barras, id_marca, id_subclase, nombre_generico, nombre_comercial, descripcion, src_imagen, usuario_creacion, fecha_creacion, usuario_modificacion, fecha_modificacion, estado, id_tipoafectacionigv, codigo_sunat) VALUES ('PD00000362', 'B', '', '', 1, 33, '', 'EJE CALIBRADO 2"X5.95M', '', NULL, 'DCRUZ', '2018-01-26 12:43:17.91', NULL, NULL, 'A', 1, NULL);
INSERT INTO isos.producto (cod_producto, tipo, cod_prod_proveedor, cod_barras, id_marca, id_subclase, nombre_generico, nombre_comercial, descripcion, src_imagen, usuario_creacion, fecha_creacion, usuario_modificacion, fecha_modificacion, estado, id_tipoafectacionigv, codigo_sunat) VALUES ('PD00000262', 'B', '', '', 2, 54, '', 'CANALETAS', '', NULL, 'DCRUZ', '2018-04-18 16:20:43.015', NULL, NULL, 'A', 1, NULL);
INSERT INTO isos.producto (cod_producto, tipo, cod_prod_proveedor, cod_barras, id_marca, id_subclase, nombre_generico, nombre_comercial, descripcion, src_imagen, usuario_creacion, fecha_creacion, usuario_modificacion, fecha_modificacion, estado, id_tipoafectacionigv, codigo_sunat) VALUES ('PD00000269', 'B', '', '', 4, 53, '', 'IMPRESORA LX350', '', NULL, 'DCRUZ', '2018-04-18 17:04:14.681', NULL, NULL, 'A', 1, NULL);
INSERT INTO isos.producto (cod_producto, tipo, cod_prod_proveedor, cod_barras, id_marca, id_subclase, nombre_generico, nombre_comercial, descripcion, src_imagen, usuario_creacion, fecha_creacion, usuario_modificacion, fecha_modificacion, estado, id_tipoafectacionigv, codigo_sunat) VALUES ('S000000019', 'S', '', NULL, NULL, 50, '', 'TARJETA PERSONAL', '', NULL, 'RHUAMAN', '2018-04-04 16:06:30.758', 'DCRUZ', '2018-05-17 18:19:41.045', 'A', 1, NULL);
INSERT INTO isos.producto (cod_producto, tipo, cod_prod_proveedor, cod_barras, id_marca, id_subclase, nombre_generico, nombre_comercial, descripcion, src_imagen, usuario_creacion, fecha_creacion, usuario_modificacion, fecha_modificacion, estado, id_tipoafectacionigv, codigo_sunat) VALUES ('S000000016', 'S', '', NULL, NULL, 50, '', 'FOTOCHECK', '', NULL, 'DCRUZ', '2018-05-17 18:23:53.135', NULL, NULL, 'A', 1, NULL);
INSERT INTO isos.producto (cod_producto, tipo, cod_prod_proveedor, cod_barras, id_marca, id_subclase, nombre_generico, nombre_comercial, descripcion, src_imagen, usuario_creacion, fecha_creacion, usuario_modificacion, fecha_modificacion, estado, id_tipoafectacionigv, codigo_sunat) VALUES ('PD00000333', 'B', '', '', 1, 26, '', 'TUBO NEGRO RECTANGULAR 100MMX50MMX2.5MM(4"X2")', '', NULL, 'DCRUZ', '2018-01-26 12:43:17.91', 'DCRUZ', '2018-04-05 13:17:48.058', 'A', 1, NULL);
INSERT INTO isos.producto (cod_producto, tipo, cod_prod_proveedor, cod_barras, id_marca, id_subclase, nombre_generico, nombre_comercial, descripcion, src_imagen, usuario_creacion, fecha_creacion, usuario_modificacion, fecha_modificacion, estado, id_tipoafectacionigv, codigo_sunat) VALUES ('PD00000252', 'B', '', '', 1, 54, '', 'KEYPAD CON RECEPTOR INCORPORADO INALAMBRICO DSC', '', NULL, 'DCRUZ', '2018-04-18 15:37:14.694', 'DCRUZ', '2018-04-18 15:51:16.481', 'A', 1, NULL);
INSERT INTO isos.producto (cod_producto, tipo, cod_prod_proveedor, cod_barras, id_marca, id_subclase, nombre_generico, nombre_comercial, descripcion, src_imagen, usuario_creacion, fecha_creacion, usuario_modificacion, fecha_modificacion, estado, id_tipoafectacionigv, codigo_sunat) VALUES ('PD00000253', 'B', '', '', 1, 54, '', 'KIT BÁSICO', '', NULL, 'DCRUZ', '2018-04-18 15:38:26.555', 'DCRUZ', '2018-04-18 15:51:33.848', 'A', 1, NULL);
INSERT INTO isos.producto (cod_producto, tipo, cod_prod_proveedor, cod_barras, id_marca, id_subclase, nombre_generico, nombre_comercial, descripcion, src_imagen, usuario_creacion, fecha_creacion, usuario_modificacion, fecha_modificacion, estado, id_tipoafectacionigv, codigo_sunat) VALUES ('PD00000254', 'B', '', '', 1, 54, '', 'SENSOR DE MOVIMIENTO INALAMRICO', '', NULL, 'DCRUZ', '2018-04-18 15:41:08.868', 'DCRUZ', '2018-04-18 15:51:53.22', 'A', 1, NULL);
INSERT INTO isos.producto (cod_producto, tipo, cod_prod_proveedor, cod_barras, id_marca, id_subclase, nombre_generico, nombre_comercial, descripcion, src_imagen, usuario_creacion, fecha_creacion, usuario_modificacion, fecha_modificacion, estado, id_tipoafectacionigv, codigo_sunat) VALUES ('PD00000272', 'B', '', '', 1, 45, '', 'CANASTA NAVIDEÑA "DULCE NAVIDAD"', '', NULL, 'DCRUZ', '2018-05-28 15:56:38.406', NULL, NULL, 'A', 1, NULL);
INSERT INTO isos.producto (cod_producto, tipo, cod_prod_proveedor, cod_barras, id_marca, id_subclase, nombre_generico, nombre_comercial, descripcion, src_imagen, usuario_creacion, fecha_creacion, usuario_modificacion, fecha_modificacion, estado, id_tipoafectacionigv, codigo_sunat) VALUES ('PD00000247', 'B', '', '', 1, 33, '', 'EJE CALIBRADO 1 1/2"X5.95M', '', NULL, 'DCRUZ', '2018-01-26 12:43:17.91', 'DCRUZ', '2018-04-10 15:34:36.019', 'A', 1, NULL);
